-- Table structure for table `campaign_order_deliveries`
--

CREATE TABLE `campaign_order_deliveries` (
  `id` bigint UNSIGNED NOT NULL,
  `campaign_id` bigint UNSIGNED NOT NULL,
  `order_id` bigint UNSIGNED NOT NULL,
  `tracking_id` mediumtext CHARACTER SET utf8mb4 COLLATE utf8mb4_unicode_ci,
  `tracking_url` mediumtext CHARACTER SET utf8mb4 COLLATE utf8mb4_unicode_ci,
  `delivery_note` mediumtext CHARACTER SET utf8mb4 COLLATE utf8mb4_unicode_ci,
  `shipped_at` timestamp NULL DEFAULT NULL,
  `delivered_at` timestamp NULL DEFAULT NULL,
  `status` tinyint NOT NULL DEFAULT '1' COMMENT '1:Processing, 2:Shipped, 3:Delivered, 4:Product used to get another ticket',
  `deleted_at` timestamp NULL DEFAULT NULL,
  `created_at` timestamp NULL DEFAULT NULL,
  `updated_at` timestamp NULL DEFAULT NULL
) ENGINE=InnoDB DEFAULT CHARSET=utf8mb4 COLLATE=utf8mb4_unicode_ci;

-- --------------------------------------------------------

--
-- Table structure for table `campaign_prizes`
--

CREATE TABLE `campaign_prizes` (
  `id` bigint UNSIGNED NOT NULL,
  `prize_name` varchar(255) CHARACTER SET utf8mb4 COLLATE utf8mb4_unicode_ci NOT NULL,
  `prize_description` mediumtext CHARACTER SET utf8mb4 COLLATE utf8mb4_unicode_ci NOT NULL,
  `campaign_id` bigint UNSIGNED NOT NULL,
  `prize_id` bigint UNSIGNED NOT NULL,
  `deleted_at` timestamp NULL DEFAULT NULL,
  `created_at` timestamp NULL DEFAULT NULL,
  `updated_at` timestamp NULL DEFAULT NULL
) ENGINE=InnoDB DEFAULT CHARSET=utf8mb4 COLLATE=utf8mb4_unicode_ci;

--
-- Dumping data for table `campaign_prizes`
--

INSERT INTO `campaign_prizes` (`id`, `prize_name`, `prize_description`, `campaign_id`, `prize_id`, `deleted_at`, `created_at`, `updated_at`) VALUES
(1, 'Prize 1', 'Lorem ipsum dolor sit amet, consectetur adipiscing elit, sed do eiusmod tempor incididunt ut labore et dolore magna aliqua. Ut enim ad minim veniam, quis nostrud exercitation ullamco laboris nisi ut aliquip ex ea commodo consequat. Duis aute irure dolor in reprehenderit in voluptate velit esse cillum dolore eu fugiat nulla pariatur. Excepteur sint occaecat cupidatat non proident, sunt in culpa qui officia deserunt mollit anim id est laborum.', 1, 1, NULL, '2022-06-29 09:21:45', '2022-06-29 09:21:45'),
(2, 'Prize 2', 'Lorem ipsum dolor sit amet, consectetur adipiscing elit, sed do eiusmod tempor incididunt ut labore et dolore magna aliqua. Ut enim ad minim veniam, quis nostrud exercitation ullamco laboris nisi ut aliquip ex ea commodo consequat. Duis aute irure dolor in reprehenderit in voluptate velit esse cillum dolore eu fugiat nulla pariatur. Excepteur sint occaecat cupidatat non proident, sunt in culpa qui officia deserunt mollit anim id est laborum.', 2, 2, NULL, '2022-06-29 09:21:45', '2022-06-29 09:21:45'),
(3, 'Prize 3', 'Lorem ipsum dolor sit amet, consectetur adipiscing elit, sed do eiusmod tempor incididunt ut labore et dolore magna aliqua. Ut enim ad minim veniam, quis nostrud exercitation ullamco laboris nisi ut aliquip ex ea commodo consequat. Duis aute irure dolor in reprehenderit in voluptate velit esse cillum dolore eu fugiat nulla pariatur. Excepteur sint occaecat cupidatat non proident, sunt in culpa qui officia deserunt mollit anim id est laborum.', 3, 3, NULL, '2022-06-29 09:21:45', '2022-06-29 09:21:45'),
(4, 'Prize 3', 'Lorem ipsum dolor sit amet, consectetur adipiscing elit, sed do eiusmod tempor incididunt ut labore et dolore magna aliqua. Ut enim ad minim veniam, quis nostrud exercitation ullamco laboris nisi ut aliquip ex ea commodo consequat. Duis aute irure dolor in reprehenderit in voluptate velit esse cillum dolore eu fugiat nulla pariatur. Excepteur sint occaecat cupidatat non proident, sunt in culpa qui officia deserunt mollit anim id est laborum.', 4, 3, NULL, '2022-06-29 09:21:45', '2022-06-29 09:21:45'),
(5, 'Prize 3', 'Lorem ipsum dolor sit amet, consectetur adipiscing elit, sed do eiusmod tempor incididunt ut labore et dolore magna aliqua. Ut enim ad minim veniam, quis nostrud exercitation ullamco laboris nisi ut aliquip ex ea commodo consequat. Duis aute irure dolor in reprehenderit in voluptate velit esse cillum dolore eu fugiat nulla pariatur. Excepteur sint occaecat cupidatat non proident, sunt in culpa qui officia deserunt mollit anim id est laborum.', 5, 3, NULL, '2022-06-29 09:50:25', '2022-06-29 09:50:25'),
(6, 'Flat', 'Lorem ipsum dolor sit amet, consectetur adipiscing elit. Cras nisi felis, iaculis in enim eget, ornare mattis metus. Nam ligula nibh, ullamcorper non odio sed, interdum ultricies augue. Phasellus interdum aliquet nibh ac gravida. Pellentesque pellentesque id lacus a suscipit. Sed vel tincidunt enim, ac blandit purus. Vivamus varius a turpis at laoreet. Nam et hendrerit ligula. Integer augue dui, luctus quis congue in, ornare placerat ligula. Vestibulum ornare nisi sed purus mattis, et faucibus purus malesuada. Duis tortor mi, commodo in pharetra eu, maximus sit amet felis. Suspendisse vestibulum scelerisque tincidunt.', 6, 4, NULL, '2022-07-05 09:42:34', '2022-07-05 09:42:34'),
(7, 'Car', 'Lorem ipsum dolor sit amet, consectetur adipiscing elit. Cras nisi felis, iaculis in enim eget, ornare mattis metus. Nam ligula nibh, ullamcorper non odio sed, interdum ultricies augue. Phasellus interdum aliquet nibh ac gravida. Pellentesque pellentesque id lacus a suscipit. Sed vel tincidunt enim, ac blandit purus. Vivamus varius a turpis at laoreet. Nam et hendrerit ligula. Integer augue dui, luctus quis congue in, ornare placerat ligula. Vestibulum ornare nisi sed purus mattis, et faucibus purus malesuada. Duis tortor mi, commodo in pharetra eu, maximus sit amet felis. Suspendisse vestibulum scelerisque tincidunt.', 7, 5, NULL, '2022-07-05 09:45:45', '2022-07-05 09:45:45'),
(8, 'Flat', 'Lorem ipsum dolor sit amet, consectetur adipiscing elit. Cras nisi felis, iaculis in enim eget, ornare mattis metus. Nam ligula nibh, ullamcorper non odio sed, interdum ultricies augue. Phasellus interdum aliquet nibh ac gravida. Pellentesque pellentesque id lacus a suscipit. Sed vel tincidunt enim, ac blandit purus. Vivamus varius a turpis at laoreet. Nam et hendrerit ligula. Integer augue dui, luctus quis congue in, ornare placerat ligula. Vestibulum ornare nisi sed purus mattis, et faucibus purus malesuada. Duis tortor mi, commodo in pharetra eu, maximus sit amet felis. Suspendisse vestibulum scelerisque tincidunt.', 8, 4, NULL, '2022-07-27 11:35:52', '2022-07-27 11:35:52'),
(9, 'Prize 1', 'Lorem ipsum dolor sit amet, consectetur adipiscing elit, sed do eiusmod tempor incididunt ut labore et dolore magna aliqua. Ut enim ad minim veniam, quis nostrud exercitation ullamco laboris nisi ut aliquip ex ea commodo consequat. Duis aute irure dolor in reprehenderit in voluptate velit esse cillum dolore eu fugiat nulla pariatur. Excepteur sint occaecat cupidatat non proident, sunt in culpa qui officia deserunt mollit anim id est laborum.', 9, 1, NULL, '2022-08-01 09:26:18', '2022-08-01 09:26:18'),
(10, 'Piaget Polo G0A46020 Date White Dial Diamond Bezel 36mm 18k Rose Gold Unisex Watch', 'The Piaget Polo G0A46020 features Rose Gold case with Rose Gold watch band. Folding clasp. Diamond Set bezel. Dial description: Rose Gold hands and Diamond Index hour markers with minute markers around the outer rim on a White Guilloche dial. Automatic movement. Powered by Piaget 500P1 engine with 40 hours power reserve. Watch functions: Date, Power Reserve, Hour, Minute, Second. Scratch Resistant Sapphire crystal. Cushion case shape. Case size: 36mm. Case thickness: 8.8mm. Transparent case back. 50 Meters – 165 Feet water resistant. 2 year', 10, 6, NULL, '2022-08-01 10:18:08', '2022-08-01 10:18:08'),
(11, 'Prize 1', 'Lorem ipsum dolor sit amet, consectetur adipiscing elit, sed do eiusmod tempor incididunt ut labore et dolore magna aliqua. Ut enim ad minim veniam, quis nostrud exercitation ullamco laboris nisi ut aliquip ex ea commodo consequat. Duis aute irure dolor in reprehenderit in voluptate velit esse cillum dolore eu fugiat nulla pariatur. Excepteur sint occaecat cupidatat non proident, sunt in culpa qui officia deserunt mollit anim id est laborum.', 11, 1, NULL, '2022-08-02 07:42:31', '2022-08-02 07:42:31'),
(12, 'Prize 1', 'Lorem ipsum dolor sit amet, consectetur adipiscing elit, sed do eiusmod tempor incididunt ut labore et dolore magna aliqua. Ut enim ad minim veniam, quis nostrud exercitation ullamco laboris nisi ut aliquip ex ea commodo consequat. Duis aute irure dolor in reprehenderit in voluptate velit esse cillum dolore eu fugiat nulla pariatur. Excepteur sint occaecat cupidatat non proident, sunt in culpa qui officia deserunt mollit anim id est laborum.', 12, 1, NULL, '2022-08-03 09:39:45', '2022-08-03 09:39:45'),
(13, 'Prize 1', 'Lorem ipsum dolor sit amet, consectetur adipiscing elit, sed do eiusmod tempor incididunt ut labore et dolore magna aliqua. Ut enim ad minim veniam, quis nostrud exercitation ullamco laboris nisi ut aliquip ex ea commodo consequat. Duis aute irure dolor in reprehenderit in voluptate velit esse cillum dolore eu fugiat nulla pariatur. Excepteur sint occaecat cupidatat non proident, sunt in culpa qui officia deserunt mollit anim id est laborum.', 13, 1, NULL, '2022-08-03 09:45:39', '2022-08-03 09:45:39'),
(14, 'Prize 1', 'Lorem ipsum dolor sit amet, consectetur adipiscing elit, sed do eiusmod tempor incididunt ut labore et dolore magna aliqua. Ut enim ad minim veniam, quis nostrud exercitation ullamco laboris nisi ut aliquip ex ea commodo consequat. Duis aute irure dolor in reprehenderit in voluptate velit esse cillum dolore eu fugiat nulla pariatur. Excepteur sint occaecat cupidatat non proident, sunt in culpa qui officia deserunt mollit anim id est laborum.', 14, 1, NULL, '2022-08-03 09:48:55', '2022-08-03 09:48:55'),
(15, 'Prize 1', 'Lorem ipsum dolor sit amet, consectetur adipiscing elit, sed do eiusmod tempor incididunt ut labore et dolore magna aliqua. Ut enim ad minim veniam, quis nostrud exercitation ullamco laboris nisi ut aliquip ex ea commodo consequat. Duis aute irure dolor in reprehenderit in voluptate velit esse cillum dolore eu fugiat nulla pariatur. Excepteur sint occaecat cupidatat non proident, sunt in culpa qui officia deserunt mollit anim id est laborum.', 15, 1, NULL, '2022-08-03 09:51:05', '2022-08-03 09:51:05'),
(16, 'Prize 1', 'Lorem ipsum dolor sit amet, consectetur adipiscing elit, sed do eiusmod tempor incididunt ut labore et dolore magna aliqua. Ut enim ad minim veniam, quis nostrud exercitation ullamco laboris nisi ut aliquip ex ea commodo consequat. Duis aute irure dolor in reprehenderit in voluptate velit esse cillum dolore eu fugiat nulla pariatur. Excepteur sint occaecat cupidatat non proident, sunt in culpa qui officia deserunt mollit anim id est laborum.', 16, 1, NULL, '2022-08-03 10:06:57', '2022-08-03 10:06:57'),
(17, 'AED 10000', 'The Rolls-Royce Phantom has 1 Petrol Engine on offer. The Petrol engine is 6749 cc . It is available with Automatic transmission.Depending upon the variant and fuel type the Phantom has a mileage of 9.8 kmpl & Ground clearance of Phantom is 164mm. The Phantom is a 5 seater 12 cylinder car and has length of 5982mm, width of 2018mm and a wheelbase of 3772mm.', 17, 7, NULL, '2022-08-03 13:45:12', '2022-08-03 13:45:12'),
(18, 'AED 10,000', 'Lorem ipsum dolor sit amet, consectetur adipiscing elit, sed do eiusmod tempor incididunt ut labore et dolore magna aliqua. Ut enim ad minim veniam, quis nostrud exercitation ullamco laboris nisi ut aliquip ex ea commodo consequat. Duis aute irure dolor in reprehenderit in voluptate velit esse cillum dolore eu fugiat nulla pariatur. Excepteur sint occaecat cupidatat non proident, sunt in culpa qui officia deserunt mollit anim id est laborum.', 18, 7, NULL, '2022-08-04 07:25:21', '2022-08-04 07:25:21'),
(19, 'AED 500,000', 'Lorem ipsum dolor sit amet, consectetur adipiscing elit, sed do eiusmod tempor incididunt ut labore et dolore magna aliqua. Ut enim ad minim veniam, quis nostrud exercitation ullamco laboris nisi ut aliquip ex ea commodo consequat. Duis aute irure dolor in reprehenderit in voluptate velit esse cillum dolore eu fugiat nulla pariatur. Excepteur sint occaecat cupidatat non proident, sunt in culpa qui officia deserunt mollit anim id est laborum.', 19, 6, NULL, '2022-08-04 07:47:42', '2022-08-04 07:47:42'),
(20, 'AED 1,000,000', 'Lorem ipsum dolor sit amet, consectetur adipiscing elit. Cras nisi felis, iaculis in enim eget, ornare mattis metus. Nam ligula nibh, ullamcorper non odio sed, interdum ultricies augue. Phasellus interdum aliquet nibh ac gravida. Pellentesque pellentesque id lacus a suscipit. Sed vel tincidunt enim, ac blandit purus. Vivamus varius a turpis at laoreet. Nam et hendrerit ligula. Integer augue dui, luctus quis congue in, ornare placerat ligula. Vestibulum ornare nisi sed purus mattis, et faucibus purus malesuada. Duis tortor mi, commodo in pharetra eu, maximus sit amet felis. Suspendisse vestibulum scelerisque tincidunt.', 20, 5, NULL, '2022-08-04 07:54:54', '2022-08-04 07:54:54'),
(21, 'AED 50,000', 'Lorem ipsum dolor sit amet, consectetur adipiscing elit. Cras nisi felis, iaculis in enim eget, ornare mattis metus. Nam ligula nibh, ullamcorper non odio sed, interdum ultricies augue. Phasellus interdum aliquet nibh ac gravida. Pellentesque pellentesque id lacus a suscipit. Sed vel tincidunt enim, ac blandit purus. Vivamus varius a turpis at laoreet. Nam et hendrerit ligula. Integer augue dui, luctus quis congue in, ornare placerat ligula. Vestibulum ornare nisi sed purus mattis, et faucibus purus malesuada. Duis tortor mi, commodo in pharetra eu, maximus sit amet felis. Suspendisse vestibulum scelerisque tincidunt.', 21, 4, NULL, '2022-08-04 07:59:23', '2022-08-04 07:59:23'),
(22, 'iPhone(AED 4,500)', 'Lorem ipsum dolor sit amet, consectetur adipiscing elit, sed do eiusmod tempor incididunt ut labore et dolore magna aliqua. Ut enim ad minim veniam, quis nostrud exercitation ullamco laboris nisi ut aliquip ex ea commodo consequat. Duis aute irure dolor in reprehenderit in voluptate velit esse cillum dolore eu fugiat nulla pariatur. Excepteur sint occaecat cupidatat non proident, sunt in culpa qui officia deserunt mollit anim id est laborum.', 22, 1, NULL, '2022-08-04 08:06:13', '2022-08-04 08:06:13'),
(23, 'iPhone, Airpods, Watch (AED 6,500)', 'Lorem ipsum dolor sit amet, consectetur adipiscing elit, sed do eiusmod tempor incididunt ut labore et dolore magna aliqua. Ut enim ad minim veniam, quis nostrud exercitation ullamco laboris nisi ut aliquip ex ea commodo consequat. Duis aute irure dolor in reprehenderit in voluptate velit esse cillum dolore eu fugiat nulla pariatur. Excepteur sint occaecat cupidatat non proident, sunt in culpa qui officia deserunt mollit anim id est laborum.', 23, 2, NULL, '2022-08-04 08:13:09', '2022-08-10 11:20:01'),
(24, 'PS 5(AED 5,000)', 'Lorem ipsum dolor sit amet, consectetur adipiscing elit, sed do eiusmod tempor incididunt ut labore et dolore magna aliqua. Ut enim ad minim veniam, quis nostrud exercitation ullamco laboris nisi ut aliquip ex ea commodo consequat. Duis aute irure dolor in reprehenderit in voluptate velit esse cillum dolore eu fugiat nulla pariatur. Excepteur sint occaecat cupidatat non proident, sunt in culpa qui officia deserunt mollit anim id est laborum.', 24, 3, NULL, '2022-08-04 08:47:49', '2022-08-04 08:47:49'),
(25, 'Business Class Upgrade for 1', 'Lorem ipsum dolor sit amet, consectetur adipiscing elit, sed do eiusmod tempor incididunt ut labore et dolore magna aliqua. Ut enim ad minim veniam, quis nostrud exercitation ullamco laboris nisi ut aliquip ex ea commodo consequat. Duis aute irure dolor in reprehenderit in voluptate velit esse cillum dolore eu fugiat nulla pariatur. Excepteur sint occaecat cupidatat non proident, sunt in culpa qui officia deserunt mollit anim id est laborum.', 25, 9, NULL, '2022-08-04 08:55:55', '2022-08-04 08:55:55'),
(26, 'Rimowabag (AED 6,000)', 'Lorem ipsum dolor sit amet, consectetur adipiscing elit, sed do eiusmod tempor incididunt ut labore et dolore magna aliqua. Ut enim ad minim veniam, quis nostrud exercitation ullamco laboris nisi ut aliquip ex ea commodo consequat. Duis aute irure dolor in reprehenderit in voluptate velit esse cillum dolore eu fugiat nulla pariatur. Excepteur sint occaecat cupidatat non proident, sunt in culpa qui officia deserunt mollit anim id est laborum.', 26, 11, NULL, '2022-08-04 09:00:55', '2022-08-04 09:00:55'),
(27, 'AED 50,000', 'Lorem ipsum dolor sit amet, consectetur adipiscing elit. Cras nisi felis, iaculis in enim eget, ornare mattis metus. Nam ligula nibh, ullamcorper non odio sed, interdum ultricies augue. Phasellus interdum aliquet nibh ac gravida. Pellentesque pellentesque id lacus a suscipit. Sed vel tincidunt enim, ac blandit purus. Vivamus varius a turpis at laoreet. Nam et hendrerit ligula. Integer augue dui, luctus quis congue in, ornare placerat ligula. Vestibulum ornare nisi sed purus mattis, et faucibus purus malesuada. Duis tortor mi, commodo in pharetra eu, maximus sit amet felis. Suspendisse vestibulum scelerisque tincidunt.', 27, 4, NULL, '2022-08-04 09:08:53', '2022-08-04 09:08:53'),
(28, 'Holiday Package for 2', 'Lorem ipsum dolor sit amet, consectetur adipiscing elit, sed do eiusmod tempor incididunt ut labore et dolore magna aliqua. Ut enim ad minim veniam, quis nostrud exercitation ullamco laboris nisi ut aliquip ex ea commodo consequat. Duis aute irure dolor in reprehenderit in voluptate velit esse cillum dolore eu fugiat nulla pariatur. Excepteur sint occaecat cupidatat non proident, sunt in culpa qui officia deserunt mollit anim id est laborum.', 28, 10, NULL, '2022-08-04 11:23:48', '2022-08-04 11:23:48'),
(29, 'Rimowabag (AED 6,000)', 'Lorem ipsum dolor sit amet, consectetur adipiscing elit, sed do eiusmod tempor incididunt ut labore et dolore magna aliqua. Ut enim ad minim veniam, quis nostrud exercitation ullamco laboris nisi ut aliquip ex ea commodo consequat. Duis aute irure dolor in reprehenderit in voluptate velit esse cillum dolore eu fugiat nulla pariatur. Excepteur sint occaecat cupidatat non proident, sunt in culpa qui officia deserunt mollit anim id est laborum.', 29, 11, NULL, '2022-08-04 11:26:42', '2022-08-04 11:26:42'),
(30, 'Holiday Package for 2', 'Lorem ipsum dolor sit amet, consectetur adipiscing elit, sed do eiusmod tempor incididunt ut labore et dolore magna aliqua. Ut enim ad minim veniam, quis nostrud exercitation ullamco laboris nisi ut aliquip ex ea commodo consequat. Duis aute irure dolor in reprehenderit in voluptate velit esse cillum dolore eu fugiat nulla pariatur. Excepteur sint occaecat cupidatat non proident, sunt in culpa qui officia deserunt mollit anim id est laborum.', 30, 10, NULL, '2022-08-08 09:28:45', '2022-08-08 09:28:45'),
(31, 'Test', 'Testttt', 31, 12, NULL, '2022-08-19 06:44:04', '2022-08-20 06:31:52'),
(32, 'Emirates Business Class', 'Test', 32, 12, NULL, '2022-08-26 04:23:02', '2022-08-26 04:23:02'),
(33, 'PS5', 'Test', 33, 13, NULL, '2022-08-31 04:53:11', '2022-08-31 04:53:11'),
(34, '1,000,000 Skyward points', 'Lorem ipsum dolor sit amet, consectetur adipiscing elit, sed do eiusmod tempor incididunt ut labore et dolore magna aliqua. Ut enim ad minim veniam, quis nostrud exercitation ullamco laboris nisi ut aliquip ex ea commodo consequat. Duis aute irure dolor in reprehenderit in voluptate velit esse cillum dolore eu fugiat nulla pariatur. Excepteur sint occaecat cupidatat non proident, sunt in culpa qui officia deserunt mollit anim id est laborum.', 34, 8, NULL, '2022-09-30 14:56:23', '2022-09-30 14:56:23'),
(35, 'Holiday Package for 2', 'Lorem ipsum dolor sit amet, consectetur adipiscing elit, sed do eiusmod tempor incididunt ut labore et dolore magna aliqua. Ut enim ad minim veniam, quis nostrud exercitation ullamco laboris nisi ut aliquip ex ea commodo consequat. Duis aute irure dolor in reprehenderit in voluptate velit esse cillum dolore eu fugiat nulla pariatur. Excepteur sint occaecat cupidatat non proident, sunt in culpa qui officia deserunt mollit anim id est laborum.', 35, 10, NULL, '2022-10-07 10:07:35', '2022-10-07 10:07:35'),
(36, 'PS 5(AED 5,000)', 'Lorem ipsum dolor sit amet, consectetur adipiscing elit, sed do eiusmod tempor incididunt ut labore et dolore magna aliqua. Ut enim ad minim veniam, quis nostrud exercitation ullamco laboris nisi ut aliquip ex ea commodo consequat. Duis aute irure dolor in reprehenderit in voluptate velit esse cillum dolore eu fugiat nulla pariatur. Excepteur sint occaecat cupidatat non proident, sunt in culpa qui officia deserunt mollit anim id est laborum.', 36, 3, NULL, '2022-10-07 10:15:52', '2022-10-07 10:15:52'),
(37, 'AED 50,000', 'Lorem ipsum dolor sit amet, consectetur adipiscing elit. Cras nisi felis, iaculis in enim eget, ornare mattis metus. Nam ligula nibh, ullamcorper non odio sed, interdum ultricies augue. Phasellus interdum aliquet nibh ac gravida. Pellentesque pellentesque id lacus a suscipit. Sed vel tincidunt enim, ac blandit purus. Vivamus varius a turpis at laoreet. Nam et hendrerit ligula. Integer augue dui, luctus quis congue in, ornare placerat ligula. Vestibulum ornare nisi sed purus mattis, et faucibus purus malesuada. Duis tortor mi, commodo in pharetra eu, maximus sit amet felis. Suspendisse vestibulum scelerisque tincidunt.', 37, 4, NULL, '2022-10-07 10:41:20', '2022-10-07 10:41:20');

-- --------------------------------------------------------

--
-- Table structure for table `campaign_prize_attributes`
--

CREATE TABLE `campaign_prize_attributes` (
  `id` bigint UNSIGNED NOT NULL,
  `attribute_name` varchar(255) CHARACTER SET utf8mb4 COLLATE utf8mb4_unicode_ci NOT NULL,
  `attribute_value` mediumtext CHARACTER SET utf8mb4 COLLATE utf8mb4_unicode_ci NOT NULL,
  `campaign_prize_id` bigint UNSIGNED NOT NULL,
  `deleted_at` timestamp NULL DEFAULT NULL,
  `created_at` timestamp NULL DEFAULT NULL,
  `updated_at` timestamp NULL DEFAULT NULL
) ENGINE=InnoDB DEFAULT CHARSET=utf8mb4 COLLATE=utf8mb4_unicode_ci;

--
-- Dumping data for table `campaign_prize_attributes`
--

INSERT INTO `campaign_prize_attributes` (`id`, `attribute_name`, `attribute_value`, `campaign_prize_id`, `deleted_at`, `created_at`, `updated_at`) VALUES
(1, 'Color', 'Red', 1, NULL, '2022-06-29 09:21:45', '2022-06-29 09:21:45'),
(2, 'Size', 'M', 2, NULL, '2022-06-29 09:21:45', '2022-06-29 09:21:45'),
(3, 'Color', 'Yellow', 3, NULL, '2022-06-29 09:21:45', '2022-06-29 09:21:45'),
(4, 'Size', 'L', 4, NULL, '2022-06-29 09:21:45', '2022-06-29 09:21:45'),
(5, 'Color', 'Green', 5, NULL, '2022-06-29 09:50:25', '2022-06-29 09:50:25'),
(6, 'Size', 'S', 5, NULL, '2022-06-29 09:50:25', '2022-06-29 09:50:25'),
(7, 'Color', 'Red', 9, NULL, '2022-08-01 09:26:18', '2022-08-01 09:26:18'),
(8, 'Size', 'M', 9, NULL, '2022-08-01 09:26:18', '2022-08-01 09:26:18'),
(9, 'Color', 'Red', 11, NULL, '2022-08-02 07:42:31', '2022-08-02 07:42:31'),
(10, 'Size', 'M', 11, NULL, '2022-08-02 07:42:31', '2022-08-02 07:42:31'),
(11, 'Color', 'Red', 12, NULL, '2022-08-03 09:39:45', '2022-08-03 09:39:45'),
(12, 'Size', 'M', 12, NULL, '2022-08-03 09:39:45', '2022-08-03 09:39:45'),
(13, 'Color', 'Red', 13, NULL, '2022-08-03 09:45:39', '2022-08-03 09:45:39'),
(14, 'Size', 'M', 13, NULL, '2022-08-03 09:45:39', '2022-08-03 09:45:39'),
(15, 'Color', 'Red', 14, NULL, '2022-08-03 09:48:55', '2022-08-03 09:48:55'),
(16, 'Size', 'M', 14, NULL, '2022-08-03 09:48:55', '2022-08-03 09:48:55'),
(17, 'Color', 'Red', 15, NULL, '2022-08-03 09:51:05', '2022-08-03 09:51:05'),
(18, 'Size', 'M', 15, NULL, '2022-08-03 09:51:05', '2022-08-03 09:51:05'),
(19, 'Color', 'Red', 16, NULL, '2022-08-03 10:06:57', '2022-08-03 10:06:57'),
(20, 'Size', 'M', 16, NULL, '2022-08-03 10:06:57', '2022-08-03 10:06:57'),
(21, 'Color', 'Red', 22, NULL, '2022-08-04 08:06:13', '2022-08-04 08:06:13'),
(22, 'Size', 'M', 22, NULL, '2022-08-04 08:06:13', '2022-08-04 08:06:13'),
(23, 'Color', 'Yellow', 23, NULL, '2022-08-04 08:13:09', '2022-08-04 08:13:09'),
(24, 'Size', 'L', 23, NULL, '2022-08-04 08:13:09', '2022-08-04 08:13:09'),
(25, 'Color', 'Green', 24, NULL, '2022-08-04 08:47:49', '2022-08-04 08:47:49'),
(26, 'Size', 'S', 24, NULL, '2022-08-04 08:47:49', '2022-08-04 08:47:49'),
(27, 'Count increase', '200', 35, NULL, '2022-10-07 10:07:35', '2022-10-07 10:07:35'),
(28, 'Color', 'Green', 36, NULL, '2022-10-07 10:15:52', '2022-10-07 10:15:52'),
(29, 'Size', 'S', 36, NULL, '2022-10-07 10:15:52', '2022-10-07 10:15:52');

-- --------------------------------------------------------

--
-- Table structure for table `campaign_prize_images`
--

CREATE TABLE `campaign_prize_images` (
  `id` bigint UNSIGNED NOT NULL,
  `image` mediumtext CHARACTER SET utf8mb4 COLLATE utf8mb4_unicode_ci NOT NULL,
  `campaign_prize_id` bigint UNSIGNED NOT NULL,
  `deleted_at` timestamp NULL DEFAULT NULL,
  `created_at` timestamp NULL DEFAULT NULL,
  `updated_at` timestamp NULL DEFAULT NULL
) ENGINE=InnoDB DEFAULT CHARSET=utf8mb4 COLLATE=utf8mb4_unicode_ci;

--
-- Dumping data for table `campaign_prize_images`
--

INSERT INTO `campaign_prize_images` (`id`, `image`, `campaign_prize_id`, `deleted_at`, `created_at`, `updated_at`) VALUES
(1, 'prizes/prize1.jpg', 1, NULL, '2022-06-29 09:21:45', '2022-06-29 09:21:45'),
(2, 'prizes/prize2.jpg', 2, NULL, '2022-06-29 09:21:45', '2022-06-29 09:21:45'),
(3, 'prizes/prize3.jpg', 3, NULL, '2022-06-29 09:21:45', '2022-06-29 09:21:45'),
(4, 'prizes/prize4.jpg', 4, NULL, '2022-06-29 09:21:45', '2022-06-29 09:21:45'),
(5, 'prizes/prize5.jpg', 5, NULL, '2022-06-29 09:50:25', '2022-06-29 09:50:25'),
(6, 'prizes/prize6.jpg', 5, NULL, '2022-06-29 09:50:25', '2022-06-29 09:50:25'),
(7, 'prizes/FBQ4KiWuoovtsbfsUvTZdVq5kgGnVUhW9Y9GsLd5.png', 6, NULL, '2022-07-05 09:42:34', '2022-07-05 09:42:34'),
(8, 'prizes/diyj9MOzZB1E8ecH6CrotJa8wig7JVAbWNEz08bi.png', 7, NULL, '2022-07-05 09:45:45', '2022-07-05 09:45:45'),
(9, 'prizes/FBQ4KiWuoovtsbfsUvTZdVq5kgGnVUhW9Y9GsLd5.png', 8, NULL, '2022-07-27 11:35:52', '2022-07-27 11:35:52'),
(10, 'prizes/prize1.jpg', 9, NULL, '2022-08-01 09:26:18', '2022-08-01 09:26:18'),
(11, 'prizes/prize2.jpg', 9, NULL, '2022-08-01 09:26:18', '2022-08-01 09:26:18'),
(12, 'prizes/ZuYFhQwZSLvDzgKf8EFJVFtlTwkQl8AfgvnYYyZe.jpg', 10, NULL, '2022-08-01 10:18:08', '2022-08-01 10:18:08'),
(13, 'prizes/prize1.jpg', 11, NULL, '2022-08-02 07:42:31', '2022-08-02 07:42:31'),
(14, 'prizes/prize2.jpg', 11, NULL, '2022-08-02 07:42:31', '2022-08-02 07:42:31'),
(15, 'prizes/prize1.jpg', 12, NULL, '2022-08-03 09:39:45', '2022-08-03 09:39:45'),
(16, 'prizes/prize2.jpg', 12, NULL, '2022-08-03 09:39:45', '2022-08-03 09:39:45'),
(17, 'prizes/prize1.jpg', 13, NULL, '2022-08-03 09:45:39', '2022-08-03 09:45:39'),
(18, 'prizes/prize2.jpg', 13, NULL, '2022-08-03 09:45:39', '2022-08-03 09:45:39'),
(19, 'prizes/prize1.jpg', 14, NULL, '2022-08-03 09:48:55', '2022-08-03 09:48:55'),
(20, 'prizes/prize2.jpg', 14, NULL, '2022-08-03 09:48:55', '2022-08-03 09:48:55'),
(21, 'prizes/prize1.jpg', 15, NULL, '2022-08-03 09:51:05', '2022-08-03 09:51:05'),
(22, 'prizes/prize2.jpg', 15, NULL, '2022-08-03 09:51:05', '2022-08-03 09:51:05'),
(23, 'prizes/prize1.jpg', 16, NULL, '2022-08-03 10:06:57', '2022-08-03 10:06:57'),
(24, 'prizes/prize2.jpg', 16, NULL, '2022-08-03 10:06:57', '2022-08-03 10:06:57'),
(25, 'prizes/RZpUnvuZl126OBJzINymX2hzXvWtGBZi0ZKbJXPG.png', 17, NULL, '2022-08-03 13:45:12', '2022-08-03 13:45:12'),
(26, 'prizes/RZpUnvuZl126OBJzINymX2hzXvWtGBZi0ZKbJXPG.png', 18, NULL, '2022-08-04 07:25:21', '2022-08-04 07:25:21'),
(27, 'prizes/256wQhJYozAST1gP0id9zJCXNYbZryDIBBpFcUAg.png', 19, NULL, '2022-08-04 07:47:42', '2022-08-04 07:47:42'),
(28, 'prizes/u5830wtONweUvous9Eu11bkw1twVBri8fdKVZt6W.png', 20, NULL, '2022-08-04 07:54:54', '2022-08-04 07:54:54'),
(29, 'prizes/eQ9Ivjy6eq3KSpQBiT8LXOqORoxDmolXVxKRmnWj.png', 21, NULL, '2022-08-04 07:59:23', '2022-08-04 07:59:23'),
(30, 'prizes/nArwBQ4jwGJohiNxpLHM6HTJjjKLHTL2KZcHtX1v.png', 22, NULL, '2022-08-04 08:06:13', '2022-08-04 08:06:13'),
(31, 'prizes/Yj3ytlZom7PCrd4ZYaRGOThF95kO7KRYyvvQZWmO.png', 23, NULL, '2022-08-04 08:13:09', '2022-08-04 08:13:09'),
(32, 'prizes/6CUV5jgK9HyXXABaregXUbB4Sjq9wuFVrou9P2DR.png', 24, NULL, '2022-08-04 08:47:49', '2022-08-04 08:47:49'),
(33, 'prizes/6iVlOowFB85N2usPrOE24Ri6wDbZLpYRac9zbhH6.png', 25, NULL, '2022-08-04 08:55:55', '2022-08-04 08:55:55'),
(34, 'prizes/RkecHuJjOiqcpRnGq19KWCnsDVAaYeYB9MayGEz3.png', 26, NULL, '2022-08-04 09:00:55', '2022-08-04 09:00:55'),
(35, 'prizes/eQ9Ivjy6eq3KSpQBiT8LXOqORoxDmolXVxKRmnWj.png', 27, NULL, '2022-08-04 09:08:53', '2022-08-04 09:08:53'),
(36, 'prizes/U8Iz2kh9MCxEthw1c9ShrZKkSv2nyTckd15amaJB.png', 28, NULL, '2022-08-04 11:23:48', '2022-08-04 11:23:48'),
(37, 'prizes/RkecHuJjOiqcpRnGq19KWCnsDVAaYeYB9MayGEz3.png', 29, NULL, '2022-08-04 11:26:42', '2022-08-04 11:26:42'),
(38, 'prizes/U8Iz2kh9MCxEthw1c9ShrZKkSv2nyTckd15amaJB.png', 30, NULL, '2022-08-08 09:28:45', '2022-08-08 09:28:45'),
(39, 'prizes/PSGBUmVMA39dhmFwSzKC0wUv95ztbNZRqYhI2J2i.jpg', 31, NULL, '2022-08-19 06:44:04', '2022-08-19 06:44:04'),
(40, 'prizes/pbEvvTJc8maLUgkTnndAaz4FoKBMDlvUrSrTbRxN.jpg', 32, NULL, '2022-08-26 04:23:02', '2022-08-26 04:23:02'),
(41, 'prizes/DETAASvNSPyJWie7o00kPiRJTlsCxa7UhhbZP5aN.png', 33, NULL, '2022-08-31 04:53:11', '2022-08-31 04:53:11'),
(42, 'prizes/92OE8I3zvEmnkJ9iF6JeU5InU9e8wF8Es9yj0Ldr.png', 34, NULL, '2022-09-30 14:56:23', '2022-09-30 14:56:23'),
(43, 'prizes/U8Iz2kh9MCxEthw1c9ShrZKkSv2nyTckd15amaJB.png', 35, NULL, '2022-10-07 10:07:35', '2022-10-07 10:07:35'),
(44, 'prizes/6CUV5jgK9HyXXABaregXUbB4Sjq9wuFVrou9P2DR.png', 36, NULL, '2022-10-07 10:15:52', '2022-10-07 10:15:52'),
(45, 'prizes/eQ9Ivjy6eq3KSpQBiT8LXOqORoxDmolXVxKRmnWj.png', 37, NULL, '2022-10-07 10:41:20', '2022-10-07 10:41:20');

-- --------------------------------------------------------

--
-- Table structure for table `campaign_products`
--

CREATE TABLE `campaign_products` (
  `id` bigint UNSIGNED NOT NULL,
  `campaign_id` bigint UNSIGNED NOT NULL,
  `product_id` bigint UNSIGNED NOT NULL,
  `product_name` varchar(255) CHARACTER SET utf8mb4 COLLATE utf8mb4_unicode_ci NOT NULL,
  `product_description` mediumtext CHARACTER SET utf8mb4 COLLATE utf8mb4_unicode_ci,
  `product_total_price` decimal(10,2) NOT NULL,
  `product_vat_percentage` decimal(10,2) NOT NULL,
  `product_actual_price` decimal(10,2) NOT NULL,
  `product_tax_price` decimal(10,2) NOT NULL,
  `category_id` bigint UNSIGNED NOT NULL,
  `subcategory_id` bigint UNSIGNED DEFAULT NULL,
  `deleted_at` timestamp NULL DEFAULT NULL,
  `created_at` timestamp NULL DEFAULT NULL,
  `updated_at` timestamp NULL DEFAULT NULL
) ENGINE=InnoDB DEFAULT CHARSET=utf8mb4 COLLATE=utf8mb4_unicode_ci;

--
-- Dumping data for table `campaign_products`
--

INSERT INTO `campaign_products` (`id`, `campaign_id`, `product_id`, `product_name`, `product_description`, `product_total_price`, `product_vat_percentage`, `product_actual_price`, `product_tax_price`, `category_id`, `subcategory_id`, `deleted_at`, `created_at`, `updated_at`) VALUES
(1, 1, 1, 'Slipper', 'Lorem ipsum dolor sit amet, consectetur adipiscing elit, sed do eiusmod tempor incididunt ut labore et dolore magna aliqua. Ut enim ad minim veniam, quis nostrud exercitation ullamco laboris nisi ut aliquip ex ea commodo consequat. Duis aute irure dolor in reprehenderit in voluptate velit esse cillum dolore eu fugiat nulla pariatur. Excepteur sint occaecat cupidatat non proident, sunt in culpa qui officia deserunt mollit anim id est laborum.', '5250.00', '5.00', '5000.00', '250.00', 1, 1, NULL, '2022-06-29 09:21:45', '2022-06-29 09:21:45'),
(2, 2, 1, 'Slipper', 'Lorem ipsum dolor sit amet, consectetur adipiscing elit, sed do eiusmod tempor incididunt ut labore et dolore magna aliqua. Ut enim ad minim veniam, quis nostrud exercitation ullamco laboris nisi ut aliquip ex ea commodo consequat. Duis aute irure dolor in reprehenderit in voluptate velit esse cillum dolore eu fugiat nulla pariatur. Excepteur sint occaecat cupidatat non proident, sunt in culpa qui officia deserunt mollit anim id est laborum.', '5250.00', '5.00', '5000.00', '250.00', 1, 1, NULL, '2022-06-29 09:21:45', '2022-06-29 09:21:45'),
(3, 3, 1, 'Slipper', 'Lorem ipsum dolor sit amet, consectetur adipiscing elit, sed do eiusmod tempor incididunt ut labore et dolore magna aliqua. Ut enim ad minim veniam, quis nostrud exercitation ullamco laboris nisi ut aliquip ex ea commodo consequat. Duis aute irure dolor in reprehenderit in voluptate velit esse cillum dolore eu fugiat nulla pariatur. Excepteur sint occaecat cupidatat non proident, sunt in culpa qui officia deserunt mollit anim id est laborum.', '5250.00', '5.00', '5000.00', '250.00', 1, 1, NULL, '2022-06-29 09:21:45', '2022-06-29 09:21:45'),
(4, 4, 1, 'Slipper', 'Lorem ipsum dolor sit amet, consectetur adipiscing elit, sed do eiusmod tempor incididunt ut labore et dolore magna aliqua. Ut enim ad minim veniam, quis nostrud exercitation ullamco laboris nisi ut aliquip ex ea commodo consequat. Duis aute irure dolor in reprehenderit in voluptate velit esse cillum dolore eu fugiat nulla pariatur. Excepteur sint occaecat cupidatat non proident, sunt in culpa qui officia deserunt mollit anim id est laborum.', '5250.00', '5.00', '5000.00', '250.00', 1, 1, NULL, '2022-06-29 09:21:45', '2022-06-29 09:21:45'),
(5, 5, 4, 'Mobile', 'Cras condimentum hendrerit ante vitae molestie. Pellentesque tristique in felis sit amet mattis. Mauris mollis eleifend metus nec mollis. In viverra mi eros, nec tincidunt metus fringilla sit amet. Nulla id felis id leo tempus vulputate. Aliquam condimentum mi tellus, et ultrices quam pulvinar sed. Mauris ut nisi venenatis, pretium nibh in, pellentesque magna. Aenean bibendum eu nisi id porttitor.', '220.00', '10.00', '200.00', '20.00', 5, 24, NULL, '2022-06-29 09:50:24', '2022-07-19 09:38:04'),
(6, 6, 12, 'Watch', 'Lorem ipsum dolor sit amet, consectetur adipiscing elit. Cras nisi felis, iaculis in enim eget, ornare mattis metus. Nam ligula nibh, ullamcorper non odio sed, interdum ultricies augue. Phasellus interdum aliquet nibh ac gravida. Pellentesque pellentesque id lacus a suscipit. Sed vel tincidunt enim, ac blandit purus. Vivamus varius a turpis at laoreet. Nam et hendrerit ligula. Integer augue dui, luctus quis congue in, ornare placerat ligula. Vestibulum ornare nisi sed purus mattis, et faucibus purus malesuada. Duis tortor mi, commodo in pharetra eu, maximus sit amet felis. Suspendisse vestibulum scelerisque tincidunt.', '220.00', '10.00', '200.00', '20.00', 4, NULL, NULL, '2022-07-05 09:42:34', '2022-07-05 09:42:34'),
(7, 7, 24, 'Pen', 'Lorem ipsum dolor sit amet, consectetur adipiscing elit. Cras nisi felis, iaculis in enim eget, ornare mattis metus. Nam ligula nibh, ullamcorper non odio sed, interdum ultricies augue. Phasellus interdum aliquet nibh ac gravida. Pellentesque pellentesque id lacus a suscipit. Sed vel tincidunt enim, ac blandit purus. Vivamus varius a turpis at laoreet. Nam et hendrerit ligula. Integer augue dui, luctus quis congue in, ornare placerat ligula. Vestibulum ornare nisi sed purus mattis, et faucibus purus malesuada. Duis tortor mi, commodo in pharetra eu, maximus sit amet felis. Suspendisse vestibulum scelerisque tincidunt.', '110.00', '10.00', '100.00', '10.00', 5, NULL, NULL, '2022-07-05 09:45:45', '2022-07-05 09:45:45'),
(8, 8, 28, 'Pendant', 'Lorem ipsum dolor sit amet, consectetur adipiscing elit. Cras nisi felis, iaculis in enim eget, ornare mattis metus. Nam ligula nibh, ullamcorper non odio sed, interdum ultricies augue. Phasellus interdum aliquet nibh ac gravida. Pellentesque pellentesque id lacus a suscipit. Sed vel tincidunt enim, ac blandit purus. Vivamus varius a turpis at laoreet. Nam et hendrerit ligula. Integer augue dui, luctus quis congue in, ornare placerat ligula. Vestibulum ornare nisi sed purus mattis, et faucibus purus malesuada. Duis tortor mi, commodo in pharetra eu, maximus sit amet felis. Suspendisse vestibulum scelerisque tincidunt.', '110.00', '10.00', '100.00', '10.00', 6, NULL, NULL, '2022-07-27 11:35:52', '2022-07-27 11:35:52'),
(9, 9, 38, 'Chocolate', 'Lorem ipsum dolor sit amet, consectetur adipiscing elit. Cras nisi felis, iaculis in enim eget, ornare mattis metus. Nam ligula nibh, ullamcorper non odio sed, interdum ultricies augue. Phasellus interdum aliquet nibh ac gravida. Pellentesque pellentesque id lacus a suscipit. Sed vel tincidunt enim, ac blandit purus. Vivamus varius a turpis at laoreet. Nam et hendrerit ligula. Integer augue dui, luctus quis congue in, ornare placerat ligula. Vestibulum ornare nisi sed purus mattis, et faucibus purus malesuada. Duis tortor mi, commodo in pharetra eu, maximus sit amet felis. Suspendisse vestibulum scelerisque tincidunt.', '120.00', '20.00', '100.00', '20.00', 5, 23, NULL, '2022-08-01 09:26:18', '2022-08-01 09:26:18'),
(10, 10, 37, 'Chocolate', 'Lorem ipsum dolor sit amet, consectetur adipiscing elit. Cras nisi felis, iaculis in enim eget, ornare mattis metus. Nam ligula nibh, ullamcorper non odio sed, interdum ultricies augue. Phasellus interdum aliquet nibh ac gravida. Pellentesque pellentesque id lacus a suscipit. Sed vel tincidunt enim, ac blandit purus. Vivamus varius a turpis at laoreet. Nam et hendrerit ligula. Integer augue dui, luctus quis congue in, ornare placerat ligula. Vestibulum ornare nisi sed purus mattis, et faucibus purus malesuada. Duis tortor mi, commodo in pharetra eu, maximus sit amet felis. Suspendisse vestibulum scelerisque tincidunt.', '138.00', '15.00', '120.00', '18.00', 5, 23, NULL, '2022-08-01 10:18:08', '2022-08-01 10:18:08'),
(11, 11, 1, 'Slipper', 'Lorem ipsum dolor sit amet, consectetur adipiscing elit, sed do eiusmod tempor incididunt ut labore et dolore magna aliqua. Ut enim ad minim veniam, quis nostrud exercitation ullamco laboris nisi ut aliquip ex ea commodo consequat. Duis aute irure dolor in reprehenderit in voluptate velit esse cillum dolore eu fugiat nulla pariatur. Excepteur sint occaecat cupidatat non proident, sunt in culpa qui officia deserunt mollit anim id est laborum.', '5250.00', '5.00', '5000.00', '250.00', 1, 1, NULL, '2022-08-02 07:42:31', '2022-08-02 07:42:31'),
(12, 12, 1, 'Slipper', 'Lorem ipsum dolor sit amet, consectetur adipiscing elit, sed do eiusmod tempor incididunt ut labore et dolore magna aliqua. Ut enim ad minim veniam, quis nostrud exercitation ullamco laboris nisi ut aliquip ex ea commodo consequat. Duis aute irure dolor in reprehenderit in voluptate velit esse cillum dolore eu fugiat nulla pariatur. Excepteur sint occaecat cupidatat non proident, sunt in culpa qui officia deserunt mollit anim id est laborum.', '5250.00', '5.00', '5000.00', '250.00', 1, 1, NULL, '2022-08-03 09:39:45', '2022-08-03 09:39:45'),
(13, 13, 1, 'Slipper', 'Lorem ipsum dolor sit amet, consectetur adipiscing elit, sed do eiusmod tempor incididunt ut labore et dolore magna aliqua. Ut enim ad minim veniam, quis nostrud exercitation ullamco laboris nisi ut aliquip ex ea commodo consequat. Duis aute irure dolor in reprehenderit in voluptate velit esse cillum dolore eu fugiat nulla pariatur. Excepteur sint occaecat cupidatat non proident, sunt in culpa qui officia deserunt mollit anim id est laborum.', '5250.00', '5.00', '5000.00', '250.00', 1, 1, NULL, '2022-08-03 09:45:39', '2022-08-03 09:45:39'),
(14, 14, 1, 'Slipper', 'Lorem ipsum dolor sit amet, consectetur adipiscing elit, sed do eiusmod tempor incididunt ut labore et dolore magna aliqua. Ut enim ad minim veniam, quis nostrud exercitation ullamco laboris nisi ut aliquip ex ea commodo consequat. Duis aute irure dolor in reprehenderit in voluptate velit esse cillum dolore eu fugiat nulla pariatur. Excepteur sint occaecat cupidatat non proident, sunt in culpa qui officia deserunt mollit anim id est laborum.', '5250.00', '5.00', '5000.00', '250.00', 1, 1, NULL, '2022-08-03 09:48:55', '2022-08-03 09:48:55'),
(15, 15, 1, 'Slipper', 'Lorem ipsum dolor sit amet, consectetur adipiscing elit, sed do eiusmod tempor incididunt ut labore et dolore magna aliqua. Ut enim ad minim veniam, quis nostrud exercitation ullamco laboris nisi ut aliquip ex ea commodo consequat. Duis aute irure dolor in reprehenderit in voluptate velit esse cillum dolore eu fugiat nulla pariatur. Excepteur sint occaecat cupidatat non proident, sunt in culpa qui officia deserunt mollit anim id est laborum.', '5250.00', '5.00', '5000.00', '250.00', 1, 1, NULL, '2022-08-03 09:51:05', '2022-08-03 09:51:05'),
(16, 16, 1, 'Slipper', 'Lorem ipsum dolor sit amet, consectetur adipiscing elit, sed do eiusmod tempor incididunt ut labore et dolore magna aliqua. Ut enim ad minim veniam, quis nostrud exercitation ullamco laboris nisi ut aliquip ex ea commodo consequat. Duis aute irure dolor in reprehenderit in voluptate velit esse cillum dolore eu fugiat nulla pariatur. Excepteur sint occaecat cupidatat non proident, sunt in culpa qui officia deserunt mollit anim id est laborum.', '5250.00', '5.00', '5000.00', '250.00', 1, 1, NULL, '2022-08-03 10:06:57', '2022-08-03 10:06:57'),
(17, 17, 15, 'Watch', 'Lorem ipsum dolor sit amet, consectetur adipiscing elit. Cras nisi felis, iaculis in enim eget, ornare mattis metus. Nam ligula nibh, ullamcorper non odio sed, interdum ultricies augue. Phasellus interdum aliquet nibh ac gravida. Pellentesque pellentesque id lacus a suscipit. Sed vel tincidunt enim, ac blandit purus. Vivamus varius a turpis at laoreet. Nam et hendrerit ligula. Integer augue dui, luctus quis congue in, ornare placerat ligula. Vestibulum ornare nisi sed purus mattis, et faucibus purus malesuada. Duis tortor mi, commodo in pharetra eu, maximus sit amet felis. Suspendisse vestibulum scelerisque tincidunt.', '165.00', '10.00', '150.00', '15.00', 4, NULL, NULL, '2022-08-03 13:45:12', '2022-08-03 13:45:12'),
(18, 18, 81, 'Cold Coffee', 'Lorem ipsum dolor sit amet, consectetur adipiscing elit. Cras nisi felis, iaculis in enim eget, ornare mattis metus. Nam ligula nibh, ullamcorper non odio sed, interdum ultricies augue. Phasellus interdum aliquet nibh ac gravida. Pellentesque pellentesque id lacus a suscipit. Sed vel tincidunt enim, ac blandit purus. Vivamus varius a turpis at laoreet. Nam et hendrerit ligula. Integer augue dui, luctus quis congue in, ornare placerat ligula. Vestibulum ornare nisi sed purus mattis, et faucibus purus malesuada. Duis tortor mi, commodo in pharetra eu, maximus sit amet felis. Suspendisse vestibulum scelerisque tincidunt.', '132.00', '10.00', '120.00', '12.00', 8, NULL, NULL, '2022-08-04 07:25:21', '2022-08-24 08:56:33'),
(19, 19, 80, 'Flight Fueler', 'Lorem ipsum dolor sit amet, consectetur adipiscing elit. Cras nisi felis, iaculis in enim eget, ornare mattis metus. Nam ligula nibh, ullamcorper non odio sed, interdum ultricies augue. Phasellus interdum aliquet nibh ac gravida. Pellentesque pellentesque id lacus a suscipit. Sed vel tincidunt enim, ac blandit purus. Vivamus varius a turpis at laoreet. Nam et hendrerit ligula. Integer augue dui, luctus quis congue in, ornare placerat ligula. Vestibulum ornare nisi sed purus mattis, et faucibus purus malesuada. Duis tortor mi, commodo in pharetra eu, maximus sit amet felis. Suspendisse vestibulum scelerisque tincidunt.', '132.00', '20.00', '110.00', '22.00', 8, NULL, NULL, '2022-08-04 07:47:42', '2022-08-04 07:47:42'),
(20, 20, 79, 'Model plane', 'Lorem ipsum dolor sit amet, consectetur adipiscing elit. Cras nisi felis, iaculis in enim eget, ornare mattis metus. Nam ligula nibh, ullamcorper non odio sed, interdum ultricies augue. Phasellus interdum aliquet nibh ac gravida. Pellentesque pellentesque id lacus a suscipit. Sed vel tincidunt enim, ac blandit purus. Vivamus varius a turpis at laoreet. Nam et hendrerit ligula. Integer augue dui, luctus quis congue in, ornare placerat ligula. Vestibulum ornare nisi sed purus mattis, et faucibus purus malesuada. Duis tortor mi, commodo in pharetra eu, maximus sit amet felis. Suspendisse vestibulum scelerisque tincidunt.', '132.00', '10.00', '120.00', '12.00', 8, NULL, NULL, '2022-08-04 07:54:54', '2022-08-04 07:54:54'),
(21, 21, 78, 'Al Ain Water Bottle', 'Lorem ipsum dolor sit amet, consectetur adipiscing elit. Cras nisi felis, iaculis in enim eget, ornare mattis metus. Nam ligula nibh, ullamcorper non odio sed, interdum ultricies augue. Phasellus interdum aliquet nibh ac gravida. Pellentesque pellentesque id lacus a suscipit. Sed vel tincidunt enim, ac blandit purus. Vivamus varius a turpis at laoreet. Nam et hendrerit ligula. Integer augue dui, luctus quis congue in, ornare placerat ligula. Vestibulum ornare nisi sed purus mattis, et faucibus purus malesuada. Duis tortor mi, commodo in pharetra eu, maximus sit amet felis. Suspendisse vestibulum scelerisque tincidunt.', '143.00', '30.00', '110.00', '33.00', 8, NULL, NULL, '2022-08-04 07:59:23', '2022-08-04 07:59:23'),
(22, 22, 77, 'Adam\'s apple', 'Lorem ipsum dolor sit amet, consectetur adipiscing elit. Cras nisi felis, iaculis in enim eget, ornare mattis metus. Nam ligula nibh, ullamcorper non odio sed, interdum ultricies augue. Phasellus interdum aliquet nibh ac gravida. Pellentesque pellentesque id lacus a suscipit. Sed vel tincidunt enim, ac blandit purus. Vivamus varius a turpis at laoreet. Nam et hendrerit ligula. Integer augue dui, luctus quis congue in, ornare placerat ligula. Vestibulum ornare nisi sed purus mattis, et faucibus purus malesuada. Duis tortor mi, commodo in pharetra eu, maximus sit amet felis. Suspendisse vestibulum scelerisque tincidunt.', '126.50', '15.00', '110.00', '16.50', 8, NULL, NULL, '2022-08-04 08:06:13', '2022-08-04 08:06:13'),
(23, 23, 76, 'Apple combo', 'Lorem ipsum dolor sit amet, consectetur adipiscing elit. Cras nisi felis, iaculis in enim eget, ornare mattis metus. Nam ligula nibh, ullamcorper non odio sed, interdum ultricies augue. Phasellus interdum aliquet nibh ac gravida. Pellentesque pellentesque id lacus a suscipit. Sed vel tincidunt enim, ac blandit purus. Vivamus varius a turpis at laoreet. Nam et hendrerit ligula. Integer augue dui, luctus quis congue in, ornare placerat ligula. Vestibulum ornare nisi sed purus mattis, et faucibus purus malesuada. Duis tortor mi, commodo in pharetra eu, maximus sit amet felis. Suspendisse vestibulum scelerisque tincidunt.', '150.00', '25.00', '120.00', '30.00', 8, NULL, NULL, '2022-08-04 08:13:09', '2022-08-04 08:13:09'),
(24, 24, 75, 'Acti PH', 'Lorem ipsum dolor sit amet, consectetur adipiscing elit. Cras nisi felis, iaculis in enim eget, ornare mattis metus. Nam ligula nibh, ullamcorper non odio sed, interdum ultricies augue. Phasellus interdum aliquet nibh ac gravida. Pellentesque pellentesque id lacus a suscipit. Sed vel tincidunt enim, ac blandit purus. Vivamus varius a turpis at laoreet. Nam et hendrerit ligula. Integer augue dui, luctus quis congue in, ornare placerat ligula. Vestibulum ornare nisi sed purus mattis, et faucibus purus malesuada. Duis tortor mi, commodo in pharetra eu, maximus sit amet felis. Suspendisse vestibulum scelerisque tincidunt.', '125.00', '25.00', '100.00', '25.00', 8, NULL, NULL, '2022-08-04 08:47:49', '2022-08-04 08:47:49'),
(25, 25, 73, 'Coffee & Evian', 'Lorem ipsum dolor sit amet, consectetur adipiscing elit. Cras nisi felis, iaculis in enim eget, ornare mattis metus. Nam ligula nibh, ullamcorper non odio sed, interdum ultricies augue. Phasellus interdum aliquet nibh ac gravida. Pellentesque pellentesque id lacus a suscipit. Sed vel tincidunt enim, ac blandit purus. Vivamus varius a turpis at laoreet. Nam et hendrerit ligula. Integer augue dui, luctus quis congue in, ornare placerat ligula. Vestibulum ornare nisi sed purus mattis, et faucibus purus malesuada. Duis tortor mi, commodo in pharetra eu, maximus sit amet felis. Suspendisse vestibulum scelerisque tincidunt.', '120.00', '20.00', '100.00', '20.00', 8, NULL, NULL, '2022-08-04 08:55:55', '2022-08-04 08:55:55'),
(26, 26, 71, 'Orange juice & Castania', 'Lorem ipsum dolor sit amet, consectetur adipiscing elit. Cras nisi felis, iaculis in enim eget, ornare mattis metus. Nam ligula nibh, ullamcorper non odio sed, interdum ultricies augue. Phasellus interdum aliquet nibh ac gravida. Pellentesque pellentesque id lacus a suscipit. Sed vel tincidunt enim, ac blandit purus. Vivamus varius a turpis at laoreet. Nam et hendrerit ligula. Integer augue dui, luctus quis congue in, ornare placerat ligula. Vestibulum ornare nisi sed purus mattis, et faucibus purus malesuada. Duis tortor mi, commodo in pharetra eu, maximus sit amet felis. Suspendisse vestibulum scelerisque tincidunt.', '165.00', '10.00', '150.00', '15.00', 8, NULL, NULL, '2022-08-04 09:00:55', '2022-08-04 09:00:55'),
(27, 27, 78, 'Al Ain Water Bottle', 'Lorem ipsum dolor sit amet, consectetur adipiscing elit. Cras nisi felis, iaculis in enim eget, ornare mattis metus. Nam ligula nibh, ullamcorper non odio sed, interdum ultricies augue. Phasellus interdum aliquet nibh ac gravida. Pellentesque pellentesque id lacus a suscipit. Sed vel tincidunt enim, ac blandit purus. Vivamus varius a turpis at laoreet. Nam et hendrerit ligula. Integer augue dui, luctus quis congue in, ornare placerat ligula. Vestibulum ornare nisi sed purus mattis, et faucibus purus malesuada. Duis tortor mi, commodo in pharetra eu, maximus sit amet felis. Suspendisse vestibulum scelerisque tincidunt.', '143.00', '30.00', '110.00', '33.00', 8, NULL, NULL, '2022-08-04 09:08:53', '2022-08-04 09:08:53'),
(28, 28, 72, 'Evian', 'Lorem ipsum dolor sit amet, consectetur adipiscing elit. Cras nisi felis, iaculis in enim eget, ornare mattis metus. Nam ligula nibh, ullamcorper non odio sed, interdum ultricies augue. Phasellus interdum aliquet nibh ac gravida. Pellentesque pellentesque id lacus a suscipit. Sed vel tincidunt enim, ac blandit purus. Vivamus varius a turpis at laoreet. Nam et hendrerit ligula. Integer augue dui, luctus quis congue in, ornare placerat ligula. Vestibulum ornare nisi sed purus mattis, et faucibus purus malesuada. Duis tortor mi, commodo in pharetra eu, maximus sit amet felis. Suspendisse vestibulum scelerisque tincidunt.', '132.00', '20.00', '110.00', '22.00', 8, NULL, NULL, '2022-08-04 11:23:48', '2022-08-04 11:23:48'),
(29, 29, 71, 'Orange juice & Castania', 'Lorem ipsum dolor sit amet, consectetur adipiscing elit. Cras nisi felis, iaculis in enim eget, ornare mattis metus. Nam ligula nibh, ullamcorper non odio sed, interdum ultricies augue. Phasellus interdum aliquet nibh ac gravida. Pellentesque pellentesque id lacus a suscipit. Sed vel tincidunt enim, ac blandit purus. Vivamus varius a turpis at laoreet. Nam et hendrerit ligula. Integer augue dui, luctus quis congue in, ornare placerat ligula. Vestibulum ornare nisi sed purus mattis, et faucibus purus malesuada. Duis tortor mi, commodo in pharetra eu, maximus sit amet felis. Suspendisse vestibulum scelerisque tincidunt.', '165.00', '10.00', '150.00', '15.00', 8, NULL, NULL, '2022-08-04 11:26:42', '2022-08-04 11:26:42'),
(30, 30, 74, 'Chari Green Tea', 'Lorem ipsum dolor sit amet, consectetur adipiscing elit. Cras nisi felis, iaculis in enim eget, ornare mattis metus. Nam ligula nibh, ullamcorper non odio sed, interdum ultricies augue. Phasellus interdum aliquet nibh ac gravida. Pellentesque pellentesque id lacus a suscipit. Sed vel tincidunt enim, ac blandit purus. Vivamus varius a turpis at laoreet. Nam et hendrerit ligula. Integer augue dui, luctus quis congue in, ornare placerat ligula. Vestibulum ornare nisi sed purus mattis, et faucibus purus malesuada. Duis tortor mi, commodo in pharetra eu, maximus sit amet felis. Suspendisse vestibulum scelerisque tincidunt.', '138.00', '15.00', '120.00', '18.00', 8, NULL, NULL, '2022-08-08 09:28:45', '2022-08-08 09:28:45'),
(31, 31, 12, 'Watch', 'Lorem ipsum dolor sit amet, consectetur adipiscing elit. Cras nisi felis, iaculis in enim eget, ornare mattis metus. Nam ligula nibh, ullamcorper non odio sed, interdum ultricies augue. Phasellus interdum aliquet nibh ac gravida. Pellentesque pellentesque id lacus a suscipit. Sed vel tincidunt enim, ac blandit purus. Vivamus varius a turpis at laoreet. Nam et hendrerit ligula. Integer augue dui, luctus quis congue in, ornare placerat ligula. Vestibulum ornare nisi sed purus mattis, et faucibus purus malesuada. Duis tortor mi, commodo in pharetra eu, maximus sit amet felis. Suspendisse vestibulum scelerisque tincidunt.', '220.00', '10.00', '200.00', '20.00', 4, NULL, NULL, '2022-08-19 06:44:04', '2022-08-19 06:44:04'),
(32, 32, 73, 'Coffee & Evian', 'Lorem ipsum dolor sit amet, consectetur adipiscing elit. Cras nisi felis, iaculis in enim eget, ornare mattis metus. Nam ligula nibh, ullamcorper non odio sed, interdum ultricies augue. Phasellus interdum aliquet nibh ac gravida. Pellentesque pellentesque id lacus a suscipit. Sed vel tincidunt enim, ac blandit purus. Vivamus varius a turpis at laoreet. Nam et hendrerit ligula. Integer augue dui, luctus quis congue in, ornare placerat ligula. Vestibulum ornare nisi sed purus mattis, et faucibus purus malesuada. Duis tortor mi, commodo in pharetra eu, maximus sit amet felis. Suspendisse vestibulum scelerisque tincidunt.', '120.00', '20.00', '100.00', '20.00', 8, NULL, NULL, '2022-08-26 04:23:02', '2022-08-26 04:23:02'),
(33, 33, 85, 'ActiPH', 'Test', '120.00', '20.00', '100.00', '20.00', 8, 30, NULL, '2022-08-31 04:53:11', '2022-08-31 04:53:11'),
(34, 34, 72, 'Evian', 'Lorem ipsum dolor sit amet, consectetur adipiscing elit. Cras nisi felis, iaculis in enim eget, ornare mattis metus. Nam ligula nibh, ullamcorper non odio sed, interdum ultricies augue. Phasellus interdum aliquet nibh ac gravida. Pellentesque pellentesque id lacus a suscipit. Sed vel tincidunt enim, ac blandit purus. Vivamus varius a turpis at laoreet. Nam et hendrerit ligula. Integer augue dui, luctus quis congue in, ornare placerat ligula. Vestibulum ornare nisi sed purus mattis, et faucibus purus malesuada. Duis tortor mi, commodo in pharetra eu, maximus sit amet felis. Suspendisse vestibulum scelerisque tincidunt.', '132.00', '20.00', '110.00', '22.00', 8, NULL, NULL, '2022-09-30 14:56:23', '2022-09-30 14:56:23'),
(35, 35, 72, 'Evian', 'Lorem ipsum dolor sit amet, consectetur adipiscing elit. Cras nisi felis, iaculis in enim eget, ornare mattis metus. Nam ligula nibh, ullamcorper non odio sed, interdum ultricies augue. Phasellus interdum aliquet nibh ac gravida. Pellentesque pellentesque id lacus a suscipit. Sed vel tincidunt enim, ac blandit purus. Vivamus varius a turpis at laoreet. Nam et hendrerit ligula. Integer augue dui, luctus quis congue in, ornare placerat ligula. Vestibulum ornare nisi sed purus mattis, et faucibus purus malesuada. Duis tortor mi, commodo in pharetra eu, maximus sit amet felis. Suspendisse vestibulum scelerisque tincidunt.', '132.00', '20.00', '110.00', '22.00', 8, NULL, NULL, '2022-10-07 10:07:35', '2022-10-07 10:07:35'),
(36, 36, 85, 'ActiPH', 'Test', '120.00', '20.00', '100.00', '20.00', 8, 30, NULL, '2022-10-07 10:15:52', '2022-10-07 10:15:52'),
(37, 37, 78, 'Al Ain Water Bottle', 'Lorem ipsum dolor sit amet, consectetur adipiscing elit. Cras nisi felis, iaculis in enim eget, ornare mattis metus. Nam ligula nibh, ullamcorper non odio sed, interdum ultricies augue. Phasellus interdum aliquet nibh ac gravida. Pellentesque pellentesque id lacus a suscipit. Sed vel tincidunt enim, ac blandit purus. Vivamus varius a turpis at laoreet. Nam et hendrerit ligula. Integer augue dui, luctus quis congue in, ornare placerat ligula. Vestibulum ornare nisi sed purus mattis, et faucibus purus malesuada. Duis tortor mi, commodo in pharetra eu, maximus sit amet felis. Suspendisse vestibulum scelerisque tincidunt.', '143.00', '30.00', '110.00', '33.00', 8, NULL, NULL, '2022-10-07 10:41:20', '2022-10-07 10:41:20');

-- --------------------------------------------------------

--
-- Table structure for table `campaign_product_images`
--

CREATE TABLE `campaign_product_images` (
  `id` bigint UNSIGNED NOT NULL,
  `image` mediumtext CHARACTER SET utf8mb4 COLLATE utf8mb4_unicode_ci NOT NULL,
  `campaign_product_id` bigint UNSIGNED NOT NULL,
  `deleted_at` timestamp NULL DEFAULT NULL,
  `created_at` timestamp NULL DEFAULT NULL,
  `updated_at` timestamp NULL DEFAULT NULL
) ENGINE=InnoDB DEFAULT CHARSET=utf8mb4 COLLATE=utf8mb4_unicode_ci;

--
-- Dumping data for table `campaign_product_images`
--

INSERT INTO `campaign_product_images` (`id`, `image`, `campaign_product_id`, `deleted_at`, `created_at`, `updated_at`) VALUES
(1, 'products/product1.jpg', 1, NULL, '2022-06-29 09:21:45', '2022-06-29 09:21:45'),
(2, 'products/product2.jpg', 2, NULL, '2022-06-29 09:21:45', '2022-06-29 09:21:45'),
(3, 'products/product3.jpg', 3, NULL, '2022-06-29 09:21:45', '2022-06-29 09:21:45'),
(4, 'products/product4.jpg', 4, NULL, '2022-06-29 09:21:45', '2022-06-29 09:21:45'),
(5, 'products/SbINpBdkxOhCNyNgV2CZ88VmBPfPDxdrAbiMz9AJ.jpg', 5, NULL, '2022-06-29 09:50:24', '2022-06-29 09:50:24'),
(6, 'products/ayEfEOHZ781DYVsenQghIgGobzA3s05v4n1TQjgk.png', 6, NULL, '2022-07-05 09:42:34', '2022-07-05 09:42:34'),
(7, 'products/Ao34bLmpcOg6kdvMnKcZZ3RLLYAjik71IuWoz3Qg.png', 7, NULL, '2022-07-05 09:45:45', '2022-07-05 09:45:45'),
(8, 'products/865Tb8LlIhvGT84Hvm6ZGyzM0JOcSAgdB1Mlzcka.png', 8, NULL, '2022-07-27 11:35:52', '2022-07-27 11:35:52'),
(9, 'products/xR5bYnK2Z1ctQHDSkNIE5NkKi7i3CG0rMV4XwMtb.png', 9, NULL, '2022-08-01 09:26:18', '2022-08-01 09:26:18'),
(10, 'products/fG0Pj5qjFmbClACW0W7DAIZAINkhcceOV73mEG93.png', 10, NULL, '2022-08-01 10:18:08', '2022-08-01 10:18:08'),
(11, 'products/product1.jpg', 11, NULL, '2022-08-02 07:42:31', '2022-08-02 07:42:31'),
(12, 'products/product2.jpg', 11, NULL, '2022-08-02 07:42:31', '2022-08-02 07:42:31'),
(13, 'products/product1.jpg', 12, NULL, '2022-08-03 09:39:45', '2022-08-03 09:39:45'),
(14, 'products/product2.jpg', 12, NULL, '2022-08-03 09:39:45', '2022-08-03 09:39:45'),
(15, 'products/product1.jpg', 13, NULL, '2022-08-03 09:45:39', '2022-08-03 09:45:39'),
(16, 'products/product2.jpg', 13, NULL, '2022-08-03 09:45:39', '2022-08-03 09:45:39'),
(17, 'products/product1.jpg', 14, NULL, '2022-08-03 09:48:55', '2022-08-03 09:48:55'),
(18, 'products/product2.jpg', 14, NULL, '2022-08-03 09:48:55', '2022-08-03 09:48:55'),
(19, 'products/product1.jpg', 15, NULL, '2022-08-03 09:51:05', '2022-08-03 09:51:05'),
(20, 'products/product2.jpg', 15, NULL, '2022-08-03 09:51:05', '2022-08-03 09:51:05'),
(21, 'products/product1.jpg', 16, NULL, '2022-08-03 10:06:57', '2022-08-03 10:06:57'),
(22, 'products/product2.jpg', 16, NULL, '2022-08-03 10:06:57', '2022-08-03 10:06:57'),
(23, 'products/JwEQn5jpXEeug3NOh8yDNc2S0uWtsnAfUlflYGXX.png', 17, NULL, '2022-08-03 13:45:12', '2022-08-03 13:45:12'),
(24, 'products/jtEQw6dC2ezirni9bpzbwXczEWEmozGdjqKdz5Ev.png', 18, NULL, '2022-08-04 07:25:21', '2022-08-04 07:25:21'),
(25, 'products/t2YUM8NlVtMBwTPkl8u4QRqMlKeW32oEJcqCbAZb.png', 19, NULL, '2022-08-04 07:47:42', '2022-08-04 07:47:42'),
(26, 'products/d2ZXNdiRIWD04eE5WJoB96sKdewS08e7RfalBkU2.png', 20, NULL, '2022-08-04 07:54:54', '2022-08-04 07:54:54'),
(27, 'products/wTEaOEyIFs7xp9TVFZeY51ofGdRm9472jRncPs61.png', 21, NULL, '2022-08-04 07:59:23', '2022-08-04 07:59:23'),
(28, 'products/2K3Jc6yE8KUEOq6i8N5qksNy2WDsuWDDyAYW0Kzy.png', 22, NULL, '2022-08-04 08:06:13', '2022-08-04 08:06:13'),
(29, 'products/21nWPSH11FOyTuA6kabwWZvzcf4P6Vr32TNGn2wK.png', 23, NULL, '2022-08-04 08:13:09', '2022-08-04 08:13:09'),
(30, 'products/LN6AFgubNhuDau7fR4ePkLq0fbKefRbwEYF4IxUY.png', 24, NULL, '2022-08-04 08:47:49', '2022-08-04 08:47:49'),
(31, 'products/NlheeOYGxFrGYr9gsaNRXlfdNwf5FgjagjCriLou.png', 25, NULL, '2022-08-04 08:55:55', '2022-08-04 08:55:55'),
(32, 'products/S8Qe4cHBnHU4KVIPrDkIGf3QBRq9MPoiXp94BHCb.png', 26, NULL, '2022-08-04 09:00:55', '2022-08-04 09:00:55'),
(33, 'products/wTEaOEyIFs7xp9TVFZeY51ofGdRm9472jRncPs61.png', 27, NULL, '2022-08-04 09:08:53', '2022-08-04 09:08:53'),
(34, 'products/TVuFG6buy9PXHeZ14gPENNSlSFXnsVxfW6Xqx1AN.png', 28, NULL, '2022-08-04 11:23:48', '2022-08-04 11:23:48'),
(35, 'products/S8Qe4cHBnHU4KVIPrDkIGf3QBRq9MPoiXp94BHCb.png', 29, NULL, '2022-08-04 11:26:42', '2022-08-04 11:26:42'),
(36, 'products/Bcr1Iko2nMj3yRITMITbUtpYciF24LeNcmKigVHM.png', 30, NULL, '2022-08-08 09:28:45', '2022-08-08 09:28:45'),
(37, 'products/ayEfEOHZ781DYVsenQghIgGobzA3s05v4n1TQjgk.png', 31, NULL, '2022-08-19 06:44:04', '2022-08-19 06:44:04'),
(38, 'products/NlheeOYGxFrGYr9gsaNRXlfdNwf5FgjagjCriLou.png', 32, NULL, '2022-08-26 04:23:02', '2022-08-26 04:23:02'),
(39, 'products/cT14M7Um0R4EwsBFpXF83TEiVYMfiBb7XrYYet6l.png', 33, NULL, '2022-08-31 04:53:11', '2022-08-31 04:53:11'),
(40, 'products/TVuFG6buy9PXHeZ14gPENNSlSFXnsVxfW6Xqx1AN.png', 34, NULL, '2022-09-30 14:56:23', '2022-09-30 14:56:23'),
(41, 'products/TVuFG6buy9PXHeZ14gPENNSlSFXnsVxfW6Xqx1AN.png', 35, NULL, '2022-10-07 10:07:35', '2022-10-07 10:07:35'),
(42, 'products/cT14M7Um0R4EwsBFpXF83TEiVYMfiBb7XrYYet6l.png', 36, NULL, '2022-10-07 10:15:52', '2022-10-07 10:15:52'),
(43, 'products/wTEaOEyIFs7xp9TVFZeY51ofGdRm9472jRncPs61.png', 37, NULL, '2022-10-07 10:41:20', '2022-10-07 10:41:20');

-- --------------------------------------------------------

--
-- Table structure for table `campaign_winners`
--

CREATE TABLE `campaign_winners` (
  `id` bigint UNSIGNED NOT NULL,
  `campaign_id` bigint UNSIGNED NOT NULL,
  `user_id` bigint UNSIGNED NOT NULL,
  `draw_youtube_link` mediumtext CHARACTER SET utf8mb4 COLLATE utf8mb4_unicode_ci,
  `coupon_number` varchar(255) CHARACTER SET utf8mb4 COLLATE utf8mb4_unicode_ci NOT NULL,
  `deleted_at` timestamp NULL DEFAULT NULL,
  `created_at` timestamp NULL DEFAULT NULL,
  `updated_at` timestamp NULL DEFAULT NULL
) ENGINE=InnoDB DEFAULT CHARSET=utf8mb4 COLLATE=utf8mb4_unicode_ci;

--
-- Dumping data for table `campaign_winners`
--

INSERT INTO `campaign_winners` (`id`, `campaign_id`, `user_id`, `draw_youtube_link`, `coupon_number`, `deleted_at`, `created_at`, `updated_at`) VALUES
(1, 3, 7, 'https://www.youtube.com/watch?v=9xwazD5SyVg', 'cvpoi-998oi-jqk0990', NULL, '2022-07-02 15:32:07', '2022-07-02 15:32:07'),
(2, 18, 14, NULL, 'TICKET17A18KTBZ', NULL, '2022-08-18 06:20:35', '2022-08-18 06:20:35');

-- --------------------------------------------------------

--
-- Table structure for table `cart`
--

CREATE TABLE `cart` (
  `id` bigint UNSIGNED NOT NULL,
  `user_id` bigint UNSIGNED NOT NULL,
  `campaign_id` bigint UNSIGNED NOT NULL,
  `campaign_product_id` bigint UNSIGNED NOT NULL,
  `product_count` tinyint NOT NULL,
  `is_ticket_donate` tinyint(1) NOT NULL DEFAULT '1',
  `deleted_at` timestamp NULL DEFAULT NULL,
  `created_at` timestamp NULL DEFAULT NULL,
  `updated_at` timestamp NULL DEFAULT NULL
) ENGINE=InnoDB DEFAULT CHARSET=utf8mb4 COLLATE=utf8mb4_unicode_ci;

--
-- Dumping data for table `cart`
--

INSERT INTO `cart` (`id`, `user_id`, `campaign_id`, `campaign_product_id`, `product_count`, `is_ticket_donate`, `deleted_at`, `created_at`, `updated_at`) VALUES
(42, 18, 18, 18, 1, 1, NULL, '2022-08-05 03:52:52', '2022-08-05 03:52:52'),
(50, 19, 21, 21, 3, 1, NULL, '2022-08-06 06:45:03', '2022-08-06 09:20:09'),
(51, 19, 26, 26, 2, 1, NULL, '2022-08-06 08:01:31', '2022-08-06 09:20:09'),
(53, 19, 17, 17, 7, 1, NULL, '2022-08-06 13:39:20', '2022-08-07 13:22:30'),
(56, 19, 28, 28, 1, 1, NULL, '2022-08-07 10:52:33', '2022-08-07 10:52:33'),
(180, 27, 29, 29, 2, 1, NULL, '2022-09-08 14:49:45', '2022-09-08 15:49:23'),
(284, 31, 34, 34, 6, 1, NULL, '2022-10-07 09:31:56', '2022-10-07 09:32:05'),
(289, 14, 37, 37, 10, 1, NULL, '2022-10-09 13:51:58', '2022-10-25 14:04:42'),
(290, 36, 35, 35, 2, 1, NULL, '2022-10-10 10:58:13', '2022-10-10 11:09:49'),
(291, 36, 37, 37, 1, 1, NULL, '2022-10-10 10:58:14', '2022-10-10 10:58:14'),
(304, 14, 35, 35, 1, 1, NULL, '2022-10-25 14:04:39', '2022-10-25 14:04:39');

-- --------------------------------------------------------

--
-- Table structure for table `checkout_products`
--

CREATE TABLE `checkout_products` (
  `id` bigint UNSIGNED NOT NULL,
  `checkout_id` int DEFAULT NULL,
  `cart_id` int DEFAULT NULL,
  `campaign_id` int DEFAULT NULL,
  `campaign_product_id` int DEFAULT NULL,
  `product_count` int NOT NULL DEFAULT '1',
  `created_at` timestamp NULL DEFAULT NULL,
  `updated_at` timestamp NULL DEFAULT NULL
) ENGINE=InnoDB DEFAULT CHARSET=utf8mb4 COLLATE=utf8mb4_unicode_ci;

--
-- Dumping data for table `checkout_products`
--

INSERT INTO `checkout_products` (`id`, `checkout_id`, `cart_id`, `campaign_id`, `campaign_product_id`, `product_count`, `created_at`, `updated_at`) VALUES
(1, 1, 2, 1, 1, 1, '2022-07-02 11:13:29', '2022-07-02 11:13:29'),
(2, 2, 4, 1, 1, 2, '2022-07-06 18:35:39', '2022-07-06 18:35:39'),
(3, 2, 5, 4, 1, 2, '2022-07-06 18:35:39', '2022-07-06 18:35:39'),
(4, 3, 4, 1, 1, 2, '2022-07-06 18:37:24', '2022-07-06 18:37:24'),
(5, 3, 5, 4, 1, 2, '2022-07-06 18:37:24', '2022-07-06 18:37:24'),
(6, 4, 4, 1, 1, 2, '2022-07-06 18:37:29', '2022-07-06 18:37:29'),
(7, 4, 5, 4, 1, 2, '2022-07-06 18:37:29', '2022-07-06 18:37:29'),
(8, 5, 4, 1, 1, 2, '2022-07-06 18:48:30', '2022-07-06 18:48:30'),
(9, 5, 5, 4, 1, 2, '2022-07-06 18:48:30', '2022-07-06 18:48:30'),
(10, 6, 4, 1, 1, 2, '2022-07-06 18:48:47', '2022-07-06 18:48:47'),
(11, 6, 5, 4, 1, 2, '2022-07-06 18:48:47', '2022-07-06 18:48:47'),
(12, 7, 4, 1, 1, 2, '2022-07-06 18:48:51', '2022-07-06 18:48:51'),
(13, 7, 5, 4, 1, 2, '2022-07-06 18:48:51', '2022-07-06 18:48:51'),
(14, 8, 4, 1, 1, 2, '2022-07-06 18:48:55', '2022-07-06 18:48:55'),
(15, 8, 5, 4, 1, 2, '2022-07-06 18:48:55', '2022-07-06 18:48:55'),
(16, 9, 4, 1, 1, 2, '2022-07-06 18:49:55', '2022-07-06 18:49:55'),
(17, 9, 5, 4, 1, 2, '2022-07-06 18:49:55', '2022-07-06 18:49:55'),
(18, 10, 4, 1, 1, 2, '2022-07-06 18:49:59', '2022-07-06 18:49:59'),
(19, 10, 5, 4, 1, 2, '2022-07-06 18:49:59', '2022-07-06 18:49:59'),
(20, 11, 4, 1, 1, 2, '2022-07-06 18:50:03', '2022-07-06 18:50:03'),
(21, 11, 5, 4, 1, 2, '2022-07-06 18:50:03', '2022-07-06 18:50:03'),
(22, 12, 4, 1, 1, 2, '2022-07-06 18:51:05', '2022-07-06 18:51:05'),
(23, 12, 5, 4, 1, 2, '2022-07-06 18:51:05', '2022-07-06 18:51:05'),
(24, 13, 4, 1, 1, 2, '2022-07-06 18:51:09', '2022-07-06 18:51:09'),
(25, 13, 5, 4, 1, 2, '2022-07-06 18:51:09', '2022-07-06 18:51:09'),
(26, 14, 4, 1, 1, 2, '2022-07-06 18:53:05', '2022-07-06 18:53:05'),
(27, 14, 5, 4, 1, 2, '2022-07-06 18:53:05', '2022-07-06 18:53:05'),
(28, 15, 4, 1, 1, 2, '2022-07-06 18:55:51', '2022-07-06 18:55:51'),
(29, 15, 5, 4, 1, 2, '2022-07-06 18:55:51', '2022-07-06 18:55:51'),
(30, 16, 4, 1, 1, 2, '2022-07-06 19:10:29', '2022-07-06 19:10:29'),
(31, 16, 5, 4, 1, 2, '2022-07-06 19:10:29', '2022-07-06 19:10:29'),
(32, 17, 11, 1, 1, 1, '2022-07-13 10:49:07', '2022-07-13 10:49:07'),
(33, 18, 11, 1, 1, 1, '2022-07-13 10:49:13', '2022-07-13 10:49:13'),
(34, 19, 11, 1, 1, 1, '2022-07-13 10:50:18', '2022-07-13 10:50:18'),
(35, 20, 17, 6, 6, 4, '2022-07-22 10:11:27', '2022-07-22 10:11:27'),
(36, 20, 18, 7, 7, 3, '2022-07-22 10:11:27', '2022-07-22 10:11:27'),
(37, 21, 17, 6, 6, 4, '2022-07-22 10:31:19', '2022-07-22 10:31:19'),
(38, 21, 18, 7, 7, 3, '2022-07-22 10:31:19', '2022-07-22 10:31:19'),
(39, 22, 17, 6, 6, 4, '2022-07-22 10:38:13', '2022-07-22 10:38:13'),
(40, 22, 18, 7, 7, 3, '2022-07-22 10:38:13', '2022-07-22 10:38:13'),
(41, 23, 17, 6, 6, 4, '2022-07-22 10:50:51', '2022-07-22 10:50:51'),
(42, 23, 18, 7, 7, 3, '2022-07-22 10:50:51', '2022-07-22 10:50:51'),
(43, 24, 17, 6, 6, 4, '2022-07-22 10:51:26', '2022-07-22 10:51:26'),
(44, 24, 18, 7, 7, 3, '2022-07-22 10:51:26', '2022-07-22 10:51:26'),
(45, 25, 20, 7, 7, 1, '2022-07-22 13:25:11', '2022-07-22 13:25:11'),
(46, 26, 21, 1, 1, 1, '2022-07-23 08:30:05', '2022-07-23 08:30:05'),
(47, 27, 22, 6, 6, 1, '2022-07-26 10:41:39', '2022-07-26 10:41:39'),
(48, 28, 26, 1, 1, 1, '2022-08-01 05:19:45', '2022-08-01 05:19:45'),
(49, 29, 28, 1, 1, 1, '2022-08-02 04:50:25', '2022-08-02 04:50:25'),
(50, 30, 29, 9, 9, 1, '2022-08-02 04:56:51', '2022-08-02 04:56:51'),
(51, 31, 38, 18, 18, 1, '2022-08-04 09:15:58', '2022-08-04 09:15:58'),
(52, 32, 38, 18, 18, 1, '2022-08-04 09:26:02', '2022-08-04 09:26:02'),
(53, 32, 39, 19, 19, 1, '2022-08-04 09:26:02', '2022-08-04 09:26:02'),
(54, 33, 38, 18, 18, 1, '2022-08-04 10:16:27', '2022-08-04 10:16:27'),
(55, 33, 39, 19, 19, 1, '2022-08-04 10:16:27', '2022-08-04 10:16:27'),
(56, 34, 42, 18, 18, 1, '2022-08-05 03:54:16', '2022-08-05 03:54:16'),
(57, 35, 43, 21, 21, 1, '2022-08-05 05:44:44', '2022-08-05 05:44:44'),
(58, 36, 44, 18, 18, 1, '2022-08-05 06:09:57', '2022-08-05 06:09:57'),
(59, 36, 46, 26, 26, 1, '2022-08-05 06:09:57', '2022-08-05 06:09:57'),
(60, 37, 44, 18, 18, 1, '2022-08-05 06:21:00', '2022-08-05 06:21:00'),
(61, 37, 46, 26, 26, 1, '2022-08-05 06:21:00', '2022-08-05 06:21:00'),
(62, 38, 48, 18, 18, 1, '2022-08-05 07:32:55', '2022-08-05 07:32:55'),
(63, 39, 48, 18, 18, 1, '2022-08-05 07:33:59', '2022-08-05 07:33:59'),
(64, 39, 49, 19, 19, 1, '2022-08-05 07:33:59', '2022-08-05 07:33:59'),
(65, 40, 52, 18, 18, 1, '2022-08-06 11:05:29', '2022-08-06 11:05:29'),
(66, 41, 40, 18, 18, 5, '2022-08-06 12:58:55', '2022-08-06 12:58:55'),
(67, 41, 41, 19, 19, 2, '2022-08-06 12:58:55', '2022-08-06 12:58:55'),
(68, 41, 45, 20, 20, 3, '2022-08-06 12:58:55', '2022-08-06 12:58:55'),
(69, 42, 50, 21, 21, 3, '2022-08-06 13:01:51', '2022-08-06 13:01:51'),
(70, 42, 51, 26, 26, 2, '2022-08-06 13:01:51', '2022-08-06 13:01:51'),
(71, 43, 50, 21, 21, 3, '2022-08-06 13:11:37', '2022-08-06 13:11:37'),
(72, 43, 51, 26, 26, 2, '2022-08-06 13:11:37', '2022-08-06 13:11:37'),
(73, 44, 50, 21, 21, 3, '2022-08-06 13:17:05', '2022-08-06 13:17:05'),
(74, 44, 51, 26, 26, 2, '2022-08-06 13:17:05', '2022-08-06 13:17:05'),
(75, 45, 50, 21, 21, 3, '2022-08-06 13:25:07', '2022-08-06 13:25:07'),
(76, 45, 51, 26, 26, 2, '2022-08-06 13:25:07', '2022-08-06 13:25:07'),
(77, 46, 50, 21, 21, 3, '2022-08-06 19:32:57', '2022-08-06 19:32:57'),
(78, 46, 51, 26, 26, 2, '2022-08-06 19:32:57', '2022-08-06 19:32:57'),
(79, 46, 53, 17, 17, 3, '2022-08-06 19:32:57', '2022-08-06 19:32:57'),
(80, 47, 40, 18, 18, 5, '2022-08-07 04:36:53', '2022-08-07 04:36:53'),
(81, 47, 41, 19, 19, 2, '2022-08-07 04:36:53', '2022-08-07 04:36:53'),
(82, 47, 45, 20, 20, 3, '2022-08-07 04:36:53', '2022-08-07 04:36:53'),
(83, 47, 54, 29, 29, 1, '2022-08-07 04:36:53', '2022-08-07 04:36:53'),
(84, 47, 55, 17, 17, 20, '2022-08-07 04:36:53', '2022-08-07 04:36:53'),
(85, 48, 40, 18, 18, 5, '2022-08-07 04:41:17', '2022-08-07 04:41:17'),
(86, 48, 41, 19, 19, 2, '2022-08-07 04:41:17', '2022-08-07 04:41:17'),
(87, 48, 45, 20, 20, 3, '2022-08-07 04:41:17', '2022-08-07 04:41:17'),
(88, 48, 54, 29, 29, 1, '2022-08-07 04:41:17', '2022-08-07 04:41:17'),
(89, 48, 55, 17, 17, 20, '2022-08-07 04:41:17', '2022-08-07 04:41:17'),
(90, 49, 57, 17, 17, 1, '2022-08-08 04:41:12', '2022-08-08 04:41:12'),
(91, 50, 62, 17, 15, 1, '2022-08-08 07:38:44', '2022-08-08 07:38:44'),
(92, 51, 63, 18, 18, 1, '2022-08-08 08:15:17', '2022-08-08 08:15:17'),
(93, 52, 63, 18, 18, 1, '2022-08-08 08:39:22', '2022-08-08 08:39:22'),
(94, 53, 64, 26, 26, 1, '2022-08-08 08:40:14', '2022-08-08 08:40:14'),
(95, 54, 66, 13, 13, 1, '2022-08-08 10:01:47', '2022-08-08 10:01:47'),
(96, 55, 67, 13, 13, 1, '2022-08-08 10:14:23', '2022-08-08 10:14:23'),
(97, 56, 68, 24, 24, 1, '2022-08-08 10:14:50', '2022-08-08 10:14:50'),
(98, 57, 75, 13, 13, 2, '2022-08-09 05:21:14', '2022-08-09 05:21:14'),
(99, 58, 76, 21, 21, 1, '2022-08-09 05:38:46', '2022-08-09 05:38:46'),
(100, 59, 77, 15, 15, 1, '2022-08-09 09:18:10', '2022-08-09 09:18:10'),
(101, 60, 78, 29, 29, 1, '2022-08-09 09:26:15', '2022-08-09 09:26:15'),
(102, 61, 87, 13, 13, 2, '2022-08-10 09:08:07', '2022-08-10 09:08:07'),
(103, 61, 89, 14, 14, 2, '2022-08-10 09:08:07', '2022-08-10 09:08:07'),
(104, 62, 91, 26, 26, 1, '2022-08-10 09:28:55', '2022-08-10 09:28:55'),
(105, 63, 92, 23, 23, 1, '2022-08-11 11:31:31', '2022-08-11 11:31:31'),
(106, 63, 93, 22, 22, 1, '2022-08-11 11:31:31', '2022-08-11 11:31:31'),
(107, 64, 97, 24, 24, 1, '2022-08-12 06:56:35', '2022-08-12 06:56:35'),
(108, 65, 98, 13, 13, 1, '2022-08-12 08:52:07', '2022-08-12 08:52:07'),
(109, 66, 99, 15, 15, 1, '2022-08-12 08:54:54', '2022-08-12 08:54:54'),
(110, 67, 100, 24, 24, 1, '2022-08-12 11:07:27', '2022-08-12 11:07:27'),
(111, 68, 100, 24, 24, 1, '2022-08-12 11:07:55', '2022-08-12 11:07:55'),
(112, 69, 101, 24, 24, 1, '2022-08-12 11:24:47', '2022-08-12 11:24:47'),
(113, 70, 102, 20, 20, 1, '2022-08-12 12:12:18', '2022-08-12 12:12:18'),
(114, 71, 103, 21, 21, 1, '2022-08-12 12:29:02', '2022-08-12 12:29:02'),
(115, 72, 104, 14, 1, 1, '2022-08-13 12:44:49', '2022-08-13 12:44:49'),
(116, 73, 104, 14, 1, 1, '2022-08-13 12:44:52', '2022-08-13 12:44:52'),
(117, 74, 104, 14, 1, 1, '2022-08-13 12:46:48', '2022-08-13 12:46:48'),
(118, 75, 105, 13, 1, 1, '2022-08-13 13:03:50', '2022-08-13 13:03:50'),
(119, 76, 70, 22, 22, 2, '2022-08-13 13:15:23', '2022-08-13 13:15:23'),
(120, 76, 71, 20, 20, 1, '2022-08-13 13:15:23', '2022-08-13 13:15:23'),
(121, 76, 104, 14, 1, 1, '2022-08-13 13:15:23', '2022-08-13 13:15:23'),
(122, 76, 105, 13, 1, 1, '2022-08-13 13:15:23', '2022-08-13 13:15:23'),
(123, 77, 70, 22, 22, 2, '2022-08-13 13:20:39', '2022-08-13 13:20:39'),
(124, 77, 71, 20, 20, 1, '2022-08-13 13:20:39', '2022-08-13 13:20:39'),
(125, 77, 104, 14, 1, 1, '2022-08-13 13:20:39', '2022-08-13 13:20:39'),
(126, 77, 105, 13, 1, 1, '2022-08-13 13:20:39', '2022-08-13 13:20:39'),
(127, 78, 107, 27, 27, 1, '2022-08-14 07:50:33', '2022-08-14 07:50:33'),
(128, 79, 108, 15, 15, 1, '2022-08-16 06:39:24', '2022-08-16 06:39:24'),
(129, 80, 109, 27, 27, 1, '2022-08-16 12:14:48', '2022-08-16 12:14:48'),
(130, 81, 111, 13, 13, 1, '2022-08-17 10:08:19', '2022-08-17 10:08:19'),
(131, 81, 112, 26, 26, 1, '2022-08-17 10:08:19', '2022-08-17 10:08:19'),
(132, 82, 111, 13, 13, 1, '2022-08-17 10:10:05', '2022-08-17 10:10:05'),
(133, 82, 112, 26, 26, 1, '2022-08-17 10:10:05', '2022-08-17 10:10:05'),
(134, 83, 113, 23, 23, 1, '2022-08-17 10:10:09', '2022-08-17 10:10:09'),
(135, 84, 111, 13, 13, 1, '2022-08-17 10:10:46', '2022-08-17 10:10:46'),
(136, 84, 112, 26, 26, 1, '2022-08-17 10:10:46', '2022-08-17 10:10:46'),
(137, 85, 113, 23, 23, 1, '2022-08-17 10:14:03', '2022-08-17 10:14:03'),
(138, 86, 113, 23, 23, 1, '2022-08-17 10:16:03', '2022-08-17 10:16:03'),
(139, 87, 111, 13, 13, 1, '2022-08-17 10:16:12', '2022-08-17 10:16:12'),
(140, 87, 112, 26, 26, 1, '2022-08-17 10:16:12', '2022-08-17 10:16:12'),
(141, 88, 113, 23, 23, 1, '2022-08-17 10:22:34', '2022-08-17 10:22:34'),
(142, 89, 111, 13, 13, 1, '2022-08-17 12:07:26', '2022-08-17 12:07:26'),
(143, 89, 112, 26, 26, 1, '2022-08-17 12:07:26', '2022-08-17 12:07:26'),
(144, 90, 113, 23, 23, 1, '2022-08-17 12:45:10', '2022-08-17 12:45:10'),
(145, 91, 114, 13, 13, 1, '2022-08-17 12:47:32', '2022-08-17 12:47:32'),
(146, 92, 114, 13, 13, 1, '2022-08-17 12:50:19', '2022-08-17 12:50:19'),
(147, 93, 114, 13, 13, 1, '2022-08-17 12:51:02', '2022-08-17 12:51:02'),
(148, 94, 115, 20, 20, 1, '2022-08-18 04:09:40', '2022-08-18 04:09:40'),
(149, 95, 115, 20, 20, 1, '2022-08-18 04:23:14', '2022-08-18 04:23:14'),
(150, 96, 113, 23, 23, 1, '2022-08-18 04:23:32', '2022-08-18 04:23:32'),
(151, 97, 115, 20, 20, 1, '2022-08-18 04:23:34', '2022-08-18 04:23:34'),
(152, 98, 115, 20, 20, 1, '2022-08-18 04:42:51', '2022-08-18 04:42:51'),
(153, 99, 113, 23, 23, 1, '2022-08-18 05:13:33', '2022-08-18 05:13:33'),
(154, 100, 113, 23, 23, 1, '2022-08-18 06:25:05', '2022-08-18 06:25:05'),
(155, 101, 113, 23, 23, 1, '2022-08-18 06:28:23', '2022-08-18 06:28:23'),
(156, 101, 116, 13, 13, 1, '2022-08-18 06:28:23', '2022-08-18 06:28:23'),
(157, 102, 114, 13, 13, 1, '2022-08-18 06:58:07', '2022-08-18 06:58:07'),
(158, 103, 113, 23, 23, 1, '2022-08-19 09:39:37', '2022-08-19 09:39:37'),
(159, 103, 116, 13, 13, 1, '2022-08-19 09:39:37', '2022-08-19 09:39:37'),
(160, 104, 118, 14, 14, 1, '2022-08-19 10:21:24', '2022-08-19 10:21:24'),
(161, 104, 119, 15, 15, 1, '2022-08-19 10:21:24', '2022-08-19 10:21:24'),
(162, 105, 118, 14, 14, 1, '2022-08-19 10:26:15', '2022-08-19 10:26:15'),
(163, 105, 119, 15, 15, 1, '2022-08-19 10:26:15', '2022-08-19 10:26:15'),
(164, 106, 120, 20, 20, 1, '2022-08-20 05:01:50', '2022-08-20 05:01:50'),
(165, 107, 121, 26, 26, 1, '2022-08-20 05:06:08', '2022-08-20 05:06:08'),
(166, 108, 122, 27, 27, 1, '2022-08-20 05:53:25', '2022-08-20 05:53:25'),
(167, 109, 123, 22, 22, 1, '2022-08-20 07:01:46', '2022-08-20 07:01:46'),
(168, 110, 115, 20, 20, 1, '2022-08-22 04:40:56', '2022-08-22 04:40:56'),
(169, 111, 124, 31, 31, 1, '2022-08-22 04:44:42', '2022-08-22 04:44:42'),
(170, 112, 125, 28, 28, 1, '2022-08-22 05:20:23', '2022-08-22 05:20:23'),
(171, 113, 126, 31, 31, 1, '2022-08-22 05:23:46', '2022-08-22 05:23:46'),
(172, 114, 127, 31, 31, 1, '2022-08-22 05:31:15', '2022-08-22 05:31:15'),
(173, 115, 128, 22, 22, 1, '2022-08-22 05:37:35', '2022-08-22 05:37:35'),
(174, 116, 131, 21, 21, 1, '2022-08-22 06:59:23', '2022-08-22 06:59:23'),
(175, 116, 132, 31, 31, 1, '2022-08-22 06:59:23', '2022-08-22 06:59:23'),
(176, 117, 131, 21, 21, 1, '2022-08-22 08:26:41', '2022-08-22 08:26:41'),
(177, 117, 132, 31, 31, 1, '2022-08-22 08:26:41', '2022-08-22 08:26:41'),
(178, 118, 131, 21, 21, 1, '2022-08-22 09:10:23', '2022-08-22 09:10:23'),
(179, 118, 132, 31, 31, 1, '2022-08-22 09:10:23', '2022-08-22 09:10:23'),
(180, 119, 130, 26, 26, 1, '2022-08-23 05:17:48', '2022-08-23 05:17:48'),
(181, 120, 134, 20, 20, 1, '2022-08-23 05:53:12', '2022-08-23 05:53:12'),
(182, 121, 134, 20, 20, 1, '2022-08-23 05:53:35', '2022-08-23 05:53:35'),
(183, 122, 135, 21, 21, 1, '2022-08-23 05:53:36', '2022-08-23 05:53:36'),
(184, 123, 136, 20, 20, 1, '2022-08-23 06:16:53', '2022-08-23 06:16:53'),
(185, 124, 137, 20, 20, 1, '2022-08-23 06:30:38', '2022-08-23 06:30:38'),
(186, 125, 138, 20, 20, 1, '2022-08-25 07:39:24', '2022-08-25 07:39:24'),
(187, 126, 138, 20, 20, 1, '2022-08-25 07:43:08', '2022-08-25 07:43:08'),
(188, 127, 142, 22, 22, 1, '2022-08-25 07:48:57', '2022-08-25 07:48:57'),
(189, 127, 143, 20, 20, 1, '2022-08-25 07:48:57', '2022-08-25 07:48:57'),
(190, 128, 142, 22, 22, 1, '2022-08-25 09:41:49', '2022-08-25 09:41:49'),
(191, 128, 143, 20, 20, 1, '2022-08-25 09:41:49', '2022-08-25 09:41:49'),
(192, 129, 143, 20, 20, 1, '2022-08-25 11:10:35', '2022-08-25 11:10:35'),
(193, 130, 142, 22, 22, 2, '2022-08-25 11:54:03', '2022-08-25 11:54:03'),
(194, 130, 143, 20, 20, 1, '2022-08-25 11:54:03', '2022-08-25 11:54:03'),
(195, 131, 144, 32, 32, 1, '2022-08-26 04:33:19', '2022-08-26 04:33:19'),
(196, 132, 145, 32, 32, 1, '2022-08-26 04:57:29', '2022-08-26 04:57:29'),
(197, 133, 146, 32, 32, 1, '2022-08-26 05:07:47', '2022-08-26 05:07:47'),
(198, 134, 147, 32, 32, 1, '2022-08-26 05:09:29', '2022-08-26 05:09:29'),
(199, 135, 148, 32, 32, 1, '2022-08-26 06:17:38', '2022-08-26 06:17:38'),
(200, 136, 149, 32, 32, 1, '2022-08-26 06:19:10', '2022-08-26 06:19:10'),
(201, 137, 151, 24, 24, 1, '2022-08-26 08:44:25', '2022-08-26 08:44:25'),
(202, 138, 157, 22, 22, 1, '2022-08-26 09:25:45', '2022-08-26 09:25:45'),
(203, 139, 158, 25, 25, 1, '2022-08-26 09:26:10', '2022-08-26 09:26:10'),
(204, 140, 151, 24, 24, 1, '2022-08-26 09:30:30', '2022-08-26 09:30:30'),
(205, 141, 159, 20, 20, 1, '2022-08-26 09:30:52', '2022-08-26 09:30:52'),
(206, 142, 160, 20, 20, 1, '2022-08-26 09:33:19', '2022-08-26 09:33:19'),
(207, 143, 160, 20, 20, 1, '2022-08-26 09:34:19', '2022-08-26 09:34:19'),
(208, 144, 160, 20, 20, 1, '2022-08-26 09:34:42', '2022-08-26 09:34:42'),
(209, 145, 160, 20, 20, 1, '2022-08-26 09:35:21', '2022-08-26 09:35:21'),
(210, 146, 161, 20, 20, 1, '2022-08-26 09:37:44', '2022-08-26 09:37:44'),
(211, 147, 161, 20, 20, 1, '2022-08-26 09:37:57', '2022-08-26 09:37:57'),
(212, 148, 162, 25, 25, 1, '2022-08-26 09:38:31', '2022-08-26 09:38:31'),
(213, 149, 163, 20, 20, 1, '2022-08-26 09:38:52', '2022-08-26 09:38:52'),
(214, 150, 163, 20, 20, 1, '2022-08-26 09:45:28', '2022-08-26 09:45:28'),
(215, 151, 164, 20, 20, 1, '2022-08-26 11:45:34', '2022-08-26 11:45:34'),
(216, 152, 166, 28, 28, 1, '2022-08-29 05:54:54', '2022-08-29 05:54:54'),
(217, 153, 166, 28, 28, 1, '2022-08-29 05:55:13', '2022-08-29 05:55:13'),
(218, 154, 167, 29, 29, 1, '2022-08-29 05:55:30', '2022-08-29 05:55:30'),
(219, 155, 168, 30, 30, 1, '2022-08-29 09:41:42', '2022-08-29 09:41:42'),
(220, 155, 169, 28, 28, 1, '2022-08-29 09:41:42', '2022-08-29 09:41:42'),
(221, 156, 168, 30, 30, 1, '2022-08-29 09:41:49', '2022-08-29 09:41:49'),
(222, 156, 169, 28, 28, 1, '2022-08-29 09:41:49', '2022-08-29 09:41:49'),
(223, 157, 170, 28, 28, 3, '2022-08-30 05:57:32', '2022-08-30 05:57:32'),
(224, 157, 171, 29, 29, 1, '2022-08-30 05:57:32', '2022-08-30 05:57:32'),
(225, 158, 170, 28, 28, 3, '2022-08-30 06:31:33', '2022-08-30 06:31:33'),
(226, 158, 171, 29, 29, 1, '2022-08-30 06:31:33', '2022-08-30 06:31:33'),
(227, 159, 170, 28, 28, 3, '2022-08-30 06:34:00', '2022-08-30 06:34:00'),
(228, 159, 171, 29, 29, 1, '2022-08-30 06:34:00', '2022-08-30 06:34:00'),
(229, 160, 173, 24, 24, 1, '2022-08-30 07:05:40', '2022-08-30 07:05:40'),
(230, 161, 172, 30, 30, 1, '2022-08-30 07:52:45', '2022-08-30 07:52:45'),
(231, 161, 173, 24, 24, 1, '2022-08-30 07:52:45', '2022-08-30 07:52:45'),
(232, 162, 174, 28, 28, 1, '2022-08-30 10:01:19', '2022-08-30 10:01:19'),
(233, 163, 175, 30, 30, 1, '2022-08-31 10:43:39', '2022-08-31 10:43:39'),
(234, 164, 175, 30, 30, 1, '2022-08-31 10:45:39', '2022-08-31 10:45:39'),
(235, 165, 175, 30, 30, 1, '2022-08-31 10:56:38', '2022-08-31 10:56:38'),
(236, 166, 176, 29, 29, 1, '2022-08-31 11:06:58', '2022-08-31 11:06:58'),
(237, 167, 178, 29, 29, 9, '2022-09-07 18:25:20', '2022-09-07 18:25:20'),
(238, 167, 179, 22, 22, 5, '2022-09-07 18:25:20', '2022-09-07 18:25:20'),
(239, 168, 178, 29, 29, 9, '2022-09-07 18:29:43', '2022-09-07 18:29:43'),
(240, 168, 179, 22, 22, 5, '2022-09-07 18:29:43', '2022-09-07 18:29:43'),
(241, 169, 178, 29, 29, 9, '2022-09-07 18:32:29', '2022-09-07 18:32:29'),
(242, 169, 179, 22, 22, 5, '2022-09-07 18:32:30', '2022-09-07 18:32:30'),
(243, 170, 178, 29, 29, 9, '2022-09-07 18:32:44', '2022-09-07 18:32:44'),
(244, 170, 179, 22, 22, 5, '2022-09-07 18:32:44', '2022-09-07 18:32:44'),
(245, 171, 178, 29, 29, 9, '2022-09-07 18:49:04', '2022-09-07 18:49:04'),
(246, 171, 179, 22, 22, 5, '2022-09-07 18:49:04', '2022-09-07 18:49:04'),
(247, 172, 178, 29, 29, 9, '2022-09-07 19:10:23', '2022-09-07 19:10:23'),
(248, 172, 179, 22, 22, 5, '2022-09-07 19:10:23', '2022-09-07 19:10:23'),
(249, 173, 178, 29, 29, 9, '2022-09-07 19:10:32', '2022-09-07 19:10:32'),
(250, 173, 179, 22, 22, 5, '2022-09-07 19:10:32', '2022-09-07 19:10:32'),
(251, 174, 178, 29, 29, 9, '2022-09-07 19:11:58', '2022-09-07 19:11:58'),
(252, 174, 179, 22, 22, 5, '2022-09-07 19:11:58', '2022-09-07 19:11:58'),
(253, 175, 178, 29, 29, 9, '2022-09-07 19:33:14', '2022-09-07 19:33:14'),
(254, 175, 179, 22, 22, 5, '2022-09-07 19:33:14', '2022-09-07 19:33:14'),
(255, 176, 178, 29, 29, 9, '2022-09-07 19:35:09', '2022-09-07 19:35:09'),
(256, 176, 179, 22, 22, 5, '2022-09-07 19:35:09', '2022-09-07 19:35:09'),
(257, 177, 178, 29, 29, 9, '2022-09-07 19:44:19', '2022-09-07 19:44:19'),
(258, 177, 179, 22, 22, 5, '2022-09-07 19:44:19', '2022-09-07 19:44:19'),
(259, 178, 178, 29, 29, 9, '2022-09-07 19:55:06', '2022-09-07 19:55:06'),
(260, 178, 179, 22, 22, 5, '2022-09-07 19:55:06', '2022-09-07 19:55:06'),
(261, 179, 178, 29, 29, 9, '2022-09-07 19:57:30', '2022-09-07 19:57:30'),
(262, 179, 179, 22, 22, 5, '2022-09-07 19:57:30', '2022-09-07 19:57:30'),
(263, 180, 178, 29, 29, 9, '2022-09-07 20:24:52', '2022-09-07 20:24:52'),
(264, 180, 179, 22, 22, 5, '2022-09-07 20:24:52', '2022-09-07 20:24:52'),
(265, 181, 178, 29, 29, 9, '2022-09-07 20:31:06', '2022-09-07 20:31:06'),
(266, 181, 179, 22, 22, 5, '2022-09-07 20:31:06', '2022-09-07 20:31:06'),
(267, 182, 178, 29, 29, 9, '2022-09-07 20:58:55', '2022-09-07 20:58:55'),
(268, 182, 179, 22, 22, 5, '2022-09-07 20:58:55', '2022-09-07 20:58:55'),
(269, 183, 178, 29, 29, 9, '2022-09-07 21:00:21', '2022-09-07 21:00:21'),
(270, 183, 179, 22, 22, 5, '2022-09-07 21:00:21', '2022-09-07 21:00:21'),
(271, 184, 181, 30, 30, 1, '2022-09-13 08:00:16', '2022-09-13 08:00:16'),
(272, 185, 182, 30, 30, 2, '2022-09-13 08:15:52', '2022-09-13 08:15:52'),
(273, 186, 183, 30, 30, 1, '2022-09-13 08:32:48', '2022-09-13 08:32:48'),
(274, 187, 183, 30, 30, 1, '2022-09-13 09:29:10', '2022-09-13 09:29:10'),
(275, 188, 183, 30, 30, 1, '2022-09-13 09:40:25', '2022-09-13 09:40:25'),
(276, 189, 183, 30, 30, 1, '2022-09-13 09:43:56', '2022-09-13 09:43:56'),
(277, 190, 183, 30, 30, 1, '2022-09-13 09:52:56', '2022-09-13 09:52:56'),
(278, 191, 183, 30, 30, 1, '2022-09-13 09:56:43', '2022-09-13 09:56:43'),
(279, 192, 183, 30, 30, 1, '2022-09-13 10:13:17', '2022-09-13 10:13:17'),
(280, 193, 183, 30, 30, 1, '2022-09-13 10:31:11', '2022-09-13 10:31:11'),
(281, 194, 183, 30, 30, 1, '2022-09-14 03:22:18', '2022-09-14 03:22:18'),
(282, 195, 183, 30, 30, 1, '2022-09-14 03:24:52', '2022-09-14 03:24:52'),
(283, 196, 183, 30, 30, 1, '2022-09-14 03:28:17', '2022-09-14 03:28:17'),
(284, 197, 184, 22, 22, 1, '2022-09-14 03:33:23', '2022-09-14 03:33:23'),
(285, 198, 185, 30, 30, 1, '2022-09-14 03:34:18', '2022-09-14 03:34:18'),
(286, 199, 186, 33, 33, 1, '2022-09-14 03:36:40', '2022-09-14 03:36:40'),
(287, 200, 184, 22, 22, 1, '2022-09-14 05:24:30', '2022-09-14 05:24:30'),
(288, 201, 187, 33, 33, 1, '2022-09-14 07:04:36', '2022-09-14 07:04:36'),
(289, 202, 188, 30, 30, 1, '2022-09-14 07:13:05', '2022-09-14 07:13:05'),
(290, 203, 189, 30, 30, 1, '2022-09-14 07:38:04', '2022-09-14 07:38:04'),
(291, 204, 190, 30, 30, 1, '2022-09-15 17:04:42', '2022-09-15 17:04:42'),
(292, 205, 190, 30, 30, 1, '2022-09-15 17:11:51', '2022-09-15 17:11:51'),
(293, 206, 190, 30, 30, 1, '2022-09-15 17:13:54', '2022-09-15 17:13:54'),
(294, 207, 190, 30, 30, 1, '2022-09-15 17:35:22', '2022-09-15 17:35:22'),
(295, 208, 190, 30, 30, 1, '2022-09-15 17:43:38', '2022-09-15 17:43:38'),
(296, 209, 190, 30, 30, 1, '2022-09-15 17:45:37', '2022-09-15 17:45:37'),
(297, 210, 190, 30, 30, 1, '2022-09-15 17:50:35', '2022-09-15 17:50:35'),
(298, 211, 190, 30, 30, 1, '2022-09-15 17:56:23', '2022-09-15 17:56:23'),
(299, 212, 190, 30, 30, 1, '2022-09-15 17:57:38', '2022-09-15 17:57:38'),
(300, 213, 190, 30, 30, 1, '2022-09-15 18:30:14', '2022-09-15 18:30:14'),
(301, 214, 190, 30, 30, 1, '2022-09-15 18:32:18', '2022-09-15 18:32:18'),
(302, 215, 190, 30, 30, 1, '2022-09-15 18:39:53', '2022-09-15 18:39:53'),
(303, 216, 190, 30, 30, 1, '2022-09-15 18:42:48', '2022-09-15 18:42:48'),
(304, 217, 190, 30, 30, 1, '2022-09-15 18:43:43', '2022-09-15 18:43:43'),
(305, 218, 190, 30, 30, 1, '2022-09-15 18:44:00', '2022-09-15 18:44:00'),
(306, 219, 190, 30, 30, 1, '2022-09-15 18:45:37', '2022-09-15 18:45:37'),
(307, 220, 190, 30, 30, 1, '2022-09-15 18:48:41', '2022-09-15 18:48:41'),
(308, 221, 190, 30, 30, 1, '2022-09-15 18:51:05', '2022-09-15 18:51:05'),
(309, 222, 191, 29, 29, 1, '2022-09-20 06:48:33', '2022-09-20 06:48:33'),
(310, 223, 176, 29, 29, 1, '2022-09-20 09:31:23', '2022-09-20 09:31:23'),
(311, 223, 187, 33, 33, 1, '2022-09-20 09:31:23', '2022-09-20 09:31:23'),
(312, 223, 188, 30, 30, 2, '2022-09-20 09:31:23', '2022-09-20 09:31:23'),
(313, 223, 192, 22, 22, 2, '2022-09-20 09:31:23', '2022-09-20 09:31:23'),
(314, 224, 192, 22, 22, 1, '2022-09-22 03:50:47', '2022-09-22 03:50:47'),
(315, 225, 176, 29, 29, 2, '2022-09-22 05:06:57', '2022-09-22 05:06:57'),
(316, 225, 187, 33, 33, 1, '2022-09-22 05:06:57', '2022-09-22 05:06:57'),
(317, 225, 188, 30, 30, 2, '2022-09-22 05:06:57', '2022-09-22 05:06:57'),
(318, 225, 192, 22, 22, 1, '2022-09-22 05:06:57', '2022-09-22 05:06:57'),
(319, 226, 195, 29, 29, 1, '2022-09-25 09:55:49', '2022-09-25 09:55:49'),
(320, 227, 190, 30, 30, 1, '2022-09-25 10:23:20', '2022-09-25 10:23:20'),
(321, 228, 190, 30, 30, 1, '2022-09-25 12:00:48', '2022-09-25 12:00:48'),
(322, 229, 190, 30, 30, 1, '2022-09-25 12:02:06', '2022-09-25 12:02:06'),
(323, 230, 196, 30, 30, 1, '2022-09-25 12:03:52', '2022-09-25 12:03:52'),
(324, 231, 196, 30, 30, 1, '2022-09-25 12:05:04', '2022-09-25 12:05:04'),
(325, 232, 196, 30, 30, 1, '2022-09-26 12:33:37', '2022-09-26 12:33:37'),
(326, 233, 196, 30, 30, 1, '2022-09-28 21:33:19', '2022-09-28 21:33:19'),
(327, 234, 196, 30, 30, 1, '2022-09-28 21:36:48', '2022-09-28 21:36:48'),
(328, 235, 196, 30, 30, 1, '2022-09-28 21:38:08', '2022-09-28 21:38:08'),
(329, 236, 196, 30, 30, 1, '2022-09-28 21:41:12', '2022-09-28 21:41:12'),
(330, 237, 196, 30, 30, 1, '2022-09-29 09:04:33', '2022-09-29 09:04:33'),
(331, 238, 196, 30, 30, 1, '2022-09-29 09:09:55', '2022-09-29 09:09:55'),
(332, 239, 196, 30, 30, 1, '2022-09-29 09:21:53', '2022-09-29 09:21:53'),
(333, 240, 196, 30, 30, 1, '2022-09-29 09:57:59', '2022-09-29 09:57:59'),
(334, 241, 196, 30, 30, 1, '2022-09-29 09:59:02', '2022-09-29 09:59:02'),
(335, 242, 196, 30, 30, 1, '2022-09-29 09:59:11', '2022-09-29 09:59:11'),
(336, 243, 196, 30, 30, 1, '2022-09-29 10:07:56', '2022-09-29 10:07:56'),
(337, 244, 196, 30, 30, 1, '2022-09-29 10:08:53', '2022-09-29 10:08:53'),
(338, 245, 196, 30, 30, 1, '2022-09-29 10:12:18', '2022-09-29 10:12:18'),
(339, 246, 196, 30, 30, 1, '2022-09-29 10:13:23', '2022-09-29 10:13:23'),
(340, 247, 196, 30, 30, 1, '2022-09-29 10:15:24', '2022-09-29 10:15:24'),
(341, 248, 196, 30, 30, 1, '2022-09-29 10:16:24', '2022-09-29 10:16:24'),
(342, 249, 196, 30, 30, 1, '2022-09-29 10:16:49', '2022-09-29 10:16:49'),
(343, 250, 196, 30, 30, 1, '2022-09-29 20:34:43', '2022-09-29 20:34:43'),
(344, 250, 197, 29, 29, 1, '2022-09-29 20:34:43', '2022-09-29 20:34:43'),
(345, 251, 196, 30, 30, 1, '2022-09-29 20:39:08', '2022-09-29 20:39:08'),
(346, 251, 197, 29, 29, 1, '2022-09-29 20:39:08', '2022-09-29 20:39:08'),
(347, 252, 196, 30, 30, 1, '2022-09-29 20:44:28', '2022-09-29 20:44:28'),
(348, 252, 197, 29, 29, 1, '2022-09-29 20:44:28', '2022-09-29 20:44:28'),
(349, 253, 199, 29, 29, 1, '2022-09-30 14:47:51', '2022-09-30 14:47:51'),
(350, 254, 187, 33, 33, 3, '2022-10-01 09:53:11', '2022-10-01 09:53:11'),
(351, 254, 188, 30, 30, 3, '2022-10-01 09:53:11', '2022-10-01 09:53:11'),
(352, 255, 187, 33, 33, 3, '2022-10-01 11:10:31', '2022-10-01 11:10:31'),
(353, 255, 188, 30, 30, 3, '2022-10-01 11:10:31', '2022-10-01 11:10:31'),
(354, 256, 204, 29, 29, 5, '2022-10-01 12:40:23', '2022-10-01 12:40:23'),
(355, 257, 204, 29, 29, 5, '2022-10-01 12:41:12', '2022-10-01 12:41:12'),
(356, 258, 205, 30, 30, 1, '2022-10-01 13:41:06', '2022-10-01 13:41:06'),
(357, 259, 206, 33, 33, 1, '2022-10-01 13:46:42', '2022-10-01 13:46:42'),
(358, 260, 187, 33, 33, 3, '2022-10-01 13:51:52', '2022-10-01 13:51:52'),
(359, 260, 188, 30, 30, 3, '2022-10-01 13:51:52', '2022-10-01 13:51:52'),
(360, 261, 220, 30, 30, 1, '2022-10-02 11:13:11', '2022-10-02 11:13:11'),
(361, 262, 220, 30, 30, 1, '2022-10-02 11:36:06', '2022-10-02 11:36:06'),
(362, 262, 221, 29, 29, 1, '2022-10-02 11:36:06', '2022-10-02 11:36:06'),
(363, 263, 224, 34, 34, 50, '2022-10-02 11:58:51', '2022-10-02 11:58:51'),
(364, 264, 225, 33, 33, 2, '2022-10-02 12:18:36', '2022-10-02 12:18:36'),
(365, 265, 225, 33, 33, 2, '2022-10-02 12:18:54', '2022-10-02 12:18:54'),
(366, 266, 208, 33, 33, 2, '2022-10-02 12:22:49', '2022-10-02 12:22:49'),
(367, 266, 219, 29, 29, 7, '2022-10-02 12:22:49', '2022-10-02 12:22:49'),
(368, 267, 228, 29, 29, 1, '2022-10-03 08:50:56', '2022-10-03 08:50:56'),
(369, 268, 229, 29, 29, 1, '2022-10-03 08:59:19', '2022-10-03 08:59:19'),
(370, 269, 230, 30, 30, 1, '2022-10-03 09:02:08', '2022-10-03 09:02:08'),
(371, 270, 231, 29, 29, 10, '2022-10-03 09:03:45', '2022-10-03 09:03:45'),
(372, 271, 232, 29, 29, 2, '2022-10-03 09:05:50', '2022-10-03 09:05:50'),
(373, 272, 233, 29, 29, 4, '2022-10-03 09:08:03', '2022-10-03 09:08:03'),
(374, 273, 234, 29, 29, 1, '2022-10-03 09:45:46', '2022-10-03 09:45:46'),
(375, 274, 235, 30, 30, 14, '2022-10-03 10:27:18', '2022-10-03 10:27:18'),
(376, 275, 237, 30, 30, 1, '2022-10-03 10:58:01', '2022-10-03 10:58:01'),
(377, 276, 239, 30, 30, 1, '2022-10-03 11:21:34', '2022-10-03 11:21:34'),
(378, 277, 241, 30, 30, 1, '2022-10-03 11:23:25', '2022-10-03 11:23:25'),
(379, 278, 243, 30, 30, 1, '2022-10-03 11:24:05', '2022-10-03 11:24:05'),
(380, 279, 247, 33, 33, 10, '2022-10-03 13:23:28', '2022-10-03 13:23:28'),
(381, 280, 249, 33, 33, 1, '2022-10-03 13:38:45', '2022-10-03 13:38:45'),
(382, 281, 253, 33, 33, 1, '2022-10-03 13:54:22', '2022-10-03 13:54:22'),
(383, 282, 254, 33, 33, 1, '2022-10-03 13:57:38', '2022-10-03 13:57:38'),
(384, 283, 252, 33, 33, 5, '2022-10-03 16:11:21', '2022-10-03 16:11:21'),
(385, 284, 252, 33, 33, 3, '2022-10-03 16:11:33', '2022-10-03 16:11:33'),
(386, 285, 252, 33, 33, 3, '2022-10-03 16:12:59', '2022-10-03 16:12:59'),
(387, 286, 258, 33, 33, 1, '2022-10-04 09:19:06', '2022-10-04 09:19:06'),
(388, 287, 259, 33, 33, 1, '2022-10-04 09:22:21', '2022-10-04 09:22:21'),
(389, 288, 259, 33, 33, 1, '2022-10-04 09:44:35', '2022-10-04 09:44:35'),
(390, 289, 261, 33, 33, 1, '2022-10-04 09:50:11', '2022-10-04 09:50:11'),
(391, 290, 262, 33, 33, 1, '2022-10-04 12:36:07', '2022-10-04 12:36:07'),
(392, 291, 263, 33, 33, 1, '2022-10-04 12:40:09', '2022-10-04 12:40:09'),
(393, 292, 264, 34, 34, 1, '2022-10-04 12:46:54', '2022-10-04 12:46:54'),
(394, 293, 266, 34, 34, 1, '2022-10-04 13:05:35', '2022-10-04 13:05:35'),
(395, 294, 267, 34, 34, 1, '2022-10-04 14:33:30', '2022-10-04 14:33:30'),
(396, 295, 268, 34, 34, 2, '2022-10-05 08:10:05', '2022-10-05 08:10:05'),
(397, 296, 269, 34, 34, 1, '2022-10-05 08:13:26', '2022-10-05 08:13:26'),
(398, 297, 272, 34, 34, 1, '2022-10-05 13:18:20', '2022-10-05 13:18:20'),
(399, 298, 272, 34, 34, 1, '2022-10-05 13:18:57', '2022-10-05 13:18:57'),
(400, 299, 272, 34, 34, 1, '2022-10-05 13:20:25', '2022-10-05 13:20:25'),
(401, 300, 274, 34, 34, 1, '2022-10-05 18:45:50', '2022-10-05 18:45:50'),
(402, 301, 275, 34, 34, 1, '2022-10-05 18:46:53', '2022-10-05 18:46:53'),
(403, 302, 276, 34, 34, 1, '2022-10-05 18:49:08', '2022-10-05 18:49:08'),
(404, 303, 277, 34, 34, 1, '2022-10-06 07:57:27', '2022-10-06 07:57:27'),
(405, 304, 277, 34, 34, 1, '2022-10-06 08:00:10', '2022-10-06 08:00:10'),
(406, 305, 278, 34, 34, 1, '2022-10-06 08:06:55', '2022-10-06 08:06:55'),
(407, 306, 280, 34, 34, 1, '2022-10-06 08:28:24', '2022-10-06 08:28:24'),
(408, 307, 282, 34, 34, 1, '2022-10-06 17:57:51', '2022-10-06 17:57:51'),
(409, 308, 282, 34, 34, 1, '2022-10-06 17:57:58', '2022-10-06 17:57:58'),
(410, 309, 283, 34, 34, 1, '2022-10-07 08:59:53', '2022-10-07 08:59:53'),
(411, 310, 283, 34, 34, 1, '2022-10-07 09:00:09', '2022-10-07 09:00:09'),
(412, 311, 287, 37, 37, 1, '2022-10-07 11:49:01', '2022-10-07 11:49:01'),
(413, 312, 288, 37, 37, 1, '2022-10-07 13:04:18', '2022-10-07 13:04:18'),
(414, 313, 292, 34, 34, 1, '2022-10-10 12:50:04', '2022-10-10 12:50:04'),
(415, 314, 295, 35, 35, 1, '2022-10-10 15:04:57', '2022-10-10 15:04:57'),
(416, 315, 296, 35, 35, 1, '2022-10-10 15:06:16', '2022-10-10 15:06:16'),
(417, 316, 298, 35, 35, 1, '2022-10-11 09:18:46', '2022-10-11 09:18:46'),
(418, 317, 292, 34, 34, 1, '2022-10-11 13:38:51', '2022-10-11 13:38:51'),
(419, 317, 293, 35, 35, 1, '2022-10-11 13:38:51', '2022-10-11 13:38:51'),
(420, 318, 299, 35, 35, 1, '2022-10-12 08:34:01', '2022-10-12 08:34:01'),
(421, 319, 300, 34, 34, 1, '2022-10-12 09:27:59', '2022-10-12 09:27:59'),
(422, 320, 302, 35, 35, 1, '2022-10-12 11:11:24', '2022-10-12 11:11:24'),
(423, 321, 289, 37, 37, 10, '2022-10-25 14:04:50', '2022-10-25 14:04:50'),
(424, 321, 304, 35, 35, 1, '2022-10-25 14:04:50', '2022-10-25 14:04:50');

-- --------------------------------------------------------

--
-- Table structure for table `contact_us`
--

CREATE TABLE `contact_us` (
  `id` bigint UNSIGNED NOT NULL,
  `name` varchar(255) CHARACTER SET utf8mb4 COLLATE utf8mb4_unicode_ci NOT NULL,
  `email` varchar(255) CHARACTER SET utf8mb4 COLLATE utf8mb4_unicode_ci NOT NULL,
  `mobile` varchar(50) CHARACTER SET utf8mb4 COLLATE utf8mb4_unicode_ci NOT NULL,
  `message` mediumtext CHARACTER SET utf8mb4 COLLATE utf8mb4_unicode_ci NOT NULL,
  `deleted_at` timestamp NULL DEFAULT NULL,
  `created_at` timestamp NULL DEFAULT NULL,
  `updated_at` timestamp NULL DEFAULT NULL
) ENGINE=InnoDB DEFAULT CHARSET=utf8mb4 COLLATE=utf8mb4_unicode_ci;

--
-- Dumping data for table `contact_us`
--

INSERT INTO `contact_us` (`id`, `name`, `email`, `mobile`, `message`, `deleted_at`, `created_at`, `updated_at`) VALUES
(1, 'Rosalia Hauck', 'nigel39@example.org', '7402932564', 'Quo sed ratione eos iste reiciendis nobis temporibus.', NULL, '2022-06-29 09:21:44', '2022-06-29 09:21:44'),
(2, 'Mr. Holden Konopelski', 'nolan.brigitte@example.net', '7241597257', 'Quia nobis vel minus esse et.', NULL, '2022-06-29 09:21:44', '2022-06-29 09:21:44'),
(3, 'Mr. Cody Runolfsdottir', 'wilderman.dewitt@example.com', '6814038266', 'Vitae ad illo assumenda ea iure.', NULL, '2022-06-29 09:21:44', '2022-06-29 09:21:44'),
(4, 'Jefferey Kshlerin', 'ldenesik@example.com', '8149421770', 'Repellendus unde itaque omnis eligendi nihil laboriosam aliquam.', NULL, '2022-06-29 09:21:44', '2022-06-29 09:21:44'),
(5, 'Jacey Quigley', 'lottie.schowalter@example.com', '8314983808', 'Eum omnis nesciunt atque.', NULL, '2022-06-29 09:21:44', '2022-06-29 09:21:44'),
(6, 'Cordie O\'Kon MD', 'fschamberger@example.org', '9348808862', 'Ullam cupiditate qui vitae repellendus necessitatibus facilis vitae voluptates.', NULL, '2022-06-29 09:21:44', '2022-06-29 09:21:44'),
(7, 'Dewitt White', 'zoey.hegmann@example.org', '7038921797', 'Perspiciatis aut omnis qui ullam aut harum nesciunt minus.', NULL, '2022-06-29 09:21:44', '2022-06-29 09:21:44'),
(8, 'Miss May Lakin', 'katelynn.hessel@example.org', '8237210059', 'Sunt ut in odio consequatur nihil est.', NULL, '2022-06-29 09:21:44', '2022-06-29 09:21:44'),
(9, 'Dasia Yundt DDS', 'jackson39@example.com', '8611025314', 'Esse asperiores sed porro.', NULL, '2022-06-29 09:21:44', '2022-06-29 09:21:44'),
(10, 'Makenna O\'Kon', 'moore.calista@example.net', '7618977099', 'Explicabo commodi numquam sequi corrupti aut delectus animi.', NULL, '2022-06-29 09:21:44', '2022-06-29 09:21:44'),
(11, 'Lea Buckridge', 'urodriguez@example.com', '9240124073', 'Eum qui sit recusandae suscipit.', NULL, '2022-06-29 09:21:44', '2022-06-29 09:21:44'),
(12, 'Hertha Pollich', 'tyler.tromp@example.org', '7138892802', 'Asperiores voluptas minima voluptatum ratione exercitationem voluptas alias.', NULL, '2022-06-29 09:21:44', '2022-06-29 09:21:44'),
(13, 'Tanya Reichel', 'lilliana.breitenberg@example.net', '9072049335', 'Et labore nostrum et cumque.', NULL, '2022-06-29 09:21:44', '2022-06-29 09:21:44'),
(14, 'Stanley Swaniawski', 'winston.balistreri@example.org', '9209769611', 'Saepe magni sunt aliquam quidem dolorem eligendi similique.', NULL, '2022-06-29 09:21:44', '2022-06-29 09:21:44'),
(15, 'Mr. Giovanni Ernser PhD', 'hamill.cleora@example.org', '7472812816', 'Consequatur adipisci sed perferendis itaque quia ut harum.', NULL, '2022-06-29 09:21:44', '2022-06-29 09:21:44'),
(16, 'Cleo Howell', 'wyman.olga@example.net', '8972980162', 'Est quos inventore culpa architecto laboriosam et alias ex.', NULL, '2022-06-29 09:21:44', '2022-06-29 09:21:44'),
(17, 'Adelia Kiehn Sr.', 'cassin.maybelle@example.org', '7777582093', 'Minima dolor autem et optio et voluptas.', NULL, '2022-06-29 09:21:44', '2022-06-29 09:21:44'),
(18, 'Fermin Trantow', 'gabe53@example.com', '7383953454', 'Aliquid aliquam neque et quia porro ratione at.', NULL, '2022-06-29 09:21:44', '2022-06-29 09:21:44'),
(19, 'Gail Hamill', 'asimonis@example.com', '8022836744', 'Sunt voluptatibus consequatur aliquam et.', NULL, '2022-06-29 09:21:44', '2022-06-29 09:21:44'),
(20, 'Dr. Berenice Padberg', 'kdaugherty@example.net', '8480332793', 'Vero et rerum ad qui est accusamus ratione.', NULL, '2022-06-29 09:21:44', '2022-06-29 09:21:44'),
(21, 'Yasmine Nader', 'raynor.nolan@example.net', '8476277620', 'Qui laboriosam corrupti ex voluptates facere tempora.', NULL, '2022-06-29 09:21:44', '2022-06-29 09:21:44'),
(22, 'Jean Dickens Sr.', 'cordie.parisian@example.com', '6218962575', 'Rerum et alias sint ut unde culpa.', NULL, '2022-06-29 09:21:44', '2022-06-29 09:21:44'),
(23, 'Demarco Boyer Jr.', 'joshua37@example.net', '9324107158', 'Dolorem sint sunt eaque hic tenetur maiores.', NULL, '2022-06-29 09:21:44', '2022-06-29 09:21:44'),
(24, 'Lempi McClure', 'corwin.cristina@example.com', '8229253080', 'Quas molestiae mollitia quam vel autem tempore possimus.', NULL, '2022-06-29 09:21:44', '2022-06-29 09:21:44'),
(25, 'Dr. Edison Emard', 'johanna62@example.org', '7975964273', 'Culpa quod itaque dicta aut tenetur in.', NULL, '2022-06-29 09:21:44', '2022-06-29 09:21:44'),
(26, 'Prof. Elian Larson', 'estevan.adams@example.net', '8512312885', 'Maiores et et vel non esse.', NULL, '2022-06-29 09:21:44', '2022-06-29 09:21:44'),
(27, 'Mr. Javonte Zemlak', 'quitzon.daisha@example.org', '9889995159', 'Accusantium possimus illum quidem ut.', NULL, '2022-06-29 09:21:44', '2022-06-29 09:21:44'),
(28, 'Jena Jaskolski', 'parker.raymond@example.net', '8532002352', 'Sequi quod quia voluptatum fugiat voluptatem eum corrupti.', NULL, '2022-06-29 09:21:44', '2022-06-29 09:21:44'),
(29, 'Rodolfo Bosco', 'strantow@example.org', '8045455064', 'Aut architecto natus blanditiis a excepturi nulla.', NULL, '2022-06-29 09:21:44', '2022-06-29 09:21:44'),
(30, 'Prof. Moses Heidenreich I', 'bgerhold@example.org', '7190966103', 'Porro ea dicta earum praesentium ratione quis.', NULL, '2022-06-29 09:21:44', '2022-06-29 09:21:44'),
(31, 'Prof. Freddy Weimann', 'christy.botsford@example.net', '9741529856', 'Placeat ea sed esse voluptatibus alias consectetur.', NULL, '2022-06-29 09:21:44', '2022-06-29 09:21:44'),
(32, 'Ms. Sheila Ankunding DVM', 'kenyon.crooks@example.com', '9462705074', 'Voluptas voluptatibus pariatur et numquam sed illo ea.', NULL, '2022-06-29 09:21:44', '2022-06-29 09:21:44'),
(33, 'Ms. Jazmyne Langworth Sr.', 'murphy.danyka@example.net', '9870995029', 'Molestias ab illum voluptatem mollitia.', NULL, '2022-06-29 09:21:44', '2022-06-29 09:21:44'),
(34, 'Letitia Dicki', 'fritz.schulist@example.com', '9036323524', 'Iure sint aut dolorem et aspernatur sint.', NULL, '2022-06-29 09:21:44', '2022-06-29 09:21:44'),
(35, 'Dr. Carli Hyatt DVM', 'darius.gerhold@example.net', '9276855862', 'Et voluptatem harum non.', NULL, '2022-06-29 09:21:44', '2022-06-29 09:21:44'),
(36, 'Ramona Durgan', 'rubie.ebert@example.net', '6922599015', 'Cumque laborum est ab repellendus architecto commodi.', NULL, '2022-06-29 09:21:44', '2022-06-29 09:21:44'),
(37, 'Adolfo Stroman', 'lkessler@example.com', '8966610373', 'Saepe perferendis rerum numquam.', NULL, '2022-06-29 09:21:44', '2022-06-29 09:21:44'),
(38, 'Gene Jacobs', 'bednar.jarred@example.org', '7881573785', 'Sequi tenetur deserunt dolorum alias.', NULL, '2022-06-29 09:21:44', '2022-06-29 09:21:44'),
(39, 'Prof. Gerry Mueller V', 'roma.denesik@example.net', '7965392392', 'Eum alias perspiciatis praesentium.', NULL, '2022-06-29 09:21:44', '2022-06-29 09:21:44'),
(40, 'Eda Koelpin', 'mlegros@example.org', '6438775811', 'Qui rerum eaque id animi et quo accusantium voluptatem.', NULL, '2022-06-29 09:21:44', '2022-06-29 09:21:44'),
(41, 'Dr. Brannon Champlin PhD', 'hildegard64@example.net', '9777828569', 'Commodi enim aut perferendis facere.', NULL, '2022-06-29 09:21:44', '2022-06-29 09:21:44'),
(42, 'Kennith Schinner DDS', 'tprohaska@example.net', '6951428986', 'Et ut expedita veritatis veritatis.', NULL, '2022-06-29 09:21:44', '2022-06-29 09:21:44'),
(43, 'Ms. Gregoria Smitham', 'rosario34@example.org', '9387666591', 'Nostrum enim voluptas nobis cum sint ratione.', NULL, '2022-06-29 09:21:44', '2022-06-29 09:21:44'),
(44, 'Emie Greenfelder', 'lindsey82@example.com', '6597048930', 'Quisquam molestiae dolores dolore enim velit.', NULL, '2022-06-29 09:21:44', '2022-06-29 09:21:44'),
(45, 'Clara Koch II', 'tatyana43@example.net', '7438295383', 'Qui in quam corrupti sed neque perferendis in.', NULL, '2022-06-29 09:21:44', '2022-06-29 09:21:44'),
(46, 'Dr. August Marvin', 'crist.harmony@example.net', '6382024792', 'Et quia magni in non nisi illo tempore iure.', NULL, '2022-06-29 09:21:44', '2022-06-29 09:21:44'),
(47, 'Hunter Jacobi', 'ruben48@example.net', '7459531392', 'Voluptates ut sunt sit veniam aspernatur fugit.', NULL, '2022-06-29 09:21:44', '2022-06-29 09:21:44'),
(48, 'Lucio Stamm III', 'bschulist@example.com', '6279155925', 'Ex qui natus sit non optio sint reprehenderit.', NULL, '2022-06-29 09:21:44', '2022-06-29 09:21:44'),
(49, 'Joelle Jones', 'wbergstrom@example.org', '6173898080', 'Cum explicabo ipsa veritatis possimus laboriosam exercitationem at.', NULL, '2022-06-29 09:21:44', '2022-06-29 09:21:44'),
(50, 'Howard Metz', 'gladys26@example.org', '8394019144', 'Minus ut itaque accusamus repellat.', NULL, '2022-06-29 09:21:44', '2022-06-29 09:21:44'),
(51, 'Sonny Gorczany II', 'taryn.sanford@example.net', '8280544440', 'Aperiam sit voluptatem iure sint.', NULL, '2022-06-29 09:21:44', '2022-06-29 09:21:44'),
(52, 'Madie Veum', 'fkemmer@example.org', '8493189234', 'Voluptatibus perferendis facere voluptatem harum occaecati.', NULL, '2022-06-29 09:21:44', '2022-06-29 09:21:44'),
(53, 'Garrick Gleichner', 'rodrick.mcglynn@example.org', '6963596420', 'Quibusdam praesentium modi sed soluta beatae quibusdam quis excepturi.', NULL, '2022-06-29 09:21:44', '2022-06-29 09:21:44'),
(54, 'Lavonne Balistreri', 'bauch.toy@example.org', '9634486720', 'Esse temporibus officiis hic quia.', NULL, '2022-06-29 09:21:44', '2022-06-29 09:21:44'),
(55, 'Edison Reichel', 'stracke.fabiola@example.org', '9039716409', 'Qui molestias ipsam dolorem nostrum aperiam est.', NULL, '2022-06-29 09:21:44', '2022-06-29 09:21:44'),
(56, 'Leonie Kreiger MD', 'lebsack.rex@example.org', '9722079496', 'Qui officiis minus et accusamus ut adipisci ex.', NULL, '2022-06-29 09:21:44', '2022-06-29 09:21:44'),
(57, 'Mr. Melvina Stroman II', 'monserrate72@example.net', '6884027889', 'Facere voluptas non enim.', NULL, '2022-06-29 09:21:44', '2022-06-29 09:21:44'),
(58, 'Vicenta Moore', 'maegan24@example.net', '7296193920', 'Consequatur at accusantium nisi enim amet nostrum reprehenderit.', NULL, '2022-06-29 09:21:44', '2022-06-29 09:21:44'),
(59, 'Greta Harris', 'ruecker.jennyfer@example.org', '8383143942', 'Vel ut sit occaecati cum.', NULL, '2022-06-29 09:21:44', '2022-06-29 09:21:44'),
(60, 'Blaise Hauck DVM', 'tremblay.stanley@example.com', '6014677407', 'Aliquid laboriosam et ratione sit quia adipisci doloribus.', NULL, '2022-06-29 09:21:44', '2022-06-29 09:21:44'),
(61, 'Lorena Bosco', 'trystan.schulist@example.org', '9067908557', 'Blanditiis eum et quaerat.', NULL, '2022-06-29 09:21:44', '2022-06-29 09:21:44'),
(62, 'Dean Ondricka', 'abelardo.lowe@example.net', '6046163298', 'Maxime natus a enim rerum optio ex.', NULL, '2022-06-29 09:21:45', '2022-06-29 09:21:45'),
(63, 'Kenna Brekke', 'abrekke@example.com', '8656775828', 'Quia rerum est aut ad et.', NULL, '2022-06-29 09:21:45', '2022-06-29 09:21:45'),
(64, 'Regan Morar', 'vwunsch@example.org', '7395730104', 'Commodi quaerat et enim nihil ea ut molestias.', NULL, '2022-06-29 09:21:45', '2022-06-29 09:21:45'),
(65, 'Derick Turner', 'beahan.jameson@example.org', '7572213022', 'Dolore assumenda consequuntur natus dolorem nostrum.', NULL, '2022-06-29 09:21:45', '2022-06-29 09:21:45'),
(66, 'Luciano Pacocha', 'frederique83@example.net', '6498726046', 'Eligendi ut illo error velit ullam.', NULL, '2022-06-29 09:21:45', '2022-06-29 09:21:45'),
(67, 'Paxton Cole', 'gconroy@example.com', '6827561469', 'Quia consequatur eaque laudantium molestiae nemo.', NULL, '2022-06-29 09:21:45', '2022-06-29 09:21:45'),
(68, 'Mr. Maxine Ernser II', 'kyundt@example.org', '7827569656', 'Facilis nihil vitae id cupiditate vitae est totam.', NULL, '2022-06-29 09:21:45', '2022-06-29 09:21:45'),
(69, 'Dr. Robin Veum DVM', 'ben12@example.org', '9347359353', 'Labore et quam voluptate expedita illo molestias.', NULL, '2022-06-29 09:21:45', '2022-06-29 09:21:45'),
(70, 'Mrs. Adelle O\'Connell DVM', 'juwan.west@example.net', '8591225247', 'Repudiandae eum est dolorem sunt illum qui.', NULL, '2022-06-29 09:21:45', '2022-06-29 09:21:45'),
(71, 'Myra Ebert MD', 'rafael.champlin@example.net', '6730216602', 'Assumenda et nulla ducimus saepe dicta.', NULL, '2022-06-29 09:21:45', '2022-06-29 09:21:45'),
(72, 'Elisabeth Zulauf', 'rpredovic@example.org', '7738393871', 'Assumenda incidunt ut nulla praesentium repellendus deleniti.', NULL, '2022-06-29 09:21:45', '2022-06-29 09:21:45'),
(73, 'Mrs. Otha Orn PhD', 'langworth.janessa@example.org', '6306422153', 'Est delectus in consectetur et est autem dolores.', NULL, '2022-06-29 09:21:45', '2022-06-29 09:21:45'),
(74, 'Shanel Crona', 'llowe@example.com', '7262090000', 'Dolores doloremque neque in delectus ut aliquid.', NULL, '2022-06-29 09:21:45', '2022-06-29 09:21:45'),
(75, 'Mr. Lewis Weissnat III', 'watsica.miles@example.net', '6642880437', 'Repellendus dolore nam et iure.', NULL, '2022-06-29 09:21:45', '2022-06-29 09:21:45'),
(76, 'Zelma Crooks DVM', 'kweissnat@example.net', '6007396302', 'Quos omnis ratione blanditiis laborum dicta.', NULL, '2022-06-29 09:21:45', '2022-06-29 09:21:45'),
(77, 'Yasmine Powlowski', 'shayne.predovic@example.net', '6929888167', 'Ut hic repellendus sit tenetur omnis reprehenderit.', NULL, '2022-06-29 09:21:45', '2022-06-29 09:21:45'),
(78, 'Toney Sporer MD', 'turner.therese@example.com', '7368384768', 'Dolore sunt voluptatem corporis est dolores quia.', NULL, '2022-06-29 09:21:45', '2022-06-29 09:21:45'),
(79, 'Prof. Trevion Nicolas MD', 'gmiller@example.com', '7784230228', 'Maxime et provident eligendi quo quo est.', NULL, '2022-06-29 09:21:45', '2022-06-29 09:21:45'),
(80, 'Terry Veum', 'jamel.kautzer@example.net', '9165446007', 'Inventore soluta voluptas et architecto inventore quibusdam debitis.', NULL, '2022-06-29 09:21:45', '2022-06-29 09:21:45'),
(81, 'Mrs. Dandre Kuhn', 'opouros@example.net', '7791030344', 'Quia inventore omnis quisquam reprehenderit neque consequatur quis unde.', NULL, '2022-06-29 09:21:45', '2022-06-29 09:21:45'),
(82, 'Mr. Hollis Will V', 'elbert.torphy@example.com', '7172702647', 'Consequuntur reiciendis voluptas ut ad cum rerum aspernatur accusamus.', NULL, '2022-06-29 09:21:45', '2022-06-29 09:21:45'),
(83, 'Dr. Kristin Kuvalis MD', 'tmarks@example.org', '9282775114', 'Et recusandae inventore commodi praesentium.', NULL, '2022-06-29 09:21:45', '2022-06-29 09:21:45'),
(84, 'Aisha Gislason', 'bashirian.malika@example.com', '9706387300', 'Itaque cum nesciunt ut officiis voluptatem quae suscipit.', NULL, '2022-06-29 09:21:45', '2022-06-29 09:21:45'),
(85, 'Mr. Brant Schowalter', 'devante.yundt@example.org', '9786543121', 'Voluptatum praesentium illo sint fugit similique sint.', NULL, '2022-06-29 09:21:45', '2022-06-29 09:21:45'),
(86, 'Kiara Kreiger', 'laurianne.homenick@example.com', '9545692617', 'Cum aut et accusantium voluptatem laudantium ut culpa.', NULL, '2022-06-29 09:21:45', '2022-06-29 09:21:45'),
(87, 'Ms. Sierra Jaskolski PhD', 'florencio.mclaughlin@example.com', '7390068869', 'Voluptatem quasi esse eos ullam minima sint ipsa ipsa.', NULL, '2022-06-29 09:21:45', '2022-06-29 09:21:45'),
(88, 'Herta Beier', 'dach.stevie@example.org', '8602147407', 'Esse hic ducimus labore voluptatibus excepturi non.', NULL, '2022-06-29 09:21:45', '2022-06-29 09:21:45'),
(89, 'Prof. Lionel Schamberger', 'aliya27@example.com', '9535392345', 'Ipsa exercitationem nihil doloribus dignissimos sit veritatis est alias.', NULL, '2022-06-29 09:21:45', '2022-06-29 09:21:45'),
(90, 'Brando Yundt DVM', 'nathaniel.walsh@example.net', '6085372859', 'Nisi ut quia enim voluptas id accusamus maxime.', NULL, '2022-06-29 09:21:45', '2022-06-29 09:21:45'),
(91, 'Prof. Dereck Ward', 'nestor.dach@example.org', '7207479585', 'Doloremque rerum quis ad maxime.', NULL, '2022-06-29 09:21:45', '2022-06-29 09:21:45'),
(92, 'Camila Witting', 'sabryna45@example.com', '9146585732', 'Ullam dicta pariatur eveniet nulla veniam modi qui praesentium.', NULL, '2022-06-29 09:21:45', '2022-06-29 09:21:45'),
(93, 'Prof. Felipa Reichel', 'corkery.laurianne@example.net', '8940606856', 'Eius ullam culpa aut dolor.', NULL, '2022-06-29 09:21:45', '2022-06-29 09:21:45'),
(94, 'Marietta Hickle DVM', 'juliet27@example.net', '8094138953', 'Ex quisquam velit ut reprehenderit beatae expedita dolores.', NULL, '2022-06-29 09:21:45', '2022-06-29 09:21:45'),
(95, 'Prof. Nakia Olson', 'vlemke@example.org', '8358791306', 'Qui alias ipsa adipisci corrupti eum ut beatae.', NULL, '2022-06-29 09:21:45', '2022-06-29 09:21:45'),
(96, 'Moshe Torphy', 'lloyd34@example.com', '6109852595', 'Rerum distinctio officia repudiandae molestiae ea quos.', NULL, '2022-06-29 09:21:45', '2022-06-29 09:21:45'),
(97, 'Dr. Jayden Hyatt', 'lyla32@example.com', '7319560392', 'Natus ut dolor harum beatae doloribus qui architecto.', NULL, '2022-06-29 09:21:45', '2022-06-29 09:21:45'),
(98, 'Dr. Claud Towne', 'lessie.dibbert@example.com', '7204442839', 'Voluptas id impedit quae.', NULL, '2022-06-29 09:21:45', '2022-06-29 09:21:45'),
(99, 'Estrella Stokes', 'nelda79@example.org', '7311936553', 'Ullam et corporis commodi sint minus est.', NULL, '2022-06-29 09:21:45', '2022-06-29 09:21:45'),
(100, 'Roselyn Hoeger', 'gorczany.pierre@example.com', '8357680417', 'Doloribus ut esse esse omnis.', NULL, '2022-06-29 09:21:45', '2022-06-29 09:21:45'),
(101, 'Raoof', 'test@test.com', '1122334455', 'fwfewrewrewrew', NULL, '2022-07-30 11:04:08', '2022-07-30 11:04:08'),
(102, 'Raoof', 'test@test.com', '1122334455', 'fwfewrewrewrew', NULL, '2022-07-30 11:05:21', '2022-07-30 11:05:21'),
(103, 'Raoof', 'test@test.com', '1122334455', 'ewrewrwe', NULL, '2022-07-30 11:06:57', '2022-07-30 11:06:57'),
(104, 'Raoof', 'test@test.com', '1122334455', 'ewrewrwe', NULL, '2022-07-30 11:07:16', '2022-07-30 11:07:16'),
(105, 'Raoof', 'test@test.com', '1122334455', 'ewrewrwe', NULL, '2022-07-30 11:07:49', '2022-07-30 11:07:49'),
(106, 'Mohammed Raoof', 'raoof@mailinator.com', '1234567890', 'reretretert', NULL, '2022-08-06 07:15:57', '2022-08-06 07:15:57'),
(107, 'Anju', 'anju@gmail', '6878967687789787897879', 'test', NULL, '2022-08-22 06:28:31', '2022-08-22 06:28:31'),
(108, 'sree', 'sree.sigosoft@gmail.com', '9645562405', 'test', NULL, '2022-08-23 05:27:59', '2022-08-23 05:27:59'),
(109, 'Test', 'sree.sigosoft@gmail.com', '6589745258', 'test', NULL, '2022-08-23 06:55:58', '2022-08-23 06:55:58'),
(110, '123456654', 'uvdvcvut@gmail.com', '81130234545677888923325343453', 'vvcusbciciusui', NULL, '2022-10-01 08:36:53', '2022-10-01 08:36:53'),
(111, '1232342353453', 'uvdvcvut@gmail.com', '9876543456', 'hello', NULL, '2022-10-01 08:38:28', '2022-10-01 08:38:28');

-- --------------------------------------------------------

--
-- Table structure for table `countries`
--

CREATE TABLE `countries` (
  `id` bigint UNSIGNED NOT NULL,
  `country` varchar(255) CHARACTER SET utf8mb4 COLLATE utf8mb4_unicode_ci NOT NULL,
  `code` varchar(20) CHARACTER SET utf8mb4 COLLATE utf8mb4_unicode_ci NOT NULL,
  `alpha2` varchar(2) CHARACTER SET utf8mb4 COLLATE utf8mb4_unicode_ci DEFAULT NULL,
  `alpha3` varchar(3) CHARACTER SET utf8mb4 COLLATE utf8mb4_unicode_ci DEFAULT NULL,
  `status` tinyint(1) NOT NULL DEFAULT '1' COMMENT '1:Active, 0:Blocked'
) ENGINE=InnoDB DEFAULT CHARSET=utf8mb4 COLLATE=utf8mb4_unicode_ci;

--
-- Dumping data for table `countries`
--

INSERT INTO `countries` (`id`, `country`, `code`, `alpha2`, `alpha3`, `status`) VALUES
(1, 'United Arab Emirates', '+971', 'ae', NULL, 1),
(2, 'Saudi Arabia', '+966', 'sa', NULL, 1),
(3, 'Afghanistan', '+93', 'af', NULL, 1),
(4, 'Albania', '+355', 'al', NULL, 1),
(5, 'Algeria', '+213', 'dz', NULL, 1),
(6, 'Andorra', '+376', 'ad', NULL, 1),
(7, 'Angola', '+244', 'ao', NULL, 1),
(8, 'Antigua and Barbuda', '+1268', 'ag', NULL, 1),
(9, 'Argentina', '+54', 'ar', NULL, 1),
(10, 'Armenia', '+374', 'am', NULL, 1),
(11, 'Aruba', '+297', 'aw', NULL, 1),
(12, 'Australia', '+61', 'au', NULL, 1),
(13, 'Austria', '+43', 'at', NULL, 1),
(14, 'Azerbaijan', '+994', 'az', NULL, 1),
(15, 'Bahamas', '+1242', 'bs', NULL, 1),
(16, 'Bahrain', '+973', 'bh', NULL, 1),
(17, 'Bangladesh', '+880', 'bd', NULL, 1),
(18, 'Barbados', '+1246', 'bb', NULL, 1),
(19, 'Belarus', '+375', 'by', NULL, 1),
(20, 'Belgium', '+32', 'be', NULL, 1),
(21, 'Belize', '+501', 'bz', NULL, 1),
(22, 'Benin', '+229', 'bj', NULL, 1),
(23, 'Bhutan', '+975', 'bt', NULL, 1),
(24, 'Bolivia', '+591', 'bo', NULL, 1),
(25, 'Bosnia and Herzegovina', '+387', 'ba', NULL, 1),
(26, 'Botswana', '+267', 'bw', NULL, 1),
(27, 'Brazil', '+55', 'br', NULL, 1),
(28, 'British Indian Ocean Territory', '+246', 'io', NULL, 1),
(29, 'Brunei', '+673', 'bn', NULL, 1),
(30, 'Bulgaria', '+359', 'bg', NULL, 1),
(31, 'Burkina Faso', '+226', 'bf', NULL, 1),
(32, 'Burundi', '+257', 'bi', NULL, 1),
(33, 'Cambodia', '+855', 'kh', NULL, 1),
(34, 'Cameroon', '+237', 'cm', NULL, 1),
(35, 'Canada', '+1', 'ca', NULL, 1),
(36, 'Cape Verde', '+238', 'cv', NULL, 1),
(37, 'Central African Republic', '+236', 'cf', NULL, 1),
(38, 'Chad', '+235', 'td', NULL, 1),
(39, 'Chile', '+56', 'cl', NULL, 1),
(40, 'China', '+86', 'cn', NULL, 1),
(41, 'Colombia', '+57', 'co', NULL, 1),
(42, 'Comoros', '+269', 'km', NULL, 1),
(43, 'Congo - Brazzaville', '+242', 'cg', NULL, 1),
(44, 'Congo - Kinshasa', '+243', 'cd', NULL, 1),
(45, 'Costa Rica', '+506', 'cr', NULL, 1),
(46, 'Cote d\'Ivoire', '+225', 'ci', NULL, 1),
(47, 'Croatia', '+385', 'hr', NULL, 1),
(48, 'Cuba', '+53', 'cu', NULL, 1),
(49, 'Cyprus', '+357', 'cy', NULL, 1),
(50, 'Czech Republic', '+420', 'cz', NULL, 1),
(51, 'Denmark', '+45', 'dk', NULL, 1),
(52, 'Djibouti', '+253', 'dj', NULL, 1),
(53, 'Dominica', '+1767', 'dm', NULL, 1),
(54, 'Dominican Republic', '+1849', 'do', NULL, 1),
(55, 'Ecuador', '+593', 'ec', NULL, 1),
(56, 'Egypt', '+20', 'eg', NULL, 1),
(57, 'El Salvador', '+503', 'sv', NULL, 1),
(58, 'Equatorial Guinea', '+240', 'gq', NULL, 1),
(59, 'Eritrea', '+291', 'er', NULL, 1),
(60, 'Estonia', '+372', 'ee', NULL, 1),
(61, 'Ethiopia', '+251', 'et', NULL, 1),
(62, 'Fiji', '+679', 'fj', NULL, 1),
(63, 'Finland', '+358', 'fi', NULL, 1),
(64, 'France', '+33', 'fr', NULL, 1),
(65, 'French Guiana', '+594', 'gf', NULL, 1),
(66, 'French Polynesia', '+689', 'pf', NULL, 1),
(67, 'Gabon', '+241', 'ga', NULL, 1),
(68, 'Gambia', '+220', 'gm', NULL, 1),
(69, 'Georgia', '+995', 'ge', NULL, 1),
(70, 'Germany', '+49', 'de', NULL, 1),
(71, 'Ghana', '+233', 'gh', NULL, 1),
(72, 'Greece', '+30', 'gr', NULL, 1),
(73, 'Grenada', '+1473', 'gd', NULL, 1),
(74, 'Guadeloupe', '+590', 'gp', NULL, 1),
(75, 'Guam', '+1671', 'gu', NULL, 1),
(76, 'Guatemala', '+502', 'gt', NULL, 1),
(77, 'Guinea', '+224', 'gn', NULL, 1),
(78, 'Guinea-Bissau', '+245', 'gw', NULL, 1),
(79, 'Guyana', '+595', 'gy', NULL, 1),
(80, 'Haiti', '+509', 'ht', NULL, 1),
(81, 'Honduras', '+504', 'hn', NULL, 1),
(82, 'Hong Kong', '+852', 'hk', NULL, 1),
(83, 'Hungary', '+36', 'hu', NULL, 1),
(84, 'Iceland', '+354', 'is', NULL, 1),
(85, 'India', '+91', 'in', NULL, 1),
(86, 'Indonesia', '+62', 'id', NULL, 1),
(87, 'Iran', '+98', 'ir', NULL, 1),
(88, 'Iraq', '+964', 'iq', NULL, 1),
(89, 'Ireland', '+353', 'ie', NULL, 1),
(90, 'Israel', '+972', 'il', NULL, 1),
(91, 'Italy', '+39', 'it', NULL, 1),
(92, 'Jamaica', '+1876', 'jm', NULL, 1),
(93, 'Japan', '+81', 'jp', NULL, 1),
(94, 'Jordan', '+962', 'jo', NULL, 1),
(95, 'Kazakhstan', '+77', 'kz', NULL, 1),
(96, 'Kenya', '+254', 'ke', NULL, 1),
(97, 'Kiribati', '+686', 'ki', NULL, 1),
(98, 'North Korea', '+850', 'kp', NULL, 1),
(99, 'South Korea', '+82', 'kr', NULL, 1),
(100, 'Kuwait', '+965', 'kw', NULL, 1),
(101, 'Kyrgyzstan', '+996', 'kg', NULL, 1),
(102, 'Laos', '+856', 'la', NULL, 1),
(103, 'Latvia', '+371', 'lv', NULL, 1),
(104, 'Lebanon', '+961', 'lb', NULL, 1),
(105, 'Lesotho', '+266', 'ls', NULL, 1),
(106, 'Liberia', '+231', 'lr', NULL, 1),
(107, 'Libya', '+218', 'ly', NULL, 1),
(108, 'Liechtenstein', '+423', 'li', NULL, 1),
(109, 'Lithuania', '+370', 'lt', NULL, 1),
(110, 'Luxembourg', '+352', 'lu', NULL, 1),
(111, 'Macao', '+853', 'mo', NULL, 1),
(112, 'Macedonia', '+389', 'mk', NULL, 1),
(113, 'Madagascar', '+261', 'mg', NULL, 1),
(114, 'Malawi', '+265', 'mw', NULL, 1),
(115, 'Malaysia', '+60', 'my', NULL, 1),
(116, 'Maldives', '+960', 'mv', NULL, 1),
(117, 'Mali', '+223', 'ml', NULL, 1),
(118, 'Malta', '+356', 'mt', NULL, 1),
(119, 'Marshall Islands', '+692', 'mh', NULL, 1),
(120, 'Martinique', '+596', 'mq', NULL, 1),
(121, 'Mauritania', '+222', 'mr', NULL, 1),
(122, 'Mauritius', '+230', 'mu', NULL, 1),
(123, 'Mexico', '+52', 'mx', NULL, 1),
(124, 'Micronesia', '+691', 'fm', NULL, 1),
(125, 'Moldova', '+373', 'md', NULL, 1),
(126, 'Monaco', '+377', 'mc', NULL, 1),
(127, 'Mongolia', '+976', 'mn', NULL, 1),
(128, 'Montenegro', '+382', 'me', NULL, 1),
(129, 'Morocco', '+212', 'ma', NULL, 1),
(130, 'Mozambique', '+258', 'mz', NULL, 1),
(131, 'Myanmar', '+95', 'mm', NULL, 1),
(132, 'Namibia', '+264', 'na', NULL, 1),
(133, 'Nauru', '+674', 'nr', NULL, 1),
(134, 'Nepal', '+977', 'np', NULL, 1),
(135, 'Netherlands', '+31', 'nl', NULL, 1),
(136, 'New Caledonia', '+687', 'nc', NULL, 1),
(137, 'New Zealand', '+64', 'nz', NULL, 1),
(138, 'Nicaragua', '+505', 'ni', NULL, 1),
(139, 'Niger', '+227', 'ne', NULL, 1),
(140, 'Nigeria', '+234', 'ng', NULL, 1),
(141, 'Norway', '+47', 'no', NULL, 1),
(142, 'Oman', '+968', 'om', NULL, 1),
(143, 'Pakistan', '+92', 'pk', NULL, 1),
(144, 'Palau', '+680', 'pw', NULL, 1),
(145, 'Palestinian Territories', '+970', 'ps', NULL, 1),
(146, 'Panama', '+507', 'pa', NULL, 1),
(147, 'Papua New Guinea', '+675', 'pg', NULL, 1),
(148, 'Paraguay', '+595', 'py', NULL, 1),
(149, 'Peru', '+51', 'pe', NULL, 1),
(150, 'Philippines', '+63', 'ph', NULL, 1),
(151, 'Poland', '+48', 'pl', NULL, 1),
(152, 'Portugal', '+351', 'pt', NULL, 1),
(153, 'Puerto Rico', '+1939', 'pr', NULL, 1),
(154, 'Qatar', '+974', 'qa', NULL, 1),
(155, 'Romania', '+40', 'ro', NULL, 1),
(156, 'Russia', '+7', 'ru', NULL, 1),
(157, 'Rwanda', '+250', 'rw', NULL, 1),
(158, 'Reunion', '+262', 're', NULL, 1),
(159, 'Saint Kitts and Nevis', '+1869', 'kn', NULL, 1),
(160, 'Saint Lucia', '+1758', 'lc', NULL, 1),
(161, 'Saint Vincent and Grenadines', '+1784', 'vc', NULL, 1),
(162, 'Samoa', '+685', 'ws', NULL, 1),
(163, 'San Marino', '+378', 'sm', NULL, 1),
(164, 'Sao Tome and Principe', '+239', 'st', NULL, 1),
(165, 'Senegal', '+221', 'sn', NULL, 1),
(166, 'Serbia', '+381', 'rs', NULL, 1),
(167, 'Seychelles', '+248', 'sc', NULL, 1),
(168, 'Sierra Leone', '+232', 'sl', NULL, 1),
(169, 'Singapore', '+65', 'sg', NULL, 1),
(170, 'Slovakia', '+421', 'sk', NULL, 1),
(171, 'Slovenia', '+386', 'si', NULL, 1),
(172, 'Solomon Islands', '+677', 'sb', NULL, 1),
(173, 'Somalia', '+252', 'so', NULL, 1),
(174, 'South Africa', '+27', 'za', NULL, 1),
(175, 'South Sudan', '+211', 'ss', NULL, 1),
(176, 'Spain', '+34', 'es', NULL, 1),
(177, 'Sri Lanka', '+94', 'lk', NULL, 1),
(178, 'Sudan', '+249', 'sd', NULL, 1),
(179, 'Suriname', '+597', 'sr', NULL, 1),
(180, 'Swaziland', '+268', 'sz', NULL, 1),
(181, 'Sweden', '+46', 'se', NULL, 1),
(182, 'Switzerland', '+41', 'ch', NULL, 1),
(183, 'Syria', '+963', 'sy', NULL, 1),
(184, 'Taiwan', '+886', 'tw', NULL, 1),
(185, 'Tajikistan', '+992', 'tj', NULL, 1),
(186, 'Tanzania', '+255', 'tz', NULL, 1),
(187, 'Thailand', '+66', 'th', NULL, 1),
(188, 'Timor-Leste', '+670', 'tl', NULL, 1),
(189, 'Togo', '+228', 'tg', NULL, 1),
(190, 'Tonga', '+676', 'to', NULL, 1),
(191, 'Trinidad and Tobago', '+186', 'tt', NULL, 1),
(192, 'Tunisia', '+216', 'tn', NULL, 1),
(193, 'Turkey', '+90', 'tr', NULL, 1),
(194, 'Turkmenistan', '+993', 'tm', NULL, 1),
(195, 'Tuvalu', '+688', 'tv', NULL, 1),
(196, 'Uganda', '+256', 'ug', NULL, 1),
(197, 'Ukraine', '+380', 'ua', NULL, 1),
(198, 'United Kingdom', '+44', 'gb', NULL, 1),
(199, 'United States', '+1', 'us', NULL, 1),
(200, 'Uruguay', '+598', 'uy', NULL, 1),
(201, 'Uzbekistan', '+998', 'uz', NULL, 1),
(202, 'Vanuatu', '+678', 'vu', NULL, 1),
(203, 'Vatican City', '+39', 'vu', NULL, 1),
(204, 'Venezuela', '+58', 've', NULL, 1),
(205, 'Vietnam', '+84', 'vn', NULL, 1),
(206, 'Yemen', '+967', 'ye', NULL, 1),
(207, 'Zambia', '+260', 'zm', NULL, 1),
(208, 'Zimbabwe', '+263', 'zw', NULL, 1);

-- --------------------------------------------------------

--
-- Table structure for table `coupons`
--

CREATE TABLE `coupons` (
  `id` bigint UNSIGNED NOT NULL,
  `coupon_slug` varchar(255) CHARACTER SET utf8mb4 COLLATE utf8mb4_unicode_ci NOT NULL,
  `coupon` varchar(255) CHARACTER SET utf8mb4 COLLATE utf8mb4_unicode_ci NOT NULL,
  `coupon_percentage` double(8,2) NOT NULL,
  `available_coupons` int NOT NULL,
  `coupon_applicable_from` date DEFAULT NULL,
  `coupon_applicable_to` date DEFAULT NULL,
  `status` tinyint(1) NOT NULL DEFAULT '1' COMMENT '1:Active, 0:Blocked',
  `created_at` timestamp NULL DEFAULT NULL,
  `updated_at` timestamp NULL DEFAULT NULL
) ENGINE=InnoDB DEFAULT CHARSET=utf8mb4 COLLATE=utf8mb4_unicode_ci;

--
-- Dumping data for table `coupons`
--

INSERT INTO `coupons` (`id`, `coupon_slug`, `coupon`, `coupon_percentage`, `available_coupons`, `coupon_applicable_from`, `coupon_applicable_to`, `status`, `created_at`, `updated_at`) VALUES
(1, 'y22-m05-coupon1', 'LUXURY-EVENT-5', 5.00, 200, NULL, NULL, 1, '2022-06-29 09:21:45', '2022-08-17 10:45:14'),
(2, 'y22-m05-coupon2', 'LUXURY-EVENT-4', 4.00, 100, '2022-05-31', '2022-09-30', 1, '2022-06-29 09:21:45', '2022-06-29 09:21:45'),
(3, 'y22-m05-coupon3', 'LUXURY-EVENT-3', 3.00, 100, '2022-05-01', '2022-05-30', 1, '2022-06-29 09:21:45', '2022-06-29 09:21:45'),
(4, 'y2022-m08-coupon4', 'BoostX4', 10.00, 100, '2022-08-18', '2022-08-25', 1, '2022-08-18 11:00:35', '2022-08-18 11:13:49'),
(5, 'y2022-m08-coupon5', 'BoostX 5', 5.00, 10, NULL, NULL, 1, '2022-08-18 11:17:16', '2022-08-18 11:17:16'),
(6, 'y2022-m08-coupon6', 'testtest', 5.00, 12, NULL, NULL, 1, '2022-08-19 07:27:40', '2022-08-19 10:34:14'),
(7, 'y2022-m09-coupon7', 'Test Test', 20.00, 50, '2022-09-23', '2022-10-01', 0, '2022-09-23 08:30:01', '2022-09-23 08:30:09'),
(8, 'y2022-m10-coupon8', 'Test Mode', 12.00, 50, '2022-10-03', '2022-10-20', 0, '2022-10-03 09:52:32', '2022-10-03 09:52:39');

-- --------------------------------------------------------

--
-- Table structure for table `currencies`
--

CREATE TABLE `currencies` (
  `id` bigint UNSIGNED NOT NULL,
  `currency` varchar(20) CHARACTER SET utf8mb4 COLLATE utf8mb4_unicode_ci NOT NULL,
  `icon` mediumtext CHARACTER SET utf8mb4 COLLATE utf8mb4_unicode_ci,
  `status` tinyint(1) NOT NULL DEFAULT '1' COMMENT '0:Blocked, 1:Active'
) ENGINE=InnoDB DEFAULT CHARSET=utf8mb4 COLLATE=utf8mb4_unicode_ci;

--
-- Dumping data for table `currencies`
--

INSERT INTO `currencies` (`id`, `currency`, `icon`, `status`) VALUES
(1, 'AED', NULL, 1),
(2, 'USD', NULL, 1);

-- --------------------------------------------------------

--
-- Table structure for table `customer_addresses`
--

CREATE TABLE `customer_addresses` (
  `id` bigint UNSIGNED NOT NULL,
  `name` varchar(255) CHARACTER SET utf8mb4 COLLATE utf8mb4_unicode_ci NOT NULL,
  `building_number` varchar(255) CHARACTER SET utf8mb4 COLLATE utf8mb4_unicode_ci NOT NULL,
  `street_name` varchar(255) CHARACTER SET utf8mb4 COLLATE utf8mb4_unicode_ci NOT NULL,
  `city` varchar(255) CHARACTER SET utf8mb4 COLLATE utf8mb4_unicode_ci NOT NULL,
  `postal_code` varchar(50) CHARACTER SET utf8mb4 COLLATE utf8mb4_unicode_ci NOT NULL,
  `address` text CHARACTER SET utf8mb4 COLLATE utf8mb4_unicode_ci NOT NULL,
  `landmark` varchar(255) CHARACTER SET utf8mb4 COLLATE utf8mb4_unicode_ci NOT NULL,
  `country_id` bigint UNSIGNED NOT NULL,
  `user_id` bigint UNSIGNED NOT NULL,
  `type` tinyint NOT NULL DEFAULT '1' COMMENT '1:Home, 2:Work, 3:Other',
  `created_at` timestamp NULL DEFAULT NULL,
  `updated_at` timestamp NULL DEFAULT NULL
) ENGINE=InnoDB DEFAULT CHARSET=utf8mb4 COLLATE=utf8mb4_unicode_ci;

--
-- Dumping data for table `customer_addresses`
--

INSERT INTO `customer_addresses` (`id`, `name`, `building_number`, `street_name`, `city`, `postal_code`, `address`, `landmark`, `country_id`, `user_id`, `type`, `created_at`, `updated_at`) VALUES
(1, 'Jahou', '12B', 'Manama', 'Manama', '6554A', '', '', 1, 2, 1, '2022-06-29 09:21:45', '2022-06-29 09:21:45'),
(2, 'Akbar', '12B', 'Manama', 'Manama', '6554A', '', '', 1, 3, 1, '2022-06-29 09:21:45', '2022-06-29 09:21:45'),
(3, 'fff', 'skjlk', 'lsjdfalk', 'lksajflk', 'lskjalk', 'jlkadjfs', 'kajfdsl', 5, 4, 2, '2022-07-02 11:13:18', '2022-07-02 11:13:18'),
(10, 'DADASDA', '123', 'SFAASF', 'fdfds', '673001', 'FDFDS', 'srtre', 3, 7, 2, '2022-07-02 19:07:51', '2022-07-02 19:07:51'),
(11, 'Mohammed Raoof', '123', 'Raoof Manzil', 'Kozhikode', '673001', 'dertr', 'fdsafdfa', 1, 7, 2, '2022-07-02 19:14:13', '2022-07-02 19:14:13'),
(12, 'Raoof', '124', 'Street #1', 'Calicut', '673301', 'Test Address', 'landmark #1', 3, 7, 2, '2022-07-02 19:33:13', '2022-07-02 19:33:13'),
(14, 'Raoof', '124', 'Street #2', 'Calicut', '673301', 'Test Address', 'landmark #1', 2, 7, 2, '2022-07-02 19:34:03', '2022-07-02 19:34:03');

-- --------------------------------------------------------

--
-- Table structure for table `customer_ipoints`
--

CREATE TABLE `customer_ipoints` (
  `id` bigint UNSIGNED NOT NULL,
  `user_id` bigint UNSIGNED NOT NULL,
  `points_used_or_earned` double(6,2) DEFAULT NULL,
  `type` tinyint NOT NULL DEFAULT '1' COMMENT '1: Earned Joining, 2: Earned Purchase, 3: Earned Admin Donation, 4: Deduct for Order',
  `order_id` bigint UNSIGNED DEFAULT NULL,
  `created_at` timestamp NULL DEFAULT NULL,
  `updated_at` timestamp NULL DEFAULT NULL
) ENGINE=InnoDB DEFAULT CHARSET=utf8mb4 COLLATE=utf8mb4_unicode_ci;

--
-- Dumping data for table `customer_ipoints`
--

INSERT INTO `customer_ipoints` (`id`, `user_id`, `points_used_or_earned`, `type`, `order_id`, `created_at`, `updated_at`) VALUES
(1, 8, 50.00, 1, NULL, '2022-08-02 04:46:21', '2022-08-02 04:46:21'),
(2, 9, 50.00, 1, NULL, '2022-08-02 04:46:58', '2022-08-02 04:46:58'),
(3, 10, 50.00, 1, NULL, '2022-08-03 17:16:22', '2022-08-03 17:16:22'),
(4, 11, 50.00, 1, NULL, '2022-08-03 17:17:22', '2022-08-03 17:17:22'),
(5, 12, 50.00, 1, NULL, '2022-08-03 17:50:26', '2022-08-03 17:50:26'),
(6, 13, 50.00, 1, NULL, '2022-08-03 18:15:02', '2022-08-03 18:15:02'),
(7, 14, 50.00, 1, NULL, '2022-08-03 18:15:16', '2022-08-03 18:15:16'),
(8, 18, 50.00, 1, NULL, '2022-08-04 13:24:53', '2022-08-04 13:24:53'),
(9, 19, 50.00, 1, NULL, '2022-08-06 06:22:33', '2022-08-06 06:22:33'),
(10, 20, 50.00, 1, NULL, '2022-08-09 06:12:41', '2022-08-09 06:12:41'),
(11, 21, 50.00, 1, NULL, '2022-08-17 09:49:47', '2022-08-17 09:49:47'),
(12, 23, 50.00, 1, NULL, '2022-08-19 05:04:26', '2022-08-19 05:04:26'),
(13, 8, 1.44, 2, 72, '2022-08-20 06:04:20', '2022-08-20 06:04:20'),
(14, 8, 1.80, 2, 73, '2022-08-20 06:06:56', '2022-08-20 06:06:56'),
(15, 8, 1.43, 2, 75, '2022-08-20 07:02:11', '2022-08-20 07:02:11'),
(16, 20, 1.44, 2, 80, '2022-08-22 04:41:51', '2022-08-22 04:41:51'),
(17, 20, 2.40, 2, 81, '2022-08-22 04:45:14', '2022-08-22 04:45:14'),
(18, 20, 1.54, 2, 82, '2022-08-22 05:21:02', '2022-08-22 05:21:02'),
(19, 20, 2.40, 2, 83, '2022-08-22 05:24:18', '2022-08-22 05:24:18'),
(20, 20, 2.40, 2, 84, '2022-08-22 05:31:44', '2022-08-22 05:31:44'),
(21, 20, 1.43, 2, 85, '2022-08-22 05:38:41', '2022-08-22 05:38:41'),
(22, 8, 4.16, 2, 86, '2022-08-22 09:16:34', '2022-08-22 09:16:34'),
(23, 20, 1.80, 2, 87, '2022-08-23 05:18:26', '2022-08-23 05:18:26'),
(24, 21, 1.44, 2, 88, '2022-08-23 06:32:34', '2022-08-23 06:32:34'),
(25, 24, 50.00, 1, NULL, '2022-08-25 06:25:24', '2022-08-25 06:25:24'),
(26, 20, 4.30, 2, 92, '2022-08-25 11:56:41', '2022-08-25 11:56:41'),
(27, 20, 1.40, 2, 93, '2022-08-26 04:34:09', '2022-08-26 04:34:09'),
(28, 21, 1.40, 2, 94, '2022-08-26 04:57:59', '2022-08-26 04:57:59'),
(29, 21, 1.40, 2, 95, '2022-08-26 05:08:17', '2022-08-26 05:08:17'),
(30, 21, 1.40, 2, 96, '2022-08-26 05:09:54', '2022-08-26 05:09:54'),
(31, 20, 1.40, 2, 97, '2022-08-26 06:18:28', '2022-08-26 06:18:28'),
(32, 20, 1.40, 2, 98, '2022-08-26 06:19:42', '2022-08-26 06:19:42'),
(33, 8, 1.43, 2, 99, '2022-08-26 09:26:38', '2022-08-26 09:26:38'),
(34, 8, 1.50, 2, 100, '2022-08-26 09:30:58', '2022-08-26 09:30:58'),
(35, 21, 1.44, 2, 102, '2022-08-26 09:45:55', '2022-08-26 09:45:55'),
(36, 20, 3.10, 2, 105, '2022-08-29 09:43:46', '2022-08-29 09:43:46'),
(37, 20, 3.10, 2, 106, '2022-08-29 09:44:29', '2022-08-29 09:44:29'),
(38, 20, 6.42, 2, 107, '2022-08-30 06:34:35', '2022-08-30 06:34:35'),
(39, 21, 1.54, 2, 108, '2022-08-30 10:01:53', '2022-08-30 10:01:53'),
(40, 25, 50.00, 1, NULL, '2022-08-30 16:36:27', '2022-08-30 16:36:27'),
(41, 20, 1.56, 2, 110, '2022-08-31 10:58:05', '2022-08-31 10:58:05'),
(42, 26, 50.00, 1, NULL, '2022-09-08 14:26:31', '2022-09-08 14:26:31'),
(43, 27, 50.00, 1, NULL, '2022-09-08 14:28:05', '2022-09-08 14:28:05'),
(44, 8, 1.56, 2, 116, '2022-09-13 08:01:10', '2022-09-13 08:01:10'),
(45, 8, 3.12, 2, 117, '2022-09-13 08:16:08', '2022-09-13 08:16:08'),
(46, 8, 1.56, 2, 118, '2022-09-14 03:28:34', '2022-09-14 03:28:34'),
(47, 8, 1.56, 2, 119, '2022-09-14 03:34:44', '2022-09-14 03:34:44'),
(48, 8, 1.40, 2, 120, '2022-09-14 03:36:58', '2022-09-14 03:36:58'),
(49, 8, 1.43, 2, 121, '2022-09-14 05:24:47', '2022-09-14 05:24:47'),
(50, 8, 1.56, 2, 122, '2022-09-14 07:38:33', '2022-09-14 07:38:33'),
(51, 28, 50.00, 1, NULL, '2022-09-19 06:21:14', '2022-09-19 06:21:14'),
(52, 8, 1.80, 2, 123, '2022-09-20 06:48:54', '2022-09-20 06:48:54'),
(53, 29, 50.00, 1, NULL, '2022-09-23 08:21:08', '2022-09-23 08:21:08'),
(54, 8, 1.80, 2, 124, '2022-09-25 09:56:09', '2022-09-25 09:56:09'),
(55, 14, 1.56, 2, 125, '2022-09-25 12:02:20', '2022-09-25 12:02:20'),
(56, 14, 3.36, 2, 126, '2022-09-29 20:44:47', '2022-09-29 20:44:47'),
(57, 14, 3.36, 2, 127, '2022-09-29 21:37:11', '2022-09-29 21:37:11'),
(58, 31, 50.00, 1, NULL, '2022-09-30 14:37:46', '2022-09-30 14:37:46'),
(59, 21, 1.80, 2, 128, '2022-09-30 14:48:35', '2022-09-30 14:48:35'),
(60, 21, 1.80, 2, 130, '2022-09-30 14:48:52', '2022-09-30 14:48:52'),
(61, 21, 1.80, 2, 133, '2022-09-30 15:48:27', '2022-09-30 15:48:27'),
(62, 31, 1.56, 2, 137, '2022-10-01 13:42:25', '2022-10-01 13:42:25'),
(63, 31, 1.56, 2, 139, '2022-10-01 13:42:41', '2022-10-01 13:42:41'),
(64, 31, 1.40, 2, 141, '2022-10-01 13:47:12', '2022-10-01 13:47:12'),
(65, 20, 8.88, 2, 143, '2022-10-01 13:53:15', '2022-10-01 13:53:15'),
(66, 31, 1.56, 2, 145, '2022-10-01 14:42:50', '2022-10-01 14:42:50'),
(67, 31, 1.40, 2, 147, '2022-10-01 14:46:50', '2022-10-01 14:46:50'),
(68, 20, 8.88, 2, 149, '2022-10-01 14:54:03', '2022-10-01 14:54:03'),
(69, 31, 1.40, 2, 151, '2022-10-01 16:48:33', '2022-10-01 16:48:33'),
(70, 20, 8.88, 2, 153, '2022-10-01 16:54:22', '2022-10-01 16:54:22'),
(71, 8, 3.36, 2, 155, '2022-10-02 11:36:22', '2022-10-02 11:36:22'),
(72, 8, 3.36, 2, 157, '2022-10-02 11:36:38', '2022-10-02 11:36:38'),
(73, 8, 77.00, 2, 159, '2022-10-02 11:59:07', '2022-10-02 11:59:07'),
(74, 8, 2.80, 2, 161, '2022-10-02 12:19:19', '2022-10-02 12:19:19'),
(75, 8, 3.36, 2, 163, '2022-10-02 12:37:09', '2022-10-02 12:37:09'),
(76, 8, 77.00, 2, 165, '2022-10-02 12:59:44', '2022-10-02 12:59:44'),
(77, 8, 2.80, 2, 167, '2022-10-02 13:19:33', '2022-10-02 13:19:33'),
(78, 8, 77.00, 2, 169, '2022-10-02 14:59:56', '2022-10-02 14:59:56'),
(79, 8, 2.80, 2, 171, '2022-10-02 15:21:33', '2022-10-02 15:21:33'),
(80, 32, 50.00, 1, NULL, '2022-10-03 07:39:04', '2022-10-03 07:39:04'),
(81, 21, 1.80, 2, 173, '2022-10-03 08:55:43', '2022-10-03 08:55:43'),
(82, 33, 50.00, 1, NULL, '2022-10-03 08:57:31', '2022-10-03 08:57:31'),
(83, 33, 1.80, 2, 174, '2022-10-03 09:00:18', '2022-10-03 09:00:18'),
(84, 33, 1.80, 2, 176, '2022-10-03 09:00:35', '2022-10-03 09:00:35'),
(85, 33, 1.56, 2, 178, '2022-10-03 09:02:30', '2022-10-03 09:02:30'),
(86, 33, 18.00, 2, 180, '2022-10-03 09:04:04', '2022-10-03 09:04:04'),
(87, 33, 3.60, 2, 182, '2022-10-03 09:06:07', '2022-10-03 09:06:07'),
(88, 33, 7.20, 2, 184, '2022-10-03 09:08:25', '2022-10-03 09:08:25'),
(89, 34, 50.00, 1, NULL, '2022-10-03 09:43:42', '2022-10-03 09:43:42'),
(90, 34, 1.80, 2, 186, '2022-10-03 09:46:20', '2022-10-03 09:46:20'),
(91, 33, 1.80, 2, 188, '2022-10-03 10:01:25', '2022-10-03 10:01:25'),
(92, 33, 1.56, 2, 190, '2022-10-03 10:02:12', '2022-10-03 10:02:12'),
(93, 33, 18.00, 2, 192, '2022-10-03 10:04:00', '2022-10-03 10:04:00'),
(94, 33, 3.60, 2, 194, '2022-10-03 10:06:22', '2022-10-03 10:06:22'),
(95, 33, 7.20, 2, 196, '2022-10-03 10:09:23', '2022-10-03 10:09:23'),
(96, 34, 21.84, 2, 198, '2022-10-03 10:28:44', '2022-10-03 10:28:44'),
(97, 34, 1.80, 2, 200, '2022-10-03 10:46:25', '2022-10-03 10:46:25'),
(98, 20, 1.56, 2, 202, '2022-10-03 10:58:53', '2022-10-03 10:58:53'),
(99, 21, 1.56, 2, 204, '2022-10-03 11:22:05', '2022-10-03 11:22:05'),
(100, 20, 1.56, 2, 205, '2022-10-03 11:23:55', '2022-10-03 11:23:55'),
(101, 21, 1.56, 2, 207, '2022-10-03 11:24:38', '2022-10-03 11:24:38'),
(102, 34, 21.84, 2, 209, '2022-10-03 11:29:30', '2022-10-03 11:29:30'),
(103, 20, 1.56, 2, 211, '2022-10-03 11:59:18', '2022-10-03 11:59:18'),
(104, 33, 1.56, 2, 213, '2022-10-03 12:04:01', '2022-10-03 12:04:01'),
(105, 33, 18.00, 2, 215, '2022-10-03 12:05:12', '2022-10-03 12:05:12'),
(106, 33, 3.60, 2, 217, '2022-10-03 12:05:44', '2022-10-03 12:05:44'),
(107, 33, 7.20, 2, 219, '2022-10-03 12:07:10', '2022-10-03 12:07:10'),
(108, 21, 1.56, 2, 221, '2022-10-03 12:23:37', '2022-10-03 12:23:37'),
(109, 20, 1.56, 2, 223, '2022-10-03 12:23:53', '2022-10-03 12:23:53'),
(110, 34, 1.80, 2, 225, '2022-10-03 12:46:05', '2022-10-03 12:46:05'),
(111, 8, 14.00, 2, 227, '2022-10-03 13:23:43', '2022-10-03 13:23:43'),
(112, 34, 21.84, 2, 229, '2022-10-03 13:28:57', '2022-10-03 13:28:57'),
(113, 8, 1.40, 2, 231, '2022-10-03 13:54:46', '2022-10-03 13:54:46'),
(114, 20, 1.56, 2, 233, '2022-10-03 13:58:12', '2022-10-03 13:58:12'),
(115, 8, 1.40, 2, 235, '2022-10-03 14:15:33', '2022-10-03 14:15:33'),
(116, 20, 1.56, 2, 237, '2022-10-03 14:21:39', '2022-10-03 14:21:39'),
(117, 21, 1.56, 2, 239, '2022-10-03 14:24:25', '2022-10-03 14:24:25'),
(118, 8, 14.00, 2, 241, '2022-10-03 14:24:49', '2022-10-03 14:24:49'),
(119, 8, 1.40, 2, 243, '2022-10-03 14:54:56', '2022-10-03 14:54:56'),
(120, 8, 1.40, 2, 245, '2022-10-03 15:14:56', '2022-10-03 15:14:56'),
(121, 34, 4.20, 2, 247, '2022-10-03 16:13:21', '2022-10-03 16:13:21'),
(122, 8, 14.00, 2, 249, '2022-10-03 16:23:33', '2022-10-03 16:23:33'),
(123, 8, 1.40, 2, 251, '2022-10-03 16:55:44', '2022-10-03 16:55:44'),
(124, 34, 4.20, 2, 253, '2022-10-03 17:13:27', '2022-10-03 17:13:27'),
(125, 8, 1.40, 2, 255, '2022-10-03 17:16:09', '2022-10-03 17:16:09'),
(126, 34, 4.20, 2, 257, '2022-10-03 19:12:02', '2022-10-03 19:12:02'),
(127, 21, 1.40, 2, 259, '2022-10-04 09:19:45', '2022-10-04 09:19:45'),
(128, 21, 1.40, 2, 260, '2022-10-04 09:44:58', '2022-10-04 09:44:58'),
(129, 21, 1.40, 2, 261, '2022-10-04 09:50:39', '2022-10-04 09:50:39'),
(130, 31, 1.40, 2, 262, '2022-10-04 12:36:34', '2022-10-04 12:36:34'),
(131, 31, 1.40, 2, 264, '2022-10-04 12:36:50', '2022-10-04 12:36:50'),
(132, 31, 1.40, 2, 266, '2022-10-04 12:40:59', '2022-10-04 12:40:59'),
(133, 31, 1.54, 2, 268, '2022-10-04 12:47:17', '2022-10-04 12:47:17'),
(134, 20, 1.54, 2, 270, '2022-10-04 13:06:22', '2022-10-04 13:06:22'),
(135, 31, 1.40, 2, 271, '2022-10-04 13:35:54', '2022-10-04 13:35:54'),
(136, 31, 1.40, 2, 273, '2022-10-04 13:41:18', '2022-10-04 13:41:18'),
(137, 31, 1.54, 2, 275, '2022-10-04 13:46:58', '2022-10-04 13:46:58'),
(138, 31, 1.40, 2, 277, '2022-10-04 15:40:48', '2022-10-04 15:40:48'),
(139, 31, 1.54, 2, 279, '2022-10-04 15:48:27', '2022-10-04 15:48:27'),
(140, 31, 3.08, 2, 281, '2022-10-05 08:10:58', '2022-10-05 08:10:58'),
(141, 31, 3.08, 2, 283, '2022-10-05 08:11:16', '2022-10-05 08:11:16'),
(142, 31, 1.54, 2, 285, '2022-10-05 08:13:54', '2022-10-05 08:13:54'),
(143, 31, 3.08, 2, 287, '2022-10-05 09:12:00', '2022-10-05 09:12:00'),
(144, 31, 1.54, 2, 289, '2022-10-05 09:14:01', '2022-10-05 09:14:01'),
(145, 31, 1.54, 2, 291, '2022-10-05 11:12:37', '2022-10-05 11:12:37'),
(146, 31, 1.54, 2, 293, '2022-10-05 13:21:07', '2022-10-05 13:21:07'),
(147, 14, 1.54, 2, 294, '2022-10-05 18:46:13', '2022-10-05 18:46:13'),
(148, 14, 1.54, 2, 295, '2022-10-05 18:47:08', '2022-10-05 18:47:08'),
(149, 14, 1.54, 2, 296, '2022-10-05 18:49:31', '2022-10-05 18:49:31'),
(150, 31, 1.54, 2, 297, '2022-10-06 08:08:02', '2022-10-06 08:08:02'),
(151, 31, 1.54, 2, 298, '2022-10-06 08:28:57', '2022-10-06 08:28:57'),
(152, 31, 1.54, 2, 300, '2022-10-06 08:29:16', '2022-10-06 08:29:16'),
(153, 31, 1.54, 2, 302, '2022-10-06 09:28:32', '2022-10-06 09:28:32'),
(154, 14, 1.54, 2, 304, '2022-10-06 17:58:43', '2022-10-06 17:58:43'),
(155, 21, 1.76, 2, 305, '2022-10-07 11:49:39', '2022-10-07 11:49:39'),
(156, 21, 1.76, 2, 306, '2022-10-07 13:04:50', '2022-10-07 13:04:50'),
(157, 35, 50.00, 1, NULL, '2022-10-07 13:19:29', '2022-10-07 13:19:29'),
(158, 36, 50.00, 1, NULL, '2022-10-10 09:53:09', '2022-10-10 09:53:09'),
(159, 37, 50.00, 1, NULL, '2022-10-10 10:06:08', '2022-10-10 10:06:08'),
(160, 38, 50.00, 1, NULL, '2022-10-10 14:34:28', '2022-10-10 14:34:28'),
(161, 21, 1.54, 2, 308, '2022-10-10 15:05:10', '2022-10-10 15:05:10'),
(162, 21, 1.54, 2, 310, '2022-10-10 15:05:27', '2022-10-10 15:05:27'),
(163, 21, 1.54, 2, 312, '2022-10-10 16:04:21', '2022-10-10 16:04:21'),
(164, 39, 50.00, 1, NULL, '2022-10-11 08:41:24', '2022-10-11 08:41:24'),
(165, 20, 3.08, 2, 314, '2022-10-11 13:39:17', '2022-10-11 13:39:17'),
(166, 21, 1.54, 2, 315, '2022-10-12 08:34:26', '2022-10-12 08:34:26'),
(167, 20, 1.54, 2, 316, '2022-10-12 09:28:21', '2022-10-12 09:28:21'),
(168, 21, 1.54, 2, 317, '2022-10-12 11:12:00', '2022-10-12 11:12:00'),
(169, 40, 50.00, 1, NULL, '2022-11-15 09:48:45', '2022-11-15 09:48:45');

-- --------------------------------------------------------

--
-- Table structure for table `customer_wishlists`
--

CREATE TABLE `customer_wishlists` (
  `id` bigint UNSIGNED NOT NULL,
  `user_id` bigint UNSIGNED NOT NULL,
  `campaign_id` bigint UNSIGNED NOT NULL,
  `deleted_at` timestamp NULL DEFAULT NULL,
  `created_at` timestamp NULL DEFAULT NULL,
  `updated_at` timestamp NULL DEFAULT NULL
) ENGINE=InnoDB DEFAULT CHARSET=utf8mb4 COLLATE=utf8mb4_unicode_ci;

--
-- Dumping data for table `customer_wishlists`
--

INSERT INTO `customer_wishlists` (`id`, `user_id`, `campaign_id`, `deleted_at`, `created_at`, `updated_at`) VALUES
(14, 7, 6, NULL, NULL, NULL),
(20, 14, 8, NULL, NULL, NULL),
(28, 19, 17, NULL, NULL, NULL),
(31, 14, 15, NULL, NULL, NULL),
(34, 9, 26, NULL, NULL, NULL),
(35, 9, 13, NULL, NULL, NULL),
(36, 9, 15, NULL, NULL, NULL),
(37, 9, 29, NULL, NULL, NULL),
(39, 20, 14, NULL, NULL, NULL),
(41, 14, 13, NULL, NULL, NULL),
(42, 14, 14, NULL, NULL, NULL),
(46, 20, 26, NULL, NULL, NULL),
(67, 8, 22, NULL, NULL, NULL),
(74, 20, 33, NULL, NULL, NULL),
(76, 28, 29, NULL, NULL, NULL),
(90, 31, 34, NULL, NULL, NULL),
(103, 20, 36, NULL, NULL, NULL),
(104, 20, 37, NULL, NULL, NULL);

-- --------------------------------------------------------

--
-- Table structure for table `failed_jobs`
--

CREATE TABLE `failed_jobs` (
  `id` bigint UNSIGNED NOT NULL,
  `uuid` varchar(255) CHARACTER SET utf8mb4 COLLATE utf8mb4_unicode_ci NOT NULL,
  `connection` text CHARACTER SET utf8mb4 COLLATE utf8mb4_unicode_ci NOT NULL,
  `queue` text CHARACTER SET utf8mb4 COLLATE utf8mb4_unicode_ci NOT NULL,
  `payload` longtext CHARACTER SET utf8mb4 COLLATE utf8mb4_unicode_ci NOT NULL,
  `exception` longtext CHARACTER SET utf8mb4 COLLATE utf8mb4_unicode_ci NOT NULL,
  `failed_at` timestamp NOT NULL DEFAULT CURRENT_TIMESTAMP
) ENGINE=InnoDB DEFAULT CHARSET=utf8mb4 COLLATE=utf8mb4_unicode_ci;

-- --------------------------------------------------------

--
-- Table structure for table `levels`
--

CREATE TABLE `levels` (
  `id` bigint UNSIGNED NOT NULL,
  `level` varchar(50) CHARACTER SET utf8mb4 COLLATE utf8mb4_unicode_ci NOT NULL,
  `image` varchar(255) COLLATE utf8mb4_unicode_ci DEFAULT NULL,
  `colour_1` varchar(255) COLLATE utf8mb4_unicode_ci DEFAULT NULL,
  `colour_2` varchar(255) COLLATE utf8mb4_unicode_ci DEFAULT NULL,
  `benefit` decimal(4,2) NOT NULL COMMENT 'In percentage'
) ENGINE=InnoDB DEFAULT CHARSET=utf8mb4 COLLATE=utf8mb4_unicode_ci;

--
-- Dumping data for table `levels`
--

INSERT INTO `levels` (`id`, `level`, `image`, `colour_1`, `colour_2`, `benefit`) VALUES
(1, 'Blue', 'levels/bronze.png', '#FBCBA2', '#AB4D0B', '1.00'),
(2, 'Silver', 'levels/silver.png', '#FFFFFF', '#767676', '1.25'),
(3, 'Gold', 'levels/gold.png', '#FCF09E', '#F7A705', '1.50'),
(4, 'Platinum', 'levels/platinum.png', '#CFCFCF', NULL, '1.75');

-- --------------------------------------------------------

--
-- Table structure for table `level_currency_conversions`
--

CREATE TABLE `level_currency_conversions` (
  `id` bigint UNSIGNED NOT NULL,
  `level_id` bigint UNSIGNED NOT NULL,
  `currency_id` bigint UNSIGNED NOT NULL,
  `scale` decimal(10,2) NOT NULL,
  `created_at` timestamp NULL DEFAULT NULL,
  `updated_at` timestamp NULL DEFAULT NULL
) ENGINE=InnoDB DEFAULT CHARSET=utf8mb4 COLLATE=utf8mb4_unicode_ci;

--
-- Dumping data for table `level_currency_conversions`
--

INSERT INTO `level_currency_conversions` (`id`, `level_id`, `currency_id`, `scale`, `created_at`, `updated_at`) VALUES
(1, 1, 1, '0.00', NULL, NULL),
(2, 1, 2, '0.00', NULL, NULL),
(3, 2, 1, '20000.00', NULL, NULL),
(4, 2, 2, '5600.00', NULL, NULL),
(5, 3, 1, '40000.00', NULL, NULL),
(6, 3, 2, '11200.00', NULL, NULL),
(7, 4, 1, '80000.00', NULL, NULL),
(8, 4, 2, '22400.00', NULL, NULL);

-- --------------------------------------------------------

--
-- Table structure for table `migrations`
--

CREATE TABLE `migrations` (
  `id` int UNSIGNED NOT NULL,
  `migration` varchar(255) CHARACTER SET utf8mb4 COLLATE utf8mb4_unicode_ci NOT NULL,
  `batch` int NOT NULL
) ENGINE=InnoDB DEFAULT CHARSET=utf8mb4 COLLATE=utf8mb4_unicode_ci;

--
-- Dumping data for table `migrations`
--

INSERT INTO `migrations` (`id`, `migration`, `batch`) VALUES
(1, '2014_10_11_000000_create_roles_table', 1),
(2, '2014_10_11_000001_create_countries_table', 1),
(3, '2014_10_11_000002_create_currencies_table', 1),
(4, '2014_10_12_000000_create_users_table', 1),
(5, '2014_10_12_100000_create_password_resets_table', 1),
(6, '2019_05_03_000001_create_customer_columns', 1),
(7, '2019_05_03_000002_create_subscriptions_table', 1),
(8, '2019_05_03_000003_create_subscription_items_table', 1),
(9, '2019_08_19_000000_create_failed_jobs_table', 1),
(10, '2019_12_14_000001_create_personal_access_tokens_table', 1),
(11, '2022_05_17_065116_create_levels_table', 1),
(12, '2022_05_17_070317_create_level_currency_conversions_table', 1),
(13, '2022_05_17_091919_create_customer_addresses_table', 1),
(14, '2022_05_17_093246_create_product_categories_table', 1),
(15, '2022_05_17_093957_create_product_subcategories_table', 1),
(16, '2022_05_17_094631_create_campaign_categories_table', 1),
(17, '2022_05_18_053902_create_products_table', 1),
(18, '2022_05_18_053942_create_products_images_table', 1),
(19, '2022_05_18_053943_create_prizes_table', 1),
(20, '2022_05_18_053944_create_prize_images_table', 1),
(21, '2022_05_18_053945_create_prize_attributes_table', 1),
(22, '2022_05_18_053946_create_coupons_table', 1),
(23, '2022_05_18_073349_create_campaigns_table', 1),
(24, '2022_05_18_085906_create_campaign_products_table', 1),
(25, '2022_05_18_090005_create_campaign_product_images_table', 1),
(26, '2022_05_18_090055_create_campaign_prizes_table', 1),
(27, '2022_05_18_090128_create_campaign_prize_images_table', 1),
(28, '2022_05_18_090300_create_campaign_prize_attributes_table', 1),
(29, '2022_05_18_090310_create_orders_table', 1),
(30, '2022_05_18_090311_create_order_campaigns_table', 1),
(31, '2022_05_18_090807_create_campaign_customers_tickets_table', 1),
(32, '2022_05_18_090837_create_campaign_winners_table', 1),
(33, '2022_05_18_111029_create_order_addresses_table', 1),
(34, '2022_05_18_111536_create_campaign_order_deliveries_table', 1),
(35, '2022_05_18_171008_create_social_media_links_table', 1),
(36, '2022_05_18_171915_create_sliders_table', 1),
(37, '2022_05_18_173133_create_newsletters_table', 1),
(38, '2022_05_18_173320_create_contact_us_table', 1),
(39, '2022_05_18_173800_create_cart_table', 1),
(40, '2022_05_18_191920_create_customer_wishlists_table', 1),
(41, '2022_06_17_054059_add_balance_ticket_to_campaigns_table', 1),
(42, '2022_06_21_011836_create_checkouts_table', 1),
(43, '2022_06_21_012231_create_checkout_products_table', 1),
(44, '2022_06_24_040500_create_stock_logs_table', 1),
(45, '2022_07_13_045501_create_stripe_logs_table', 2),
(46, '2022_07_27_070619_create_customer_ipoints_table', 3),
(47, '2022_07_28_071034_create_settings_table', 4);

-- --------------------------------------------------------

--
-- Table structure for table `newsletters`
--

CREATE TABLE `newsletters` (
  `id` bigint UNSIGNED NOT NULL,
  `email` varchar(255) CHARACTER SET utf8mb4 COLLATE utf8mb4_unicode_ci NOT NULL,
  `created_at` timestamp NULL DEFAULT NULL,
  `updated_at` timestamp NULL DEFAULT NULL
) ENGINE=InnoDB DEFAULT CHARSET=utf8mb4 COLLATE=utf8mb4_unicode_ci;

--
-- Dumping data for table `newsletters`
--

INSERT INTO `newsletters` (`id`, `email`, `created_at`, `updated_at`) VALUES
(1, 'bbailey@example.com', '2022-06-29 09:21:44', '2022-06-29 09:21:44'),
(2, 'stroman.rosamond@example.com', '2022-06-29 09:21:44', '2022-06-29 09:21:44'),
(3, 'guillermo.funk@example.org', '2022-06-29 09:21:44', '2022-06-29 09:21:44'),
(4, 'taurean.schimmel@example.com', '2022-06-29 09:21:44', '2022-06-29 09:21:44'),
(5, 'abby65@example.org', '2022-06-29 09:21:44', '2022-06-29 09:21:44'),
(6, 'reichert.sabrina@example.net', '2022-06-29 09:21:44', '2022-06-29 09:21:44'),
(7, 'treichert@example.com', '2022-06-29 09:21:44', '2022-06-29 09:21:44'),
(8, 'afay@example.net', '2022-06-29 09:21:44', '2022-06-29 09:21:44'),
(9, 'medhurst.judson@example.org', '2022-06-29 09:21:44', '2022-06-29 09:21:44'),
(10, 'ulueilwitz@example.org', '2022-06-29 09:21:44', '2022-06-29 09:21:44'),
(11, 'gibson.magali@example.org', '2022-06-29 09:21:44', '2022-06-29 09:21:44'),
(12, 'percival.dickinson@example.org', '2022-06-29 09:21:44', '2022-06-29 09:21:44'),
(13, 'woodrow.watsica@example.com', '2022-06-29 09:21:44', '2022-06-29 09:21:44'),
(14, 'madyson91@example.com', '2022-06-29 09:21:44', '2022-06-29 09:21:44'),
(15, 'idell.littel@example.com', '2022-06-29 09:21:44', '2022-06-29 09:21:44'),
(16, 'brendon59@example.org', '2022-06-29 09:21:44', '2022-06-29 09:21:44'),
(17, 'jerde.emanuel@example.org', '2022-06-29 09:21:44', '2022-06-29 09:21:44'),
(18, 'brisa49@example.net', '2022-06-29 09:21:44', '2022-06-29 09:21:44'),
(19, 'collier.winfield@example.com', '2022-06-29 09:21:44', '2022-06-29 09:21:44'),
(20, 'marian.pacocha@example.com', '2022-06-29 09:21:44', '2022-06-29 09:21:44'),
(21, 'beahan.mckayla@example.org', '2022-06-29 09:21:44', '2022-06-29 09:21:44'),
(22, 'lheathcote@example.org', '2022-06-29 09:21:44', '2022-06-29 09:21:44'),
(23, 'mgreenholt@example.org', '2022-06-29 09:21:44', '2022-06-29 09:21:44'),
(24, 'upton.megane@example.org', '2022-06-29 09:21:44', '2022-06-29 09:21:44'),
(25, 'ernser.cordia@example.org', '2022-06-29 09:21:44', '2022-06-29 09:21:44'),
(26, 'vkuhn@example.com', '2022-06-29 09:21:44', '2022-06-29 09:21:44'),
(27, 'chadd.bauch@example.com', '2022-06-29 09:21:44', '2022-06-29 09:21:44'),
(28, 'kessler.elian@example.org', '2022-06-29 09:21:44', '2022-06-29 09:21:44'),
(29, 'tyshawn32@example.net', '2022-06-29 09:21:44', '2022-06-29 09:21:44'),
(30, 'ccrona@example.org', '2022-06-29 09:21:44', '2022-06-29 09:21:44'),
(31, 'sauer.emmanuel@example.net', '2022-06-29 09:21:44', '2022-06-29 09:21:44'),
(32, 'eda60@example.net', '2022-06-29 09:21:44', '2022-06-29 09:21:44'),
(33, 'schultz.hilma@example.com', '2022-06-29 09:21:44', '2022-06-29 09:21:44'),
(34, 'abe.robel@example.net', '2022-06-29 09:21:44', '2022-06-29 09:21:44'),
(35, 'lueilwitz.kallie@example.net', '2022-06-29 09:21:44', '2022-06-29 09:21:44'),
(36, 'pollich.luella@example.org', '2022-06-29 09:21:44', '2022-06-29 09:21:44'),
(37, 'laurie.stroman@example.com', '2022-06-29 09:21:44', '2022-06-29 09:21:44'),
(38, 'sallie.kautzer@example.org', '2022-06-29 09:21:44', '2022-06-29 09:21:44'),
(39, 'casper.darryl@example.net', '2022-06-29 09:21:44', '2022-06-29 09:21:44'),
(40, 'xdibbert@example.org', '2022-06-29 09:21:44', '2022-06-29 09:21:44'),
(41, 'verlie32@example.com', '2022-06-29 09:21:44', '2022-06-29 09:21:44'),
(42, 'ohara.brian@example.net', '2022-06-29 09:21:44', '2022-06-29 09:21:44'),
(43, 'judd.dickens@example.com', '2022-06-29 09:21:44', '2022-06-29 09:21:44'),
(44, 'zwintheiser@example.org', '2022-06-29 09:21:44', '2022-06-29 09:21:44'),
(45, 'gbarton@example.com', '2022-06-29 09:21:44', '2022-06-29 09:21:44'),
(46, 'frami.kenyon@example.org', '2022-06-29 09:21:44', '2022-06-29 09:21:44'),
(47, 'uhowe@example.com', '2022-06-29 09:21:44', '2022-06-29 09:21:44'),
(48, 'adalberto12@example.net', '2022-06-29 09:21:44', '2022-06-29 09:21:44'),
(49, 'vdenesik@example.org', '2022-06-29 09:21:44', '2022-06-29 09:21:44'),
(50, 'uspinka@example.net', '2022-06-29 09:21:44', '2022-06-29 09:21:44'),
(51, 'kaylin.fahey@example.net', '2022-06-29 09:21:44', '2022-06-29 09:21:44'),
(52, 'delia.williamson@example.org', '2022-06-29 09:21:44', '2022-06-29 09:21:44'),
(53, 'gottlieb.alden@example.com', '2022-06-29 09:21:44', '2022-06-29 09:21:44'),
(54, 'kuhlman.trever@example.org', '2022-06-29 09:21:44', '2022-06-29 09:21:44'),
(55, 'judd.abshire@example.org', '2022-06-29 09:21:44', '2022-06-29 09:21:44'),
(56, 'pschaden@example.org', '2022-06-29 09:21:44', '2022-06-29 09:21:44'),
(57, 'kuhn.fredrick@example.org', '2022-06-29 09:21:44', '2022-06-29 09:21:44'),
(58, 'carolina50@example.org', '2022-06-29 09:21:44', '2022-06-29 09:21:44'),
(59, 'monique.murazik@example.com', '2022-06-29 09:21:44', '2022-06-29 09:21:44'),
(60, 'jesus.rutherford@example.org', '2022-06-29 09:21:44', '2022-06-29 09:21:44'),
(61, 'henderson05@example.net', '2022-06-29 09:21:44', '2022-06-29 09:21:44'),
(62, 'kuhlman.junior@example.com', '2022-06-29 09:21:44', '2022-06-29 09:21:44'),
(63, 'graham.camylle@example.com', '2022-06-29 09:21:44', '2022-06-29 09:21:44'),
(64, 'nikolaus.lamar@example.com', '2022-06-29 09:21:44', '2022-06-29 09:21:44'),
(65, 'sincere25@example.com', '2022-06-29 09:21:44', '2022-06-29 09:21:44'),
(66, 'daphne.morar@example.net', '2022-06-29 09:21:44', '2022-06-29 09:21:44'),
(67, 'georgette39@example.com', '2022-06-29 09:21:44', '2022-06-29 09:21:44'),
(68, 'zboyer@example.org', '2022-06-29 09:21:44', '2022-06-29 09:21:44'),
(69, 'stamm.mellie@example.org', '2022-06-29 09:21:44', '2022-06-29 09:21:44'),
(70, 'ekutch@example.org', '2022-06-29 09:21:44', '2022-06-29 09:21:44'),
(71, 'ashlee.pacocha@example.net', '2022-06-29 09:21:44', '2022-06-29 09:21:44'),
(72, 'mkozey@example.net', '2022-06-29 09:21:44', '2022-06-29 09:21:44'),
(73, 'jgrady@example.org', '2022-06-29 09:21:44', '2022-06-29 09:21:44'),
(74, 'halle56@example.net', '2022-06-29 09:21:44', '2022-06-29 09:21:44'),
(75, 'michelle79@example.com', '2022-06-29 09:21:44', '2022-06-29 09:21:44'),
(76, 'marie59@example.net', '2022-06-29 09:21:44', '2022-06-29 09:21:44'),
(77, 'gulgowski.tom@example.net', '2022-06-29 09:21:44', '2022-06-29 09:21:44'),
(78, 'bdickinson@example.org', '2022-06-29 09:21:44', '2022-06-29 09:21:44'),
(79, 'dorris.bauch@example.com', '2022-06-29 09:21:44', '2022-06-29 09:21:44'),
(80, 'terry.joanny@example.com', '2022-06-29 09:21:44', '2022-06-29 09:21:44'),
(81, 'eleanora62@example.com', '2022-06-29 09:21:44', '2022-06-29 09:21:44'),
(82, 'jerry.goyette@example.org', '2022-06-29 09:21:44', '2022-06-29 09:21:44'),
(83, 'otha94@example.org', '2022-06-29 09:21:44', '2022-06-29 09:21:44'),
(84, 'madisen98@example.org', '2022-06-29 09:21:44', '2022-06-29 09:21:44'),
(85, 'alba.torp@example.org', '2022-06-29 09:21:44', '2022-06-29 09:21:44'),
(86, 'keely59@example.org', '2022-06-29 09:21:44', '2022-06-29 09:21:44'),
(87, 'angeline.bode@example.com', '2022-06-29 09:21:44', '2022-06-29 09:21:44'),
(88, 'glueilwitz@example.net', '2022-06-29 09:21:44', '2022-06-29 09:21:44'),
(89, 'tyrell.sanford@example.com', '2022-06-29 09:21:44', '2022-06-29 09:21:44'),
(90, 'gorczany.robert@example.org', '2022-06-29 09:21:44', '2022-06-29 09:21:44'),
(91, 'klangworth@example.net', '2022-06-29 09:21:44', '2022-06-29 09:21:44'),
(92, 'mcollier@example.com', '2022-06-29 09:21:44', '2022-06-29 09:21:44'),
(93, 'giles38@example.net', '2022-06-29 09:21:44', '2022-06-29 09:21:44'),
(94, 'odessa13@example.com', '2022-06-29 09:21:44', '2022-06-29 09:21:44'),
(95, 'jordyn39@example.com', '2022-06-29 09:21:44', '2022-06-29 09:21:44'),
(96, 'adams.hillary@example.net', '2022-06-29 09:21:44', '2022-06-29 09:21:44'),
(97, 'keebler.meta@example.org', '2022-06-29 09:21:44', '2022-06-29 09:21:44'),
(98, 'hauck.judy@example.com', '2022-06-29 09:21:44', '2022-06-29 09:21:44'),
(99, 'zoe.funk@example.net', '2022-06-29 09:21:44', '2022-06-29 09:21:44'),
(100, 'kade.murray@example.com', '2022-06-29 09:21:44', '2022-06-29 09:21:44');

-- --------------------------------------------------------

--
-- Table structure for table `order_addresses`
--

CREATE TABLE `order_addresses` (
  `id` bigint UNSIGNED NOT NULL,
  `order_id` bigint UNSIGNED NOT NULL,
  `name` varchar(255) CHARACTER SET utf8mb4 COLLATE utf8mb4_unicode_ci NOT NULL,
  `building_number` varchar(255) CHARACTER SET utf8mb4 COLLATE utf8mb4_unicode_ci NOT NULL,
  `street_name` varchar(255) CHARACTER SET utf8mb4 COLLATE utf8mb4_unicode_ci NOT NULL,
  `city` varchar(255) CHARACTER SET utf8mb4 COLLATE utf8mb4_unicode_ci NOT NULL,
  `postal_code` varchar(50) CHARACTER SET utf8mb4 COLLATE utf8mb4_unicode_ci NOT NULL,
  `address` text CHARACTER SET utf8mb4 COLLATE utf8mb4_unicode_ci NOT NULL,
  `landmark` varchar(255) CHARACTER SET utf8mb4 COLLATE utf8mb4_unicode_ci NOT NULL,
  `country_id` bigint UNSIGNED NOT NULL,
  `user_id` bigint UNSIGNED NOT NULL,
  `type` tinyint NOT NULL DEFAULT '1' COMMENT '1:Home, 2:Work, 3:Other',
  `deleted_at` timestamp NULL DEFAULT NULL,
  `created_at` timestamp NULL DEFAULT NULL,
  `updated_at` timestamp NULL DEFAULT NULL
) ENGINE=InnoDB DEFAULT CHARSET=utf8mb4 COLLATE=utf8mb4_unicode_ci;

--
-- Dumping data for table `order_addresses`
--

INSERT INTO `order_addresses` (`id`, `order_id`, `name`, `building_number`, `street_name`, `city`, `postal_code`, `address`, `landmark`, `country_id`, `user_id`, `type`, `deleted_at`, `created_at`, `updated_at`) VALUES
(1, 1, 'Raoof', '#44', 'Street #4', 'City #4', '673301', 'address #4', 'landmark #4', 5, 7, 2, NULL, '2022-07-22 10:53:26', '2022-07-22 10:53:26'),
(2, 2, 'Raoof', '#44', 'Street #4', 'City #4', '673301', 'address #4', 'landmark #4', 5, 7, 2, NULL, '2022-07-22 13:25:36', '2022-07-22 13:25:36'),
(3, 3, 'Raoof', '#44', 'Street #4', 'City #4', '673301', 'address #4', 'landmark #4', 5, 7, 2, NULL, '2022-07-23 08:30:26', '2022-07-23 08:30:26'),
(4, 4, 'DADASDA', '123', 'SFAASF', 'fdfds', '673001', 'FDFDS', 'srtre', 3, 7, 2, NULL, '2022-07-26 10:41:57', '2022-07-26 10:41:57'),
(5, 5, 'Raoof', '124', 'Street #2', 'Calicut', '673301', 'Test Address', 'landmark #1', 2, 7, 2, NULL, '2022-08-01 05:20:13', '2022-08-01 05:20:13'),
(6, 129, 'fff', 'skjlk', 'lsjdfalk', 'lksajflk', 'lskjalk', 'jlkadjfs', 'kajfdsl', 5, 4, 2, NULL, '2022-09-30 14:48:35', '2022-09-30 14:48:35'),
(7, 131, 'fff', 'skjlk', 'lsjdfalk', 'lksajflk', 'lskjalk', 'jlkadjfs', 'kajfdsl', 5, 4, 2, NULL, '2022-09-30 14:48:52', '2022-09-30 14:48:52'),
(8, 134, 'fff', 'skjlk', 'lsjdfalk', 'lksajflk', 'lskjalk', 'jlkadjfs', 'kajfdsl', 5, 4, 2, NULL, '2022-09-30 15:48:27', '2022-09-30 15:48:27'),
(9, 138, 'fff', 'skjlk', 'lsjdfalk', 'lksajflk', 'lskjalk', 'jlkadjfs', 'kajfdsl', 5, 4, 2, NULL, '2022-10-01 13:42:25', '2022-10-01 13:42:25'),
(10, 140, 'fff', 'skjlk', 'lsjdfalk', 'lksajflk', 'lskjalk', 'jlkadjfs', 'kajfdsl', 5, 4, 2, NULL, '2022-10-01 13:42:41', '2022-10-01 13:42:41'),
(11, 142, 'fff', 'skjlk', 'lsjdfalk', 'lksajflk', 'lskjalk', 'jlkadjfs', 'kajfdsl', 5, 4, 2, NULL, '2022-10-01 13:47:12', '2022-10-01 13:47:12'),
(12, 144, 'fff', 'skjlk', 'lsjdfalk', 'lksajflk', 'lskjalk', 'jlkadjfs', 'kajfdsl', 5, 4, 2, NULL, '2022-10-01 13:53:15', '2022-10-01 13:53:15'),
(13, 146, 'fff', 'skjlk', 'lsjdfalk', 'lksajflk', 'lskjalk', 'jlkadjfs', 'kajfdsl', 5, 4, 2, NULL, '2022-10-01 14:42:50', '2022-10-01 14:42:50'),
(14, 148, 'fff', 'skjlk', 'lsjdfalk', 'lksajflk', 'lskjalk', 'jlkadjfs', 'kajfdsl', 5, 4, 2, NULL, '2022-10-01 14:46:50', '2022-10-01 14:46:50'),
(15, 150, 'fff', 'skjlk', 'lsjdfalk', 'lksajflk', 'lskjalk', 'jlkadjfs', 'kajfdsl', 5, 4, 2, NULL, '2022-10-01 14:54:03', '2022-10-01 14:54:03'),
(16, 152, 'fff', 'skjlk', 'lsjdfalk', 'lksajflk', 'lskjalk', 'jlkadjfs', 'kajfdsl', 5, 4, 2, NULL, '2022-10-01 16:48:33', '2022-10-01 16:48:33'),
(17, 154, 'fff', 'skjlk', 'lsjdfalk', 'lksajflk', 'lskjalk', 'jlkadjfs', 'kajfdsl', 5, 4, 2, NULL, '2022-10-01 16:54:22', '2022-10-01 16:54:22'),
(18, 156, 'fff', 'skjlk', 'lsjdfalk', 'lksajflk', 'lskjalk', 'jlkadjfs', 'kajfdsl', 5, 4, 2, NULL, '2022-10-02 11:36:22', '2022-10-02 11:36:22'),
(19, 158, 'fff', 'skjlk', 'lsjdfalk', 'lksajflk', 'lskjalk', 'jlkadjfs', 'kajfdsl', 5, 4, 2, NULL, '2022-10-02 11:36:38', '2022-10-02 11:36:38'),
(20, 160, 'fff', 'skjlk', 'lsjdfalk', 'lksajflk', 'lskjalk', 'jlkadjfs', 'kajfdsl', 5, 4, 2, NULL, '2022-10-02 11:59:07', '2022-10-02 11:59:07'),
(21, 162, 'fff', 'skjlk', 'lsjdfalk', 'lksajflk', 'lskjalk', 'jlkadjfs', 'kajfdsl', 5, 4, 2, NULL, '2022-10-02 12:19:19', '2022-10-02 12:19:19'),
(22, 164, 'fff', 'skjlk', 'lsjdfalk', 'lksajflk', 'lskjalk', 'jlkadjfs', 'kajfdsl', 5, 4, 2, NULL, '2022-10-02 12:37:09', '2022-10-02 12:37:09'),
(23, 166, 'fff', 'skjlk', 'lsjdfalk', 'lksajflk', 'lskjalk', 'jlkadjfs', 'kajfdsl', 5, 4, 2, NULL, '2022-10-02 12:59:44', '2022-10-02 12:59:44'),
(24, 168, 'fff', 'skjlk', 'lsjdfalk', 'lksajflk', 'lskjalk', 'jlkadjfs', 'kajfdsl', 5, 4, 2, NULL, '2022-10-02 13:19:33', '2022-10-02 13:19:33'),
(25, 170, 'fff', 'skjlk', 'lsjdfalk', 'lksajflk', 'lskjalk', 'jlkadjfs', 'kajfdsl', 5, 4, 2, NULL, '2022-10-02 14:59:56', '2022-10-02 14:59:56'),
(26, 172, 'fff', 'skjlk', 'lsjdfalk', 'lksajflk', 'lskjalk', 'jlkadjfs', 'kajfdsl', 5, 4, 2, NULL, '2022-10-02 15:21:33', '2022-10-02 15:21:33'),
(27, 175, 'fff', 'skjlk', 'lsjdfalk', 'lksajflk', 'lskjalk', 'jlkadjfs', 'kajfdsl', 5, 4, 2, NULL, '2022-10-03 09:00:18', '2022-10-03 09:00:18'),
(28, 177, 'fff', 'skjlk', 'lsjdfalk', 'lksajflk', 'lskjalk', 'jlkadjfs', 'kajfdsl', 5, 4, 2, NULL, '2022-10-03 09:00:35', '2022-10-03 09:00:35'),
(29, 179, 'fff', 'skjlk', 'lsjdfalk', 'lksajflk', 'lskjalk', 'jlkadjfs', 'kajfdsl', 5, 4, 2, NULL, '2022-10-03 09:02:30', '2022-10-03 09:02:30'),
(30, 181, 'fff', 'skjlk', 'lsjdfalk', 'lksajflk', 'lskjalk', 'jlkadjfs', 'kajfdsl', 5, 4, 2, NULL, '2022-10-03 09:04:04', '2022-10-03 09:04:04'),
(31, 183, 'fff', 'skjlk', 'lsjdfalk', 'lksajflk', 'lskjalk', 'jlkadjfs', 'kajfdsl', 5, 4, 2, NULL, '2022-10-03 09:06:07', '2022-10-03 09:06:07'),
(32, 185, 'fff', 'skjlk', 'lsjdfalk', 'lksajflk', 'lskjalk', 'jlkadjfs', 'kajfdsl', 5, 4, 2, NULL, '2022-10-03 09:08:25', '2022-10-03 09:08:25'),
(33, 187, 'fff', 'skjlk', 'lsjdfalk', 'lksajflk', 'lskjalk', 'jlkadjfs', 'kajfdsl', 5, 4, 2, NULL, '2022-10-03 09:46:20', '2022-10-03 09:46:20'),
(34, 189, 'fff', 'skjlk', 'lsjdfalk', 'lksajflk', 'lskjalk', 'jlkadjfs', 'kajfdsl', 5, 4, 2, NULL, '2022-10-03 10:01:26', '2022-10-03 10:01:26'),
(35, 191, 'fff', 'skjlk', 'lsjdfalk', 'lksajflk', 'lskjalk', 'jlkadjfs', 'kajfdsl', 5, 4, 2, NULL, '2022-10-03 10:02:12', '2022-10-03 10:02:12'),
(36, 193, 'fff', 'skjlk', 'lsjdfalk', 'lksajflk', 'lskjalk', 'jlkadjfs', 'kajfdsl', 5, 4, 2, NULL, '2022-10-03 10:04:00', '2022-10-03 10:04:00'),
(37, 195, 'fff', 'skjlk', 'lsjdfalk', 'lksajflk', 'lskjalk', 'jlkadjfs', 'kajfdsl', 5, 4, 2, NULL, '2022-10-03 10:06:22', '2022-10-03 10:06:22'),
(38, 197, 'fff', 'skjlk', 'lsjdfalk', 'lksajflk', 'lskjalk', 'jlkadjfs', 'kajfdsl', 5, 4, 2, NULL, '2022-10-03 10:09:23', '2022-10-03 10:09:23'),
(39, 199, 'fff', 'skjlk', 'lsjdfalk', 'lksajflk', 'lskjalk', 'jlkadjfs', 'kajfdsl', 5, 4, 2, NULL, '2022-10-03 10:28:44', '2022-10-03 10:28:44'),
(40, 201, 'fff', 'skjlk', 'lsjdfalk', 'lksajflk', 'lskjalk', 'jlkadjfs', 'kajfdsl', 5, 4, 2, NULL, '2022-10-03 10:46:25', '2022-10-03 10:46:25'),
(41, 203, 'fff', 'skjlk', 'lsjdfalk', 'lksajflk', 'lskjalk', 'jlkadjfs', 'kajfdsl', 5, 4, 2, NULL, '2022-10-03 10:58:53', '2022-10-03 10:58:53'),
(42, 206, 'fff', 'skjlk', 'lsjdfalk', 'lksajflk', 'lskjalk', 'jlkadjfs', 'kajfdsl', 5, 4, 2, NULL, '2022-10-03 11:23:55', '2022-10-03 11:23:55'),
(43, 208, 'fff', 'skjlk', 'lsjdfalk', 'lksajflk', 'lskjalk', 'jlkadjfs', 'kajfdsl', 5, 4, 2, NULL, '2022-10-03 11:24:38', '2022-10-03 11:24:38'),
(44, 210, 'fff', 'skjlk', 'lsjdfalk', 'lksajflk', 'lskjalk', 'jlkadjfs', 'kajfdsl', 5, 4, 2, NULL, '2022-10-03 11:29:30', '2022-10-03 11:29:30'),
(45, 212, 'fff', 'skjlk', 'lsjdfalk', 'lksajflk', 'lskjalk', 'jlkadjfs', 'kajfdsl', 5, 4, 2, NULL, '2022-10-03 11:59:18', '2022-10-03 11:59:18'),
(46, 214, 'fff', 'skjlk', 'lsjdfalk', 'lksajflk', 'lskjalk', 'jlkadjfs', 'kajfdsl', 5, 4, 2, NULL, '2022-10-03 12:04:01', '2022-10-03 12:04:01'),
(47, 216, 'fff', 'skjlk', 'lsjdfalk', 'lksajflk', 'lskjalk', 'jlkadjfs', 'kajfdsl', 5, 4, 2, NULL, '2022-10-03 12:05:12', '2022-10-03 12:05:12'),
(48, 218, 'fff', 'skjlk', 'lsjdfalk', 'lksajflk', 'lskjalk', 'jlkadjfs', 'kajfdsl', 5, 4, 2, NULL, '2022-10-03 12:05:44', '2022-10-03 12:05:44'),
(49, 220, 'fff', 'skjlk', 'lsjdfalk', 'lksajflk', 'lskjalk', 'jlkadjfs', 'kajfdsl', 5, 4, 2, NULL, '2022-10-03 12:07:10', '2022-10-03 12:07:10'),
(50, 222, 'fff', 'skjlk', 'lsjdfalk', 'lksajflk', 'lskjalk', 'jlkadjfs', 'kajfdsl', 5, 4, 2, NULL, '2022-10-03 12:23:37', '2022-10-03 12:23:37'),
(51, 224, 'fff', 'skjlk', 'lsjdfalk', 'lksajflk', 'lskjalk', 'jlkadjfs', 'kajfdsl', 5, 4, 2, NULL, '2022-10-03 12:23:53', '2022-10-03 12:23:53'),
(52, 226, 'fff', 'skjlk', 'lsjdfalk', 'lksajflk', 'lskjalk', 'jlkadjfs', 'kajfdsl', 5, 4, 2, NULL, '2022-10-03 12:46:05', '2022-10-03 12:46:05'),
(53, 228, 'fff', 'skjlk', 'lsjdfalk', 'lksajflk', 'lskjalk', 'jlkadjfs', 'kajfdsl', 5, 4, 2, NULL, '2022-10-03 13:23:43', '2022-10-03 13:23:43'),
(54, 230, 'fff', 'skjlk', 'lsjdfalk', 'lksajflk', 'lskjalk', 'jlkadjfs', 'kajfdsl', 5, 4, 2, NULL, '2022-10-03 13:28:57', '2022-10-03 13:28:57'),
(55, 232, 'fff', 'skjlk', 'lsjdfalk', 'lksajflk', 'lskjalk', 'jlkadjfs', 'kajfdsl', 5, 4, 2, NULL, '2022-10-03 13:54:46', '2022-10-03 13:54:46'),
(56, 234, 'fff', 'skjlk', 'lsjdfalk', 'lksajflk', 'lskjalk', 'jlkadjfs', 'kajfdsl', 5, 4, 2, NULL, '2022-10-03 13:58:12', '2022-10-03 13:58:12'),
(57, 236, 'fff', 'skjlk', 'lsjdfalk', 'lksajflk', 'lskjalk', 'jlkadjfs', 'kajfdsl', 5, 4, 2, NULL, '2022-10-03 14:15:33', '2022-10-03 14:15:33'),
(58, 238, 'fff', 'skjlk', 'lsjdfalk', 'lksajflk', 'lskjalk', 'jlkadjfs', 'kajfdsl', 5, 4, 2, NULL, '2022-10-03 14:21:39', '2022-10-03 14:21:39'),
(59, 240, 'fff', 'skjlk', 'lsjdfalk', 'lksajflk', 'lskjalk', 'jlkadjfs', 'kajfdsl', 5, 4, 2, NULL, '2022-10-03 14:24:25', '2022-10-03 14:24:25'),
(60, 242, 'fff', 'skjlk', 'lsjdfalk', 'lksajflk', 'lskjalk', 'jlkadjfs', 'kajfdsl', 5, 4, 2, NULL, '2022-10-03 14:24:49', '2022-10-03 14:24:49'),
(61, 244, 'fff', 'skjlk', 'lsjdfalk', 'lksajflk', 'lskjalk', 'jlkadjfs', 'kajfdsl', 5, 4, 2, NULL, '2022-10-03 14:54:56', '2022-10-03 14:54:56'),
(62, 246, 'fff', 'skjlk', 'lsjdfalk', 'lksajflk', 'lskjalk', 'jlkadjfs', 'kajfdsl', 5, 4, 2, NULL, '2022-10-03 15:14:56', '2022-10-03 15:14:56'),
(63, 248, 'fff', 'skjlk', 'lsjdfalk', 'lksajflk', 'lskjalk', 'jlkadjfs', 'kajfdsl', 5, 4, 2, NULL, '2022-10-03 16:13:21', '2022-10-03 16:13:21'),
(64, 250, 'fff', 'skjlk', 'lsjdfalk', 'lksajflk', 'lskjalk', 'jlkadjfs', 'kajfdsl', 5, 4, 2, NULL, '2022-10-03 16:23:33', '2022-10-03 16:23:33'),
(65, 252, 'fff', 'skjlk', 'lsjdfalk', 'lksajflk', 'lskjalk', 'jlkadjfs', 'kajfdsl', 5, 4, 2, NULL, '2022-10-03 16:55:44', '2022-10-03 16:55:44'),
(66, 254, 'fff', 'skjlk', 'lsjdfalk', 'lksajflk', 'lskjalk', 'jlkadjfs', 'kajfdsl', 5, 4, 2, NULL, '2022-10-03 17:13:27', '2022-10-03 17:13:27'),
(67, 256, 'fff', 'skjlk', 'lsjdfalk', 'lksajflk', 'lskjalk', 'jlkadjfs', 'kajfdsl', 5, 4, 2, NULL, '2022-10-03 17:16:09', '2022-10-03 17:16:09'),
(68, 258, 'fff', 'skjlk', 'lsjdfalk', 'lksajflk', 'lskjalk', 'jlkadjfs', 'kajfdsl', 5, 4, 2, NULL, '2022-10-03 19:12:02', '2022-10-03 19:12:02'),
(69, 263, 'fff', 'skjlk', 'lsjdfalk', 'lksajflk', 'lskjalk', 'jlkadjfs', 'kajfdsl', 5, 4, 2, NULL, '2022-10-04 12:36:34', '2022-10-04 12:36:34'),
(70, 265, 'fff', 'skjlk', 'lsjdfalk', 'lksajflk', 'lskjalk', 'jlkadjfs', 'kajfdsl', 5, 4, 2, NULL, '2022-10-04 12:36:50', '2022-10-04 12:36:50'),
(71, 267, 'fff', 'skjlk', 'lsjdfalk', 'lksajflk', 'lskjalk', 'jlkadjfs', 'kajfdsl', 5, 4, 2, NULL, '2022-10-04 12:40:59', '2022-10-04 12:40:59'),
(72, 269, 'fff', 'skjlk', 'lsjdfalk', 'lksajflk', 'lskjalk', 'jlkadjfs', 'kajfdsl', 5, 4, 2, NULL, '2022-10-04 12:47:17', '2022-10-04 12:47:17'),
(73, 272, 'fff', 'skjlk', 'lsjdfalk', 'lksajflk', 'lskjalk', 'jlkadjfs', 'kajfdsl', 5, 4, 2, NULL, '2022-10-04 13:35:54', '2022-10-04 13:35:54'),
(74, 274, 'fff', 'skjlk', 'lsjdfalk', 'lksajflk', 'lskjalk', 'jlkadjfs', 'kajfdsl', 5, 4, 2, NULL, '2022-10-04 13:41:18', '2022-10-04 13:41:18'),
(75, 276, 'fff', 'skjlk', 'lsjdfalk', 'lksajflk', 'lskjalk', 'jlkadjfs', 'kajfdsl', 5, 4, 2, NULL, '2022-10-04 13:46:58', '2022-10-04 13:46:58'),
(76, 278, 'fff', 'skjlk', 'lsjdfalk', 'lksajflk', 'lskjalk', 'jlkadjfs', 'kajfdsl', 5, 4, 2, NULL, '2022-10-04 15:40:48', '2022-10-04 15:40:48'),
(77, 280, 'fff', 'skjlk', 'lsjdfalk', 'lksajflk', 'lskjalk', 'jlkadjfs', 'kajfdsl', 5, 4, 2, NULL, '2022-10-04 15:48:28', '2022-10-04 15:48:28'),
(78, 282, 'fff', 'skjlk', 'lsjdfalk', 'lksajflk', 'lskjalk', 'jlkadjfs', 'kajfdsl', 5, 4, 2, NULL, '2022-10-05 08:10:58', '2022-10-05 08:10:58'),
(79, 284, 'fff', 'skjlk', 'lsjdfalk', 'lksajflk', 'lskjalk', 'jlkadjfs', 'kajfdsl', 5, 4, 2, NULL, '2022-10-05 08:11:16', '2022-10-05 08:11:16'),
(80, 286, 'fff', 'skjlk', 'lsjdfalk', 'lksajflk', 'lskjalk', 'jlkadjfs', 'kajfdsl', 5, 4, 2, NULL, '2022-10-05 08:13:54', '2022-10-05 08:13:54'),
(81, 288, 'fff', 'skjlk', 'lsjdfalk', 'lksajflk', 'lskjalk', 'jlkadjfs', 'kajfdsl', 5, 4, 2, NULL, '2022-10-05 09:12:00', '2022-10-05 09:12:00'),
(82, 290, 'fff', 'skjlk', 'lsjdfalk', 'lksajflk', 'lskjalk', 'jlkadjfs', 'kajfdsl', 5, 4, 2, NULL, '2022-10-05 09:14:01', '2022-10-05 09:14:01'),
(83, 292, 'fff', 'skjlk', 'lsjdfalk', 'lksajflk', 'lskjalk', 'jlkadjfs', 'kajfdsl', 5, 4, 2, NULL, '2022-10-05 11:12:37', '2022-10-05 11:12:37'),
(84, 299, 'fff', 'skjlk', 'lsjdfalk', 'lksajflk', 'lskjalk', 'jlkadjfs', 'kajfdsl', 5, 4, 2, NULL, '2022-10-06 08:28:57', '2022-10-06 08:28:57'),
(85, 301, 'fff', 'skjlk', 'lsjdfalk', 'lksajflk', 'lskjalk', 'jlkadjfs', 'kajfdsl', 5, 4, 2, NULL, '2022-10-06 08:29:16', '2022-10-06 08:29:16'),
(86, 303, 'fff', 'skjlk', 'lsjdfalk', 'lksajflk', 'lskjalk', 'jlkadjfs', 'kajfdsl', 5, 4, 2, NULL, '2022-10-06 09:28:32', '2022-10-06 09:28:32'),
(87, 309, 'fff', 'skjlk', 'lsjdfalk', 'lksajflk', 'lskjalk', 'jlkadjfs', 'kajfdsl', 5, 4, 2, NULL, '2022-10-10 15:05:10', '2022-10-10 15:05:10'),
(88, 311, 'fff', 'skjlk', 'lsjdfalk', 'lksajflk', 'lskjalk', 'jlkadjfs', 'kajfdsl', 5, 4, 2, NULL, '2022-10-10 15:05:27', '2022-10-10 15:05:27'),
(89, 313, 'fff', 'skjlk', 'lsjdfalk', 'lksajflk', 'lskjalk', 'jlkadjfs', 'kajfdsl', 5, 4, 2, NULL, '2022-10-10 16:04:21', '2022-10-10 16:04:21');

-- --------------------------------------------------------

--
-- Table structure for table `order_campaigns`
--

CREATE TABLE `order_campaigns` (
  `id` bigint UNSIGNED NOT NULL,
  `order_id` bigint UNSIGNED NOT NULL,
  `user_id` bigint UNSIGNED NOT NULL,
  `campaign_id` bigint UNSIGNED NOT NULL,
  `campaign_product_id` int DEFAULT NULL,
  `product_id` int DEFAULT NULL,
  `delivery_charge_in_aed` double(8,4) DEFAULT NULL,
  `product_price_in_aed` double(12,4) DEFAULT NULL,
  `product_tax_in_aed` double(12,4) DEFAULT NULL,
  `grand_total_in_aed` double(12,4) DEFAULT NULL,
  `delivery_charge` double(8,4) DEFAULT NULL,
  `product_price` double(12,4) DEFAULT NULL,
  `product_tax` double(12,4) DEFAULT NULL,
  `grand_total` double(12,4) DEFAULT NULL,
  `paid_currency` bigint UNSIGNED NOT NULL,
  `quantity` int DEFAULT '1',
  `product_count` int DEFAULT '1',
  `delivery_status` tinyint NOT NULL DEFAULT '1' COMMENT '1: Pending, 2: Donated, 3: Shipped, 4: Delivered',
  `shipped_at` timestamp NULL DEFAULT NULL,
  `shipment_note` text CHARACTER SET utf8mb4 COLLATE utf8mb4_unicode_ci,
  `shipment_tracking_url` text CHARACTER SET utf8mb4 COLLATE utf8mb4_unicode_ci,
  `deleted_at` timestamp NULL DEFAULT NULL,
  `created_at` timestamp NULL DEFAULT NULL,
  `updated_at` timestamp NULL DEFAULT NULL
) ENGINE=InnoDB DEFAULT CHARSET=utf8mb4 COLLATE=utf8mb4_unicode_ci;

--
-- Dumping data for table `order_campaigns`
--

INSERT INTO `order_campaigns` (`id`, `order_id`, `user_id`, `campaign_id`, `campaign_product_id`, `product_id`, `delivery_charge_in_aed`, `product_price_in_aed`, `product_tax_in_aed`, `grand_total_in_aed`, `delivery_charge`, `product_price`, `product_tax`, `grand_total`, `paid_currency`, `quantity`, `product_count`, `delivery_status`, `shipped_at`, `shipment_note`, `shipment_tracking_url`, `deleted_at`, `created_at`, `updated_at`) VALUES
(1, 1, 7, 6, 6, 12, 100.0000, 200.0000, 20.0000, 220.0000, 100.0000, 200.0000, 20.0000, 220.0000, 1, 4, 1, 3, '2022-07-27 11:39:19', NULL, NULL, NULL, '2022-07-22 10:53:26', '2022-07-27 11:39:19'),
(2, 1, 7, 7, 7, 24, 100.0000, 100.0000, 10.0000, 110.0000, 100.0000, 100.0000, 10.0000, 110.0000, 1, 3, 1, 1, NULL, NULL, NULL, NULL, '2022-07-22 10:53:26', '2022-07-22 10:53:26'),
(3, 2, 7, 7, 7, 24, 100.0000, 100.0000, 10.0000, 110.0000, 100.0000, 100.0000, 10.0000, 110.0000, 1, 1, 1, 3, '2022-07-28 04:12:57', NULL, NULL, NULL, '2022-07-22 13:25:36', '2022-07-28 04:12:57'),
(4, 3, 7, 1, 1, 1, 100.0000, 5000.0000, 250.0000, 5250.0000, 100.0000, 5000.0000, 250.0000, 5250.0000, 1, 1, 1, 3, '2022-07-27 11:56:21', NULL, NULL, NULL, '2022-07-23 08:30:26', '2022-07-27 11:56:21'),
(5, 4, 7, 6, 6, 12, 100.0000, 200.0000, 20.0000, 220.0000, 100.0000, 200.0000, 20.0000, 220.0000, 1, 1, 1, 1, NULL, NULL, NULL, NULL, '2022-07-26 10:41:57', '2022-07-26 10:41:57'),
(6, 5, 7, 1, 1, 1, 100.0000, 5000.0000, 250.0000, 5250.0000, 100.0000, 5000.0000, 250.0000, 5250.0000, 1, 1, 1, 1, NULL, NULL, NULL, NULL, '2022-08-01 05:20:13', '2022-08-01 05:20:13'),
(7, 6, 8, 16, 16, 1, NULL, 5000.0000, 250.0000, 5250.0000, NULL, 5000.0000, 250.0000, 5250.0000, 1, 1, 1, 4, NULL, NULL, NULL, '2022-08-25 16:08:00', '2022-08-06 09:02:26', '2022-08-06 09:02:26'),
(8, 7, 8, 16, 16, 1, NULL, 5000.0000, 250.0000, 5250.0000, NULL, 5000.0000, 250.0000, 5250.0000, 1, 1, 1, 4, NULL, NULL, NULL, '2022-08-25 16:08:00', '2022-08-06 09:03:21', '2022-08-06 09:03:21'),
(9, 8, 8, 16, 16, 1, NULL, 5000.0000, 250.0000, 5250.0000, NULL, 5000.0000, 250.0000, 5250.0000, 1, 1, 1, 4, NULL, NULL, NULL, '2022-08-25 16:08:00', '2022-08-06 09:11:32', '2022-08-06 09:11:32'),
(10, 9, 8, 16, 16, 1, NULL, 5000.0000, 250.0000, 5250.0000, NULL, 5000.0000, 250.0000, 5250.0000, 1, 1, 1, 4, NULL, NULL, NULL, '2022-08-25 16:08:00', '2022-08-06 10:00:31', '2022-08-06 10:00:31'),
(11, 10, 8, 16, 16, 1, NULL, 5000.0000, 250.0000, 5250.0000, NULL, 5000.0000, 250.0000, 5250.0000, 1, 1, 1, 4, NULL, NULL, NULL, '2022-08-25 16:08:00', '2022-08-06 10:02:11', '2022-08-06 10:02:11'),
(12, 11, 19, 16, 16, 1, NULL, 5000.0000, 250.0000, 5250.0000, NULL, 5000.0000, 250.0000, 5250.0000, 1, 1, 1, 4, NULL, NULL, NULL, '2022-08-25 16:08:00', '2022-08-06 10:44:10', '2022-08-06 10:44:10'),
(13, 12, 14, 16, 16, 1, NULL, 5000.0000, 250.0000, 5250.0000, NULL, 5000.0000, 250.0000, 5250.0000, 1, 1, 1, 4, NULL, NULL, NULL, '2022-08-25 16:08:00', '2022-08-07 10:59:02', '2022-08-07 10:59:02'),
(14, 13, 9, 16, 16, 1, NULL, 5000.0000, 250.0000, 5250.0000, NULL, 5000.0000, 250.0000, 5250.0000, 1, 1, 1, 4, NULL, NULL, NULL, '2022-08-25 16:08:00', '2022-08-08 04:35:43', '2022-08-08 04:35:43'),
(15, 14, 14, 18, 18, 81, 100.0000, 120.0000, 12.0000, 132.0000, 100.0000, 120.0000, 12.0000, 132.0000, 1, 1, 1, 1, NULL, NULL, NULL, NULL, '2022-08-08 08:39:42', '2022-08-08 08:39:42'),
(16, 15, 14, 18, 18, 81, 100.0000, 120.0000, 12.0000, 132.0000, 100.0000, 120.0000, 12.0000, 132.0000, 1, 1, 1, 1, NULL, NULL, NULL, NULL, '2022-08-08 08:39:58', '2022-08-08 08:39:58'),
(17, 16, 9, 26, 26, 71, 100.0000, 150.0000, 15.0000, 165.0000, 100.0000, 150.0000, 15.0000, 165.0000, 1, 1, 1, 1, NULL, NULL, NULL, NULL, '2022-08-08 08:43:06', '2022-08-08 08:43:06'),
(18, 17, 14, 18, 18, 81, 100.0000, 120.0000, 12.0000, 132.0000, 100.0000, 120.0000, 12.0000, 132.0000, 1, 1, 1, 1, NULL, NULL, NULL, NULL, '2022-08-08 09:39:05', '2022-08-08 09:39:05'),
(19, 18, 9, 26, 26, 71, 100.0000, 150.0000, 15.0000, 165.0000, 100.0000, 150.0000, 15.0000, 165.0000, 1, 1, 1, 1, NULL, NULL, NULL, NULL, '2022-08-08 09:43:37', '2022-08-08 09:43:37'),
(20, 19, 9, 13, 13, 1, 100.0000, 5000.0000, 250.0000, 5250.0000, 100.0000, 5000.0000, 250.0000, 5250.0000, 1, 1, 1, 1, NULL, NULL, NULL, '2022-08-25 16:08:00', '2022-08-08 10:03:20', '2022-08-08 10:03:20'),
(21, 20, 9, 24, 24, 75, 100.0000, 100.0000, 25.0000, 125.0000, 100.0000, 100.0000, 25.0000, 125.0000, 1, 1, 1, 1, NULL, NULL, NULL, NULL, '2022-08-08 10:15:14', '2022-08-08 10:15:14'),
(22, 21, 9, 13, 13, 1, 100.0000, 5000.0000, 250.0000, 5250.0000, 100.0000, 5000.0000, 250.0000, 5250.0000, 1, 1, 1, 1, NULL, NULL, NULL, '2022-08-25 16:08:00', '2022-08-08 11:02:36', '2022-08-08 11:02:36'),
(23, 22, 9, 24, 24, 75, 100.0000, 100.0000, 25.0000, 125.0000, 100.0000, 100.0000, 25.0000, 125.0000, 1, 1, 1, 1, NULL, NULL, NULL, NULL, '2022-08-08 11:16:27', '2022-08-08 11:16:27'),
(24, 23, 9, 26, 26, 71, 100.0000, 150.0000, 15.0000, 165.0000, 100.0000, 150.0000, 15.0000, 165.0000, 1, 1, 1, 1, NULL, NULL, NULL, NULL, '2022-08-08 11:44:45', '2022-08-08 11:44:45'),
(25, 24, 9, 13, 13, 1, 100.0000, 5000.0000, 250.0000, 5250.0000, 100.0000, 5000.0000, 250.0000, 5250.0000, 1, 1, 1, 1, NULL, NULL, NULL, '2022-08-25 16:08:00', '2022-08-08 13:04:01', '2022-08-08 13:04:01'),
(26, 25, 9, 24, 24, 75, 100.0000, 100.0000, 25.0000, 125.0000, 100.0000, 100.0000, 25.0000, 125.0000, 1, 1, 1, 1, NULL, NULL, NULL, NULL, '2022-08-08 13:18:25', '2022-08-08 13:18:25'),
(27, 26, 9, 13, 13, 1, 100.0000, 5000.0000, 250.0000, 5250.0000, 100.0000, 5000.0000, 250.0000, 5250.0000, 1, 2, 1, 1, NULL, NULL, NULL, '2022-08-25 16:08:00', '2022-08-09 05:22:33', '2022-08-09 05:22:33'),
(28, 27, 9, 13, 13, 1, 100.0000, 5000.0000, 250.0000, 5250.0000, 100.0000, 5000.0000, 250.0000, 5250.0000, 1, 2, 1, 1, NULL, NULL, NULL, '2022-08-25 16:08:00', '2022-08-09 05:22:52', '2022-08-09 05:22:52'),
(29, 28, 9, 21, 21, 78, 100.0000, 110.0000, 33.0000, 143.0000, 100.0000, 110.0000, 33.0000, 143.0000, 1, 1, 1, 1, NULL, NULL, NULL, NULL, '2022-08-09 05:39:12', '2022-08-09 05:39:12'),
(30, 29, 9, 13, 13, 1, 100.0000, 5000.0000, 250.0000, 5250.0000, 100.0000, 5000.0000, 250.0000, 5250.0000, 1, 2, 1, 1, NULL, NULL, NULL, '2022-08-25 16:08:00', '2022-08-09 06:23:46', '2022-08-09 06:23:46'),
(31, 30, 9, 21, 21, 78, 100.0000, 110.0000, 33.0000, 143.0000, 100.0000, 110.0000, 33.0000, 143.0000, 1, 1, 1, 3, '2022-08-17 06:15:54', 'test', NULL, NULL, '2022-08-09 06:38:13', '2022-08-17 06:15:54'),
(32, 31, 9, 21, 21, 78, 100.0000, 110.0000, 33.0000, 143.0000, 100.0000, 110.0000, 33.0000, 143.0000, 1, 1, 1, 1, NULL, NULL, NULL, NULL, '2022-08-09 08:37:11', '2022-08-09 08:37:11'),
(33, 32, 9, 29, 29, 71, 100.0000, 150.0000, 15.0000, 165.0000, 100.0000, 150.0000, 15.0000, 165.0000, 1, 1, 1, 1, NULL, NULL, NULL, NULL, '2022-08-09 09:27:18', '2022-08-09 09:27:18'),
(34, 33, 9, 29, 29, 71, 100.0000, 150.0000, 15.0000, 165.0000, 100.0000, 150.0000, 15.0000, 165.0000, 1, 1, 1, 1, NULL, NULL, NULL, NULL, '2022-08-09 10:26:24', '2022-08-09 10:26:24'),
(35, 34, 9, 29, 29, 71, 100.0000, 150.0000, 15.0000, 165.0000, 100.0000, 150.0000, 15.0000, 165.0000, 1, 1, 1, 1, NULL, NULL, NULL, NULL, '2022-08-09 12:26:33', '2022-08-09 12:26:33'),
(36, 35, 20, 13, 13, 1, 100.0000, 5000.0000, 250.0000, 5250.0000, 100.0000, 5000.0000, 250.0000, 5250.0000, 1, 2, 1, 1, NULL, NULL, NULL, '2022-08-25 16:08:00', '2022-08-10 09:11:16', '2022-08-10 09:11:16'),
(37, 35, 20, 14, 14, 1, 100.0000, 5000.0000, 250.0000, 5250.0000, 100.0000, 5000.0000, 250.0000, 5250.0000, 1, 2, 1, 1, NULL, NULL, NULL, '2022-08-25 16:08:00', '2022-08-10 09:11:16', '2022-08-10 09:11:16'),
(38, 36, 20, 13, 13, 1, 100.0000, 5000.0000, 250.0000, 5250.0000, 100.0000, 5000.0000, 250.0000, 5250.0000, 1, 2, 1, 1, NULL, NULL, NULL, '2022-08-25 16:01:41', '2022-08-10 09:11:35', '2022-08-10 09:11:35'),
(39, 36, 20, 14, 14, 1, 100.0000, 5000.0000, 250.0000, 5250.0000, 100.0000, 5000.0000, 250.0000, 5250.0000, 1, 2, 1, 1, NULL, NULL, NULL, '2022-08-25 16:01:45', '2022-08-10 09:11:35', '2022-08-10 09:11:35'),
(40, 37, 20, 13, 13, 1, 100.0000, 5000.0000, 250.0000, 5250.0000, 100.0000, 5000.0000, 250.0000, 5250.0000, 1, 2, 1, 1, NULL, NULL, NULL, '2022-08-25 16:08:00', '2022-08-10 10:10:40', '2022-08-10 10:10:40'),
(41, 37, 20, 14, 14, 1, 100.0000, 5000.0000, 250.0000, 5250.0000, 100.0000, 5000.0000, 250.0000, 5250.0000, 1, 2, 1, 1, NULL, NULL, NULL, '2022-08-25 16:08:00', '2022-08-10 10:10:40', '2022-08-10 10:10:40'),
(42, 38, 9, 24, 24, 75, 100.0000, 100.0000, 25.0000, 125.0000, 100.0000, 100.0000, 25.0000, 125.0000, 1, 1, 1, 1, NULL, NULL, NULL, NULL, '2022-08-12 06:58:09', '2022-08-12 06:58:09'),
(43, 39, 9, 24, 24, 75, 100.0000, 100.0000, 25.0000, 125.0000, 100.0000, 100.0000, 25.0000, 125.0000, 1, 1, 1, 1, NULL, NULL, NULL, NULL, '2022-08-12 06:58:28', '2022-08-12 06:58:28'),
(44, 40, 9, 24, 24, 75, 100.0000, 100.0000, 25.0000, 125.0000, 100.0000, 100.0000, 25.0000, 125.0000, 1, 1, 1, 3, '2022-08-17 06:07:29', 'test', 'https://boostx-web.vercel.app/', NULL, '2022-08-12 07:57:47', '2022-08-17 06:07:29'),
(45, 41, 9, 13, 13, 1, 100.0000, 5000.0000, 250.0000, 5250.0000, 100.0000, 5000.0000, 250.0000, 5250.0000, 1, 1, 1, 1, NULL, NULL, NULL, '2022-08-25 16:08:00', '2022-08-12 08:52:58', '2022-08-12 08:52:58'),
(46, 42, 9, 15, 15, 1, 100.0000, 5000.0000, 250.0000, 5250.0000, 100.0000, 5000.0000, 250.0000, 5250.0000, 1, 1, 1, 1, NULL, NULL, NULL, '2022-08-25 16:08:00', '2022-08-12 08:56:34', '2022-08-12 08:56:34'),
(47, 43, 9, 13, 13, 1, 100.0000, 5000.0000, 250.0000, 5250.0000, 100.0000, 5000.0000, 250.0000, 5250.0000, 1, 1, 1, 1, NULL, NULL, NULL, '2022-08-25 16:08:00', '2022-08-12 09:54:03', '2022-08-12 09:54:03'),
(48, 44, 9, 15, 15, 1, 100.0000, 5000.0000, 250.0000, 5250.0000, 100.0000, 5000.0000, 250.0000, 5250.0000, 1, 1, 1, 1, NULL, NULL, NULL, '2022-08-25 16:08:00', '2022-08-12 09:55:46', '2022-08-12 09:55:46'),
(49, 45, 20, 24, 24, 75, 100.0000, 100.0000, 25.0000, 125.0000, 100.0000, 100.0000, 25.0000, 125.0000, 1, 1, 1, 1, NULL, NULL, NULL, NULL, '2022-08-12 11:09:12', '2022-08-12 11:09:12'),
(50, 46, 20, 24, 24, 75, 100.0000, 100.0000, 25.0000, 125.0000, 100.0000, 100.0000, 25.0000, 125.0000, 1, 1, 1, 1, NULL, NULL, NULL, NULL, '2022-08-12 11:09:31', '2022-08-12 11:09:31'),
(51, 47, 9, 15, 15, 1, 100.0000, 5000.0000, 250.0000, 5250.0000, 100.0000, 5000.0000, 250.0000, 5250.0000, 1, 1, 1, 1, NULL, NULL, NULL, '2022-08-25 16:08:00', '2022-08-12 11:55:32', '2022-08-12 11:55:32'),
(52, 48, 9, 13, 13, 1, 100.0000, 5000.0000, 250.0000, 5250.0000, 100.0000, 5000.0000, 250.0000, 5250.0000, 1, 1, 1, 1, NULL, NULL, NULL, '2022-08-25 16:08:00', '2022-08-12 11:56:30', '2022-08-12 11:56:30'),
(53, 49, 20, 24, 24, 75, 100.0000, 100.0000, 25.0000, 125.0000, 100.0000, 100.0000, 25.0000, 125.0000, 1, 1, 1, 1, NULL, NULL, NULL, NULL, '2022-08-12 12:10:38', '2022-08-12 12:10:38'),
(54, 50, 9, 20, 20, 79, 100.0000, 120.0000, 12.0000, 132.0000, 100.0000, 120.0000, 12.0000, 132.0000, 1, 1, 1, 1, NULL, NULL, NULL, NULL, '2022-08-12 12:13:07', '2022-08-12 12:13:07'),
(55, 51, 20, 21, 21, 78, 100.0000, 110.0000, 33.0000, 143.0000, 100.0000, 110.0000, 33.0000, 143.0000, 1, 1, 1, 1, NULL, NULL, NULL, NULL, '2022-08-12 12:30:54', '2022-08-12 12:30:54'),
(56, 52, 9, 20, 20, 79, 100.0000, 120.0000, 12.0000, 132.0000, 100.0000, 120.0000, 12.0000, 132.0000, 1, 1, 1, 1, NULL, NULL, NULL, NULL, '2022-08-12 13:12:19', '2022-08-12 13:12:19'),
(57, 53, 20, 21, 21, 78, 100.0000, 110.0000, 33.0000, 143.0000, 100.0000, 110.0000, 33.0000, 143.0000, 1, 1, 1, 1, NULL, NULL, NULL, NULL, '2022-08-12 13:31:46', '2022-08-12 13:31:46'),
(58, 54, 9, 20, 20, 79, 100.0000, 120.0000, 12.0000, 132.0000, 100.0000, 120.0000, 12.0000, 132.0000, 1, 1, 1, 1, NULL, NULL, NULL, NULL, '2022-08-12 15:12:56', '2022-08-12 15:12:56'),
(59, 55, 20, 21, 21, 78, 100.0000, 110.0000, 33.0000, 143.0000, 100.0000, 110.0000, 33.0000, 143.0000, 1, 1, 1, 1, NULL, NULL, NULL, NULL, '2022-08-12 15:31:06', '2022-08-12 15:31:06'),
(60, 56, 14, 22, 22, 77, 0.0000, 110.0000, 16.5000, 126.5000, 0.0000, 110.0000, 16.5000, 126.5000, 1, 2, 1, 2, NULL, NULL, NULL, '2022-08-25 16:08:00', '2022-08-13 13:24:56', '2022-08-13 13:24:56'),
(61, 56, 14, 20, 20, 79, 0.0000, 120.0000, 12.0000, 132.0000, 0.0000, 120.0000, 12.0000, 132.0000, 1, 1, 1, 2, NULL, NULL, NULL, '2022-08-25 16:08:00', '2022-08-13 13:24:56', '2022-08-13 13:24:56'),
(62, 56, 14, 14, 1, 1, 0.0000, 5000.0000, 250.0000, 5250.0000, 0.0000, 5000.0000, 250.0000, 5250.0000, 1, 1, 1, 2, NULL, NULL, NULL, '2022-08-25 16:08:00', '2022-08-13 13:24:56', '2022-08-13 13:24:56'),
(63, 56, 14, 13, 1, 1, 0.0000, 5000.0000, 250.0000, 5250.0000, 0.0000, 5000.0000, 250.0000, 5250.0000, 1, 1, 1, 2, NULL, NULL, NULL, '2022-08-25 16:08:00', '2022-08-13 13:24:56', '2022-08-13 13:24:56'),
(64, 57, 14, 22, 22, 77, 0.0000, 110.0000, 16.5000, 126.5000, 0.0000, 110.0000, 16.5000, 126.5000, 1, 2, 1, 2, NULL, NULL, NULL, NULL, '2022-08-13 13:25:15', '2022-08-13 13:25:15'),
(65, 57, 14, 20, 20, 79, 0.0000, 120.0000, 12.0000, 132.0000, 0.0000, 120.0000, 12.0000, 132.0000, 1, 1, 1, 2, NULL, NULL, NULL, NULL, '2022-08-13 13:25:15', '2022-08-13 13:25:15'),
(66, 57, 14, 14, 1, 1, 0.0000, 5000.0000, 250.0000, 5250.0000, 0.0000, 5000.0000, 250.0000, 5250.0000, 1, 1, 1, 2, NULL, NULL, NULL, NULL, '2022-08-13 13:25:15', '2022-08-13 13:25:15'),
(67, 57, 14, 13, 1, 1, 0.0000, 5000.0000, 250.0000, 5250.0000, 0.0000, 5000.0000, 250.0000, 5250.0000, 1, 1, 1, 2, NULL, NULL, NULL, NULL, '2022-08-13 13:25:15', '2022-08-13 13:25:15'),
(68, 58, 14, 22, 22, 77, 0.0000, 110.0000, 16.5000, 126.5000, 0.0000, 110.0000, 16.5000, 126.5000, 1, 2, 1, 2, NULL, NULL, NULL, '2022-08-25 16:08:00', '2022-08-13 14:25:23', '2022-08-13 14:25:23'),
(69, 58, 14, 20, 20, 79, 0.0000, 120.0000, 12.0000, 132.0000, 0.0000, 120.0000, 12.0000, 132.0000, 1, 1, 1, 2, NULL, NULL, NULL, '2022-08-25 16:08:00', '2022-08-13 14:25:23', '2022-08-13 14:25:23'),
(70, 58, 14, 14, 1, 1, 0.0000, 5000.0000, 250.0000, 5250.0000, 0.0000, 5000.0000, 250.0000, 5250.0000, 1, 1, 1, 2, NULL, NULL, NULL, '2022-08-25 16:08:00', '2022-08-13 14:25:23', '2022-08-13 14:25:23'),
(71, 58, 14, 13, 1, 1, 0.0000, 5000.0000, 250.0000, 5250.0000, 0.0000, 5000.0000, 250.0000, 5250.0000, 1, 1, 1, 2, NULL, NULL, NULL, '2022-08-25 16:08:00', '2022-08-13 14:25:23', '2022-08-13 14:25:23'),
(72, 59, 14, 22, 22, 77, NULL, 110.0000, 16.5000, 126.5000, NULL, 110.0000, 16.5000, 126.5000, 1, 1, 1, 4, NULL, NULL, NULL, NULL, '2022-08-14 04:46:28', '2022-08-14 04:46:28'),
(73, 60, 20, 15, 15, 1, 100.0000, 5000.0000, 250.0000, 5250.0000, 100.0000, 5000.0000, 250.0000, 5250.0000, 1, 1, 1, 3, '2022-08-18 06:18:51', NULL, NULL, '2022-08-25 16:08:00', '2022-08-16 06:40:01', '2022-08-18 06:18:51'),
(74, 61, 20, 15, 15, 1, 100.0000, 5000.0000, 250.0000, 5250.0000, 100.0000, 5000.0000, 250.0000, 5250.0000, 1, 1, 1, 3, '2022-08-17 06:17:43', NULL, NULL, '2022-08-25 16:08:00', '2022-08-16 06:40:20', '2022-08-17 06:17:43'),
(75, 62, 20, 15, 15, 1, 100.0000, 5000.0000, 250.0000, 5250.0000, 100.0000, 5000.0000, 250.0000, 5250.0000, 1, 1, 1, 3, '2022-08-17 06:19:27', 'test', 'https://boostx-web.vercel.app/', NULL, '2022-08-16 07:40:39', '2022-08-17 06:19:27'),
(76, 63, 9, 27, 27, 78, 0.0000, 110.0000, 33.0000, 143.0000, 0.0000, 110.0000, 33.0000, 143.0000, 1, 1, 1, 2, NULL, NULL, NULL, NULL, '2022-08-16 12:16:24', '2022-08-16 12:16:24'),
(77, 64, 9, 27, 27, 78, 0.0000, 110.0000, 33.0000, 143.0000, 0.0000, 110.0000, 33.0000, 143.0000, 1, 1, 1, 2, NULL, NULL, NULL, NULL, '2022-08-16 12:16:44', '2022-08-16 12:16:44'),
(78, 65, 9, 27, 27, 78, 0.0000, 110.0000, 33.0000, 143.0000, 0.0000, 110.0000, 33.0000, 143.0000, 1, 1, 1, 2, NULL, NULL, NULL, NULL, '2022-08-16 13:16:16', '2022-08-16 13:16:16'),
(79, 66, 14, 22, 22, 77, NULL, 110.0000, 16.5000, 126.5000, NULL, 110.0000, 16.5000, 126.5000, 1, 1, 1, 4, NULL, NULL, NULL, NULL, '2022-08-18 17:07:36', '2022-08-18 17:07:36'),
(80, 67, 8, 20, 20, 79, 100.0000, 120.0000, 12.0000, 132.0000, 100.0000, 120.0000, 12.0000, 132.0000, 1, 1, 1, 1, NULL, NULL, NULL, NULL, '2022-08-20 05:03:46', '2022-08-20 05:03:46'),
(81, 68, 8, 20, 20, 79, 100.0000, 120.0000, 12.0000, 132.0000, 100.0000, 120.0000, 12.0000, 132.0000, 1, 1, 1, 1, NULL, NULL, NULL, NULL, '2022-08-20 05:04:03', '2022-08-20 05:04:03'),
(82, 69, 8, 26, 26, 71, 100.0000, 150.0000, 15.0000, 165.0000, 100.0000, 150.0000, 15.0000, 165.0000, 1, 1, 1, 1, NULL, NULL, NULL, NULL, '2022-08-20 05:06:24', '2022-08-20 05:06:24'),
(83, 70, 8, 16, 16, 1, NULL, 5000.0000, 250.0000, 5250.0000, NULL, 5000.0000, 250.0000, 5250.0000, 1, 1, 1, 4, NULL, NULL, NULL, NULL, '2022-08-20 05:39:09', '2022-08-20 05:39:09'),
(84, 71, 8, 16, 16, 1, NULL, 5000.0000, 250.0000, 5250.0000, NULL, 5000.0000, 250.0000, 5250.0000, 1, 1, 1, 4, NULL, NULL, NULL, NULL, '2022-08-20 05:45:10', '2022-08-20 05:45:10'),
(85, 72, 8, 20, 20, 79, 100.0000, 120.0000, 12.0000, 132.0000, 100.0000, 120.0000, 12.0000, 132.0000, 1, 1, 1, 1, NULL, NULL, NULL, NULL, '2022-08-20 06:04:20', '2022-08-20 06:04:20'),
(86, 73, 8, 26, 26, 71, 100.0000, 150.0000, 15.0000, 165.0000, 100.0000, 150.0000, 15.0000, 165.0000, 1, 1, 1, 1, NULL, NULL, NULL, NULL, '2022-08-20 06:06:56', '2022-08-20 06:06:56'),
(87, 74, 8, 16, 16, 1, NULL, 5000.0000, 250.0000, 5250.0000, NULL, 5000.0000, 250.0000, 5250.0000, 1, 1, 1, 4, NULL, NULL, NULL, NULL, '2022-08-20 06:11:36', '2022-08-20 06:11:36'),
(88, 75, 8, 22, 22, 77, 0.0000, 110.0000, 16.5000, 126.5000, 0.0000, 110.0000, 16.5000, 126.5000, 1, 1, 1, 2, NULL, NULL, NULL, NULL, '2022-08-20 07:02:11', '2022-08-20 07:02:11'),
(89, 76, 14, 22, 22, 77, NULL, 110.0000, 16.5000, 126.5000, NULL, 110.0000, 16.5000, 126.5000, 1, 1, 1, 4, NULL, NULL, NULL, NULL, '2022-08-20 08:16:07', '2022-08-20 08:16:07'),
(90, 77, 14, 22, 22, 77, NULL, 110.0000, 16.5000, 126.5000, NULL, 110.0000, 16.5000, 126.5000, 1, 1, 1, 4, NULL, NULL, NULL, NULL, '2022-08-20 08:25:37', '2022-08-20 08:25:37'),
(91, 78, 14, 22, 22, 77, NULL, 110.0000, 16.5000, 126.5000, NULL, 110.0000, 16.5000, 126.5000, 1, 1, 1, 4, NULL, NULL, NULL, NULL, '2022-08-20 08:28:03', '2022-08-20 08:28:03'),
(92, 79, 14, 22, 22, 77, NULL, 110.0000, 16.5000, 126.5000, NULL, 110.0000, 16.5000, 126.5000, 1, 1, 1, 4, NULL, NULL, NULL, NULL, '2022-08-20 08:28:37', '2022-08-20 08:28:37'),
(93, 80, 20, 20, 20, 79, 0.0000, 120.0000, 12.0000, 132.0000, 0.0000, 120.0000, 12.0000, 132.0000, 1, 1, 1, 2, NULL, NULL, NULL, NULL, '2022-08-22 04:41:51', '2022-08-22 04:41:51'),
(94, 81, 20, 31, 31, 12, 100.0000, 200.0000, 20.0000, 220.0000, 100.0000, 200.0000, 20.0000, 220.0000, 1, 1, 1, 1, NULL, NULL, NULL, NULL, '2022-08-22 04:45:14', '2022-08-22 04:45:14'),
(95, 82, 20, 28, 28, 72, 0.0000, 110.0000, 22.0000, 132.0000, 0.0000, 110.0000, 22.0000, 132.0000, 1, 1, 1, 2, NULL, NULL, NULL, NULL, '2022-08-22 05:21:02', '2022-08-22 05:21:02'),
(96, 83, 20, 31, 31, 12, 100.0000, 200.0000, 20.0000, 220.0000, 100.0000, 200.0000, 20.0000, 220.0000, 1, 1, 1, 1, NULL, NULL, NULL, NULL, '2022-08-22 05:24:18', '2022-08-22 05:24:18'),
(97, 84, 20, 31, 31, 12, 100.0000, 200.0000, 20.0000, 220.0000, 100.0000, 200.0000, 20.0000, 220.0000, 1, 1, 1, 1, NULL, NULL, NULL, NULL, '2022-08-22 05:31:44', '2022-08-22 05:31:44'),
(98, 85, 20, 22, 22, 77, 0.0000, 110.0000, 16.5000, 126.5000, 0.0000, 110.0000, 16.5000, 126.5000, 1, 1, 1, 2, NULL, NULL, NULL, NULL, '2022-08-22 05:38:41', '2022-08-22 05:38:41'),
(99, 86, 8, 21, 21, 78, 100.0000, 110.0000, 33.0000, 143.0000, 100.0000, 110.0000, 33.0000, 143.0000, 1, 1, 1, 1, NULL, NULL, NULL, NULL, '2022-08-22 09:16:34', '2022-08-22 09:16:34'),
(100, 86, 8, 31, 31, 12, 100.0000, 200.0000, 20.0000, 220.0000, 100.0000, 200.0000, 20.0000, 220.0000, 1, 1, 1, 1, NULL, NULL, NULL, NULL, '2022-08-22 09:16:34', '2022-08-22 09:16:34'),
(101, 87, 20, 26, 26, 71, 100.0000, 150.0000, 15.0000, 165.0000, 100.0000, 150.0000, 15.0000, 165.0000, 1, 1, 1, 1, NULL, NULL, NULL, NULL, '2022-08-23 05:18:26', '2022-08-23 05:18:26'),
(102, 88, 21, 20, 20, 79, 0.0000, 120.0000, 12.0000, 132.0000, 0.0000, 120.0000, 12.0000, 132.0000, 1, 1, 1, 2, NULL, NULL, NULL, NULL, '2022-08-23 06:32:34', '2022-08-23 06:32:34'),
(103, 89, 21, 21, 21, 78, NULL, 110.0000, 33.0000, 143.0000, NULL, 110.0000, 33.0000, 143.0000, 1, 1, 1, 4, NULL, NULL, NULL, NULL, '2022-08-25 07:23:45', '2022-08-25 07:23:45'),
(104, 90, 21, 21, 21, 78, NULL, 110.0000, 33.0000, 143.0000, NULL, 110.0000, 33.0000, 143.0000, 1, 1, 1, 4, NULL, NULL, NULL, NULL, '2022-08-25 07:24:42', '2022-08-25 07:24:42'),
(105, 91, 24, 21, 21, 78, NULL, 110.0000, 33.0000, 143.0000, NULL, 110.0000, 33.0000, 143.0000, 1, 1, 1, 4, NULL, NULL, NULL, NULL, '2022-08-25 08:50:07', '2022-08-25 08:50:07'),
(106, 92, 20, 22, 22, 77, 0.0000, 110.0000, 16.5000, 126.5000, 0.0000, 110.0000, 16.5000, 126.5000, 1, 2, 1, 2, NULL, NULL, NULL, NULL, '2022-08-25 11:56:41', '2022-08-25 11:56:41'),
(107, 92, 20, 20, 20, 79, 0.0000, 120.0000, 12.0000, 132.0000, 0.0000, 120.0000, 12.0000, 132.0000, 1, 1, 1, 2, NULL, NULL, NULL, NULL, '2022-08-25 11:56:41', '2022-08-25 11:56:41'),
(108, 93, 20, 32, 32, 73, 0.0000, 100.0000, 20.0000, 120.0000, 0.0000, 100.0000, 20.0000, 120.0000, 1, 1, 1, 2, NULL, NULL, NULL, NULL, '2022-08-26 04:34:09', '2022-08-26 04:34:09'),
(109, 94, 21, 32, 32, 73, 0.0000, 100.0000, 20.0000, 120.0000, 0.0000, 100.0000, 20.0000, 120.0000, 1, 1, 1, 2, NULL, NULL, NULL, NULL, '2022-08-26 04:57:59', '2022-08-26 04:57:59'),
(110, 95, 21, 32, 32, 73, 100.0000, 100.0000, 20.0000, 120.0000, 100.0000, 100.0000, 20.0000, 120.0000, 1, 1, 1, 1, NULL, NULL, NULL, NULL, '2022-08-26 05:08:17', '2022-08-26 05:08:17'),
(111, 96, 21, 32, 32, 73, 0.0000, 100.0000, 20.0000, 120.0000, 0.0000, 100.0000, 20.0000, 120.0000, 1, 1, 1, 2, NULL, NULL, NULL, NULL, '2022-08-26 05:09:54', '2022-08-26 05:09:54'),
(112, 97, 20, 32, 32, 73, 0.0000, 100.0000, 20.0000, 120.0000, 0.0000, 100.0000, 20.0000, 120.0000, 1, 1, 1, 2, NULL, NULL, NULL, NULL, '2022-08-26 06:18:28', '2022-08-26 06:18:28'),
(113, 98, 20, 32, 32, 73, 100.0000, 100.0000, 20.0000, 120.0000, 100.0000, 100.0000, 20.0000, 120.0000, 1, 1, 1, 1, NULL, NULL, NULL, NULL, '2022-08-26 06:19:42', '2022-08-26 06:19:42'),
(114, 99, 8, 22, 22, 77, 0.0000, 110.0000, 16.5000, 126.5000, 0.0000, 110.0000, 16.5000, 126.5000, 1, 1, 1, 2, NULL, NULL, NULL, NULL, '2022-08-26 09:26:38', '2022-08-26 09:26:38'),
(115, 100, 8, 24, 24, 75, 0.0000, 100.0000, 25.0000, 125.0000, 0.0000, 100.0000, 25.0000, 125.0000, 1, 1, 1, 2, NULL, NULL, NULL, NULL, '2022-08-26 09:30:58', '2022-08-26 09:30:58'),
(116, 101, 21, 22, 22, 77, NULL, 110.0000, 16.5000, 126.5000, NULL, 110.0000, 16.5000, 126.5000, 1, 1, 1, 4, NULL, NULL, NULL, NULL, '2022-08-26 09:41:19', '2022-08-26 09:41:19'),
(117, 102, 21, 20, 20, 79, 0.0000, 120.0000, 12.0000, 132.0000, 0.0000, 120.0000, 12.0000, 132.0000, 1, 1, 1, 2, NULL, NULL, NULL, NULL, '2022-08-26 09:45:55', '2022-08-26 09:45:55'),
(118, 103, 24, 22, 22, 77, NULL, 110.0000, 16.5000, 126.5000, NULL, 110.0000, 16.5000, 126.5000, 1, 1, 1, 4, NULL, NULL, NULL, NULL, '2022-08-26 09:53:37', '2022-08-26 09:53:37'),
(119, 104, 21, 22, 22, 77, NULL, 110.0000, 16.5000, 126.5000, NULL, 110.0000, 16.5000, 126.5000, 1, 1, 1, 4, NULL, NULL, NULL, NULL, '2022-08-26 10:02:40', '2022-08-26 10:02:40'),
(120, 105, 20, 30, 30, 74, 0.0000, 120.0000, 18.0000, 138.0000, 0.0000, 120.0000, 18.0000, 138.0000, 1, 1, 1, 2, NULL, NULL, NULL, NULL, '2022-08-29 09:43:45', '2022-08-29 09:43:45'),
(121, 105, 20, 28, 28, 72, 0.0000, 110.0000, 22.0000, 132.0000, 0.0000, 110.0000, 22.0000, 132.0000, 1, 1, 1, 2, NULL, NULL, NULL, NULL, '2022-08-29 09:43:45', '2022-08-29 09:43:45'),
(122, 106, 20, 30, 30, 74, 0.0000, 120.0000, 18.0000, 138.0000, 0.0000, 120.0000, 18.0000, 138.0000, 1, 1, 1, 2, NULL, NULL, NULL, NULL, '2022-08-29 09:44:29', '2022-08-29 09:44:29'),
(123, 106, 20, 28, 28, 72, 0.0000, 110.0000, 22.0000, 132.0000, 0.0000, 110.0000, 22.0000, 132.0000, 1, 1, 1, 2, NULL, NULL, NULL, NULL, '2022-08-29 09:44:29', '2022-08-29 09:44:29'),
(124, 107, 20, 28, 28, 72, 0.0000, 110.0000, 22.0000, 132.0000, 0.0000, 110.0000, 22.0000, 132.0000, 1, 3, 1, 2, NULL, NULL, NULL, NULL, '2022-08-30 06:34:35', '2022-08-30 06:34:35'),
(125, 107, 20, 29, 29, 71, 0.0000, 150.0000, 15.0000, 165.0000, 0.0000, 150.0000, 15.0000, 165.0000, 1, 1, 1, 2, NULL, NULL, NULL, NULL, '2022-08-30 06:34:35', '2022-08-30 06:34:35'),
(126, 108, 21, 28, 28, 72, 0.0000, 110.0000, 22.0000, 132.0000, 0.0000, 110.0000, 22.0000, 132.0000, 1, 1, 1, 2, NULL, NULL, NULL, NULL, '2022-08-30 10:01:53', '2022-08-30 10:01:53'),
(127, 109, 20, 33, 33, 85, NULL, 100.0000, 20.0000, 120.0000, NULL, 100.0000, 20.0000, 120.0000, 1, 1, 1, 4, NULL, NULL, NULL, NULL, '2022-08-31 09:47:03', '2022-08-31 09:47:03'),
(128, 110, 20, 30, 30, 74, 0.0000, 120.0000, 18.0000, 138.0000, 0.0000, 120.0000, 18.0000, 138.0000, 1, 1, 1, 2, NULL, NULL, NULL, NULL, '2022-08-31 10:58:05', '2022-08-31 10:58:05'),
(129, 111, 24, 22, 22, 77, NULL, 110.0000, 16.5000, 126.5000, NULL, 110.0000, 16.5000, 126.5000, 1, 1, 1, 4, NULL, NULL, NULL, NULL, '2022-09-01 04:56:23', '2022-09-01 04:56:23'),
(130, 112, 27, 23, 23, 76, NULL, 120.0000, 30.0000, 150.0000, NULL, 120.0000, 30.0000, 150.0000, 1, 1, 1, 4, NULL, NULL, NULL, NULL, '2022-09-08 16:26:16', '2022-09-08 16:26:16'),
(131, 113, 27, 23, 23, 76, NULL, 120.0000, 30.0000, 150.0000, NULL, 120.0000, 30.0000, 150.0000, 1, 1, 1, 4, NULL, NULL, NULL, NULL, '2022-09-08 16:31:34', '2022-09-08 16:31:34'),
(132, 114, 27, 23, 23, 76, NULL, 120.0000, 30.0000, 150.0000, NULL, 120.0000, 30.0000, 150.0000, 1, 1, 1, 4, NULL, NULL, NULL, NULL, '2022-09-08 16:32:44', '2022-09-08 16:32:44'),
(133, 115, 27, 23, 23, 76, NULL, 120.0000, 30.0000, 150.0000, NULL, 120.0000, 30.0000, 150.0000, 1, 1, 1, 4, NULL, NULL, NULL, NULL, '2022-09-08 17:00:37', '2022-09-08 17:00:37'),
(134, 116, 8, 30, 30, 74, 0.0000, 120.0000, 18.0000, 138.0000, 0.0000, 120.0000, 18.0000, 138.0000, 1, 1, 1, 2, NULL, NULL, NULL, NULL, '2022-09-13 08:01:10', '2022-09-13 08:01:10'),
(135, 117, 8, 30, 30, 74, 0.0000, 120.0000, 18.0000, 138.0000, 0.0000, 120.0000, 18.0000, 138.0000, 1, 2, 1, 2, NULL, NULL, NULL, NULL, '2022-09-13 08:16:07', '2022-09-13 08:16:07'),
(136, 118, 8, 30, 30, 74, 0.0000, 120.0000, 18.0000, 138.0000, 0.0000, 120.0000, 18.0000, 138.0000, 1, 1, 1, 2, NULL, NULL, NULL, NULL, '2022-09-14 03:28:34', '2022-09-14 03:28:34'),
(137, 119, 8, 30, 30, 74, 0.0000, 120.0000, 18.0000, 138.0000, 0.0000, 120.0000, 18.0000, 138.0000, 1, 1, 1, 2, NULL, NULL, NULL, NULL, '2022-09-14 03:34:44', '2022-09-14 03:34:44'),
(138, 120, 8, 33, 33, 85, 0.0000, 100.0000, 20.0000, 120.0000, 0.0000, 100.0000, 20.0000, 120.0000, 1, 1, 1, 2, NULL, NULL, NULL, NULL, '2022-09-14 03:36:58', '2022-09-14 03:36:58'),
(139, 121, 8, 22, 22, 77, 0.0000, 110.0000, 16.5000, 126.5000, 0.0000, 110.0000, 16.5000, 126.5000, 1, 1, 1, 2, NULL, NULL, NULL, NULL, '2022-09-14 05:24:47', '2022-09-14 05:24:47'),
(140, 122, 8, 30, 30, 74, 0.0000, 120.0000, 18.0000, 138.0000, 0.0000, 120.0000, 18.0000, 138.0000, 1, 1, 1, 2, NULL, NULL, NULL, NULL, '2022-09-14 07:38:33', '2022-09-14 07:38:33'),
(141, 123, 8, 29, 29, 71, 0.0000, 150.0000, 15.0000, 165.0000, 0.0000, 150.0000, 15.0000, 165.0000, 1, 2, 1, 2, NULL, NULL, NULL, NULL, '2022-09-20 06:48:54', '2022-09-20 06:48:54'),
(142, 124, 8, 29, 29, 71, 0.0000, 150.0000, 15.0000, 165.0000, 0.0000, 150.0000, 15.0000, 165.0000, 1, 2, 1, 2, NULL, NULL, NULL, NULL, '2022-09-25 09:56:09', '2022-09-25 09:56:09'),
(143, 125, 14, 30, 30, 74, 0.0000, 120.0000, 18.0000, 138.0000, 0.0000, 120.0000, 18.0000, 138.0000, 1, 2, 1, 2, NULL, NULL, NULL, NULL, '2022-09-25 12:02:20', '2022-09-25 12:02:20'),
(144, 126, 14, 30, 30, 74, 0.0000, 120.0000, 18.0000, 138.0000, 0.0000, 120.0000, 18.0000, 138.0000, 1, 2, 1, 2, NULL, NULL, NULL, NULL, '2022-09-29 20:44:47', '2022-09-29 20:44:47'),
(145, 126, 14, 29, 29, 71, 0.0000, 150.0000, 15.0000, 165.0000, 0.0000, 150.0000, 15.0000, 165.0000, 1, 2, 1, 2, NULL, NULL, NULL, NULL, '2022-09-29 20:44:47', '2022-09-29 20:44:47'),
(146, 127, 14, 30, 30, 74, 0.0000, 120.0000, 18.0000, 138.0000, 0.0000, 120.0000, 18.0000, 138.0000, 1, 2, 1, 2, NULL, NULL, NULL, NULL, '2022-09-29 21:37:11', '2022-09-29 21:37:11'),
(147, 127, 14, 29, 29, 71, 0.0000, 150.0000, 15.0000, 165.0000, 0.0000, 150.0000, 15.0000, 165.0000, 1, 2, 1, 2, NULL, NULL, NULL, NULL, '2022-09-29 21:37:11', '2022-09-29 21:37:11'),
(148, 128, 21, 29, 29, 71, 0.0000, 150.0000, 15.0000, 165.0000, 0.0000, 150.0000, 15.0000, 165.0000, 1, 2, 1, 2, NULL, NULL, NULL, NULL, '2022-09-30 14:48:35', '2022-09-30 14:48:35'),
(149, 130, 21, 29, 29, 71, 0.0000, 150.0000, 15.0000, 165.0000, 0.0000, 150.0000, 15.0000, 165.0000, 1, 2, 1, 2, NULL, NULL, NULL, NULL, '2022-09-30 14:48:52', '2022-09-30 14:48:52'),
(150, 132, 20, 33, 33, 85, NULL, 100.0000, 20.0000, 120.0000, NULL, 100.0000, 20.0000, 120.0000, 1, 1, 1, 4, NULL, NULL, NULL, NULL, '2022-09-30 15:15:06', '2022-09-30 15:15:06'),
(151, 133, 21, 29, 29, 71, 0.0000, 150.0000, 15.0000, 165.0000, 0.0000, 150.0000, 15.0000, 165.0000, 1, 2, 1, 2, NULL, NULL, NULL, NULL, '2022-09-30 15:48:27', '2022-09-30 15:48:27'),
(152, 135, 21, 33, 33, 85, NULL, 100.0000, 20.0000, 120.0000, NULL, 100.0000, 20.0000, 120.0000, 1, 1, 1, 4, NULL, NULL, NULL, NULL, '2022-10-01 12:51:07', '2022-10-01 12:51:07'),
(153, 136, 21, 33, 33, 85, NULL, 100.0000, 20.0000, 120.0000, NULL, 100.0000, 20.0000, 120.0000, 1, 1, 1, 4, NULL, NULL, NULL, NULL, '2022-10-01 12:55:17', '2022-10-01 12:55:17'),
(154, 137, 31, 30, 30, 74, 0.0000, 120.0000, 18.0000, 138.0000, 0.0000, 120.0000, 18.0000, 138.0000, 1, 2, 1, 2, NULL, NULL, NULL, NULL, '2022-10-01 13:42:25', '2022-10-01 13:42:25'),
(155, 139, 31, 30, 30, 74, 0.0000, 120.0000, 18.0000, 138.0000, 0.0000, 120.0000, 18.0000, 138.0000, 1, 2, 1, 2, NULL, NULL, NULL, NULL, '2022-10-01 13:42:41', '2022-10-01 13:42:41'),
(156, 141, 31, 33, 33, 85, 0.0000, 100.0000, 20.0000, 120.0000, 0.0000, 100.0000, 20.0000, 120.0000, 1, 2, 1, 2, NULL, NULL, NULL, NULL, '2022-10-01 13:47:12', '2022-10-01 13:47:12'),
(157, 143, 20, 33, 33, 85, 0.0000, 100.0000, 20.0000, 120.0000, 0.0000, 100.0000, 20.0000, 120.0000, 1, 6, 1, 2, NULL, NULL, NULL, NULL, '2022-10-01 13:53:15', '2022-10-01 13:53:15'),
(158, 143, 20, 30, 30, 74, 0.0000, 120.0000, 18.0000, 138.0000, 0.0000, 120.0000, 18.0000, 138.0000, 1, 6, 1, 2, NULL, NULL, NULL, NULL, '2022-10-01 13:53:15', '2022-10-01 13:53:15'),
(159, 145, 31, 30, 30, 74, 0.0000, 120.0000, 18.0000, 138.0000, 0.0000, 120.0000, 18.0000, 138.0000, 1, 2, 1, 2, NULL, NULL, NULL, NULL, '2022-10-01 14:42:50', '2022-10-01 14:42:50'),
(160, 147, 31, 33, 33, 85, 0.0000, 100.0000, 20.0000, 120.0000, 0.0000, 100.0000, 20.0000, 120.0000, 1, 2, 1, 2, NULL, NULL, NULL, NULL, '2022-10-01 14:46:50', '2022-10-01 14:46:50'),
(161, 149, 20, 33, 33, 85, 0.0000, 100.0000, 20.0000, 120.0000, 0.0000, 100.0000, 20.0000, 120.0000, 1, 6, 1, 2, NULL, NULL, NULL, NULL, '2022-10-01 14:54:03', '2022-10-01 14:54:03'),
(162, 149, 20, 30, 30, 74, 0.0000, 120.0000, 18.0000, 138.0000, 0.0000, 120.0000, 18.0000, 138.0000, 1, 6, 1, 2, NULL, NULL, NULL, NULL, '2022-10-01 14:54:03', '2022-10-01 14:54:03'),
(163, 151, 31, 33, 33, 85, 0.0000, 100.0000, 20.0000, 120.0000, 0.0000, 100.0000, 20.0000, 120.0000, 1, 2, 1, 2, NULL, NULL, NULL, NULL, '2022-10-01 16:48:33', '2022-10-01 16:48:33'),
(164, 153, 20, 33, 33, 85, 0.0000, 100.0000, 20.0000, 120.0000, 0.0000, 100.0000, 20.0000, 120.0000, 1, 6, 1, 2, NULL, NULL, NULL, NULL, '2022-10-01 16:54:21', '2022-10-01 16:54:21'),
(165, 153, 20, 30, 30, 74, 0.0000, 120.0000, 18.0000, 138.0000, 0.0000, 120.0000, 18.0000, 138.0000, 1, 6, 1, 2, NULL, NULL, NULL, NULL, '2022-10-01 16:54:21', '2022-10-01 16:54:21'),
(166, 155, 8, 30, 30, 74, 0.0000, 120.0000, 18.0000, 138.0000, 0.0000, 120.0000, 18.0000, 138.0000, 1, 2, 1, 2, NULL, NULL, NULL, NULL, '2022-10-02 11:36:22', '2022-10-02 11:36:22'),
(167, 155, 8, 29, 29, 71, 0.0000, 150.0000, 15.0000, 165.0000, 0.0000, 150.0000, 15.0000, 165.0000, 1, 2, 1, 2, NULL, NULL, NULL, NULL, '2022-10-02 11:36:22', '2022-10-02 11:36:22'),
(168, 157, 8, 30, 30, 74, 0.0000, 120.0000, 18.0000, 138.0000, 0.0000, 120.0000, 18.0000, 138.0000, 1, 2, 1, 2, NULL, NULL, NULL, NULL, '2022-10-02 11:36:38', '2022-10-02 11:36:38'),
(169, 157, 8, 29, 29, 71, 0.0000, 150.0000, 15.0000, 165.0000, 0.0000, 150.0000, 15.0000, 165.0000, 1, 2, 1, 2, NULL, NULL, NULL, NULL, '2022-10-02 11:36:38', '2022-10-02 11:36:38'),
(170, 159, 8, 34, 34, 72, 0.0000, 110.0000, 22.0000, 132.0000, 0.0000, 110.0000, 22.0000, 132.0000, 1, 100, 1, 2, NULL, NULL, NULL, NULL, '2022-10-02 11:59:06', '2022-10-02 11:59:06'),
(171, 161, 8, 33, 33, 85, 0.0000, 100.0000, 20.0000, 120.0000, 0.0000, 100.0000, 20.0000, 120.0000, 1, 4, 1, 2, NULL, NULL, NULL, NULL, '2022-10-02 12:19:19', '2022-10-02 12:19:19'),
(172, 163, 8, 30, 30, 74, 0.0000, 120.0000, 18.0000, 138.0000, 0.0000, 120.0000, 18.0000, 138.0000, 1, 2, 1, 2, NULL, NULL, NULL, NULL, '2022-10-02 12:37:09', '2022-10-02 12:37:09'),
(173, 163, 8, 29, 29, 71, 0.0000, 150.0000, 15.0000, 165.0000, 0.0000, 150.0000, 15.0000, 165.0000, 1, 2, 1, 2, NULL, NULL, NULL, NULL, '2022-10-02 12:37:09', '2022-10-02 12:37:09'),
(174, 165, 8, 34, 34, 72, 0.0000, 110.0000, 22.0000, 132.0000, 0.0000, 110.0000, 22.0000, 132.0000, 1, 100, 1, 2, NULL, NULL, NULL, NULL, '2022-10-02 12:59:43', '2022-10-02 12:59:43'),
(175, 167, 8, 33, 33, 85, 0.0000, 100.0000, 20.0000, 120.0000, 0.0000, 100.0000, 20.0000, 120.0000, 1, 4, 1, 2, NULL, NULL, NULL, NULL, '2022-10-02 13:19:33', '2022-10-02 13:19:33'),
(176, 169, 8, 34, 34, 72, 0.0000, 110.0000, 22.0000, 132.0000, 0.0000, 110.0000, 22.0000, 132.0000, 1, 100, 1, 2, NULL, NULL, NULL, NULL, '2022-10-02 14:59:55', '2022-10-02 14:59:55'),
(177, 171, 8, 33, 33, 85, 0.0000, 100.0000, 20.0000, 120.0000, 0.0000, 100.0000, 20.0000, 120.0000, 1, 4, 1, 2, NULL, NULL, NULL, NULL, '2022-10-02 15:21:33', '2022-10-02 15:21:33'),
(178, 173, 21, 29, 29, 71, 100.0000, 150.0000, 15.0000, 165.0000, 100.0000, 150.0000, 15.0000, 165.0000, 1, 1, 1, 1, NULL, NULL, NULL, NULL, '2022-10-03 08:55:43', '2022-10-03 08:55:43'),
(179, 174, 33, 29, 29, 71, 0.0000, 150.0000, 15.0000, 165.0000, 0.0000, 150.0000, 15.0000, 165.0000, 1, 2, 1, 2, NULL, NULL, NULL, NULL, '2022-10-03 09:00:18', '2022-10-03 09:00:18'),
(180, 176, 33, 29, 29, 71, 0.0000, 150.0000, 15.0000, 165.0000, 0.0000, 150.0000, 15.0000, 165.0000, 1, 2, 1, 2, NULL, NULL, NULL, NULL, '2022-10-03 09:00:35', '2022-10-03 09:00:35'),
(181, 178, 33, 30, 30, 74, 0.0000, 120.0000, 18.0000, 138.0000, 0.0000, 120.0000, 18.0000, 138.0000, 1, 2, 1, 2, NULL, NULL, NULL, NULL, '2022-10-03 09:02:30', '2022-10-03 09:02:30'),
(182, 180, 33, 29, 29, 71, 0.0000, 150.0000, 15.0000, 165.0000, 0.0000, 150.0000, 15.0000, 165.0000, 1, 20, 1, 2, NULL, NULL, NULL, NULL, '2022-10-03 09:04:04', '2022-10-03 09:04:04'),
(183, 182, 33, 29, 29, 71, 0.0000, 150.0000, 15.0000, 165.0000, 0.0000, 150.0000, 15.0000, 165.0000, 1, 4, 1, 2, NULL, NULL, NULL, NULL, '2022-10-03 09:06:07', '2022-10-03 09:06:07'),
(184, 184, 33, 29, 29, 71, 0.0000, 150.0000, 15.0000, 165.0000, 0.0000, 150.0000, 15.0000, 165.0000, 1, 8, 1, 2, NULL, NULL, NULL, NULL, '2022-10-03 09:08:25', '2022-10-03 09:08:25'),
(185, 186, 34, 29, 29, 71, 0.0000, 150.0000, 15.0000, 165.0000, 0.0000, 150.0000, 15.0000, 165.0000, 1, 2, 1, 2, NULL, NULL, NULL, NULL, '2022-10-03 09:46:20', '2022-10-03 09:46:20'),
(186, 188, 33, 29, 29, 71, 0.0000, 150.0000, 15.0000, 165.0000, 0.0000, 150.0000, 15.0000, 165.0000, 1, 2, 1, 2, NULL, NULL, NULL, NULL, '2022-10-03 10:01:25', '2022-10-03 10:01:25'),
(187, 190, 33, 30, 30, 74, 0.0000, 120.0000, 18.0000, 138.0000, 0.0000, 120.0000, 18.0000, 138.0000, 1, 2, 1, 2, NULL, NULL, NULL, NULL, '2022-10-03 10:02:12', '2022-10-03 10:02:12'),
(188, 192, 33, 29, 29, 71, 0.0000, 150.0000, 15.0000, 165.0000, 0.0000, 150.0000, 15.0000, 165.0000, 1, 20, 1, 2, NULL, NULL, NULL, NULL, '2022-10-03 10:04:00', '2022-10-03 10:04:00'),
(189, 194, 33, 29, 29, 71, 0.0000, 150.0000, 15.0000, 165.0000, 0.0000, 150.0000, 15.0000, 165.0000, 1, 4, 1, 2, NULL, NULL, NULL, NULL, '2022-10-03 10:06:22', '2022-10-03 10:06:22'),
(190, 196, 33, 29, 29, 71, 0.0000, 150.0000, 15.0000, 165.0000, 0.0000, 150.0000, 15.0000, 165.0000, 1, 8, 1, 2, NULL, NULL, NULL, NULL, '2022-10-03 10:09:23', '2022-10-03 10:09:23'),
(191, 198, 34, 30, 30, 74, 0.0000, 120.0000, 18.0000, 138.0000, 0.0000, 120.0000, 18.0000, 138.0000, 1, 28, 1, 2, NULL, NULL, NULL, NULL, '2022-10-03 10:28:44', '2022-10-03 10:28:44'),
(192, 200, 34, 29, 29, 71, 0.0000, 150.0000, 15.0000, 165.0000, 0.0000, 150.0000, 15.0000, 165.0000, 1, 2, 1, 2, NULL, NULL, NULL, NULL, '2022-10-03 10:46:25', '2022-10-03 10:46:25'),
(193, 202, 20, 30, 30, 74, 0.0000, 120.0000, 18.0000, 138.0000, 0.0000, 120.0000, 18.0000, 138.0000, 1, 2, 1, 2, NULL, NULL, NULL, NULL, '2022-10-03 10:58:53', '2022-10-03 10:58:53'),
(194, 204, 21, 30, 30, 74, 0.0000, 120.0000, 18.0000, 138.0000, 0.0000, 120.0000, 18.0000, 138.0000, 1, 2, 1, 2, NULL, NULL, NULL, NULL, '2022-10-03 11:22:05', '2022-10-03 11:22:05'),
(195, 205, 20, 30, 30, 74, 0.0000, 120.0000, 18.0000, 138.0000, 0.0000, 120.0000, 18.0000, 138.0000, 1, 2, 1, 2, NULL, NULL, NULL, NULL, '2022-10-03 11:23:55', '2022-10-03 11:23:55'),
(196, 207, 21, 30, 30, 74, 0.0000, 120.0000, 18.0000, 138.0000, 0.0000, 120.0000, 18.0000, 138.0000, 1, 2, 1, 2, NULL, NULL, NULL, NULL, '2022-10-03 11:24:37', '2022-10-03 11:24:37'),
(197, 209, 34, 30, 30, 74, 0.0000, 120.0000, 18.0000, 138.0000, 0.0000, 120.0000, 18.0000, 138.0000, 1, 28, 1, 2, NULL, NULL, NULL, NULL, '2022-10-03 11:29:30', '2022-10-03 11:29:30'),
(198, 211, 20, 30, 30, 74, 0.0000, 120.0000, 18.0000, 138.0000, 0.0000, 120.0000, 18.0000, 138.0000, 1, 2, 1, 2, NULL, NULL, NULL, NULL, '2022-10-03 11:59:18', '2022-10-03 11:59:18'),
(199, 213, 33, 30, 30, 74, 0.0000, 120.0000, 18.0000, 138.0000, 0.0000, 120.0000, 18.0000, 138.0000, 1, 2, 1, 2, NULL, NULL, NULL, NULL, '2022-10-03 12:04:01', '2022-10-03 12:04:01'),
(200, 215, 33, 29, 29, 71, 0.0000, 150.0000, 15.0000, 165.0000, 0.0000, 150.0000, 15.0000, 165.0000, 1, 20, 1, 2, NULL, NULL, NULL, NULL, '2022-10-03 12:05:12', '2022-10-03 12:05:12'),
(201, 217, 33, 29, 29, 71, 0.0000, 150.0000, 15.0000, 165.0000, 0.0000, 150.0000, 15.0000, 165.0000, 1, 4, 1, 2, NULL, NULL, NULL, NULL, '2022-10-03 12:05:44', '2022-10-03 12:05:44'),
(202, 219, 33, 29, 29, 71, 0.0000, 150.0000, 15.0000, 165.0000, 0.0000, 150.0000, 15.0000, 165.0000, 1, 8, 1, 2, NULL, NULL, NULL, NULL, '2022-10-03 12:07:10', '2022-10-03 12:07:10'),
(203, 221, 21, 30, 30, 74, 0.0000, 120.0000, 18.0000, 138.0000, 0.0000, 120.0000, 18.0000, 138.0000, 1, 2, 1, 2, NULL, NULL, NULL, NULL, '2022-10-03 12:23:37', '2022-10-03 12:23:37'),
(204, 223, 20, 30, 30, 74, 0.0000, 120.0000, 18.0000, 138.0000, 0.0000, 120.0000, 18.0000, 138.0000, 1, 2, 1, 2, NULL, NULL, NULL, NULL, '2022-10-03 12:23:53', '2022-10-03 12:23:53'),
(205, 225, 34, 29, 29, 71, 0.0000, 150.0000, 15.0000, 165.0000, 0.0000, 150.0000, 15.0000, 165.0000, 1, 2, 1, 2, NULL, NULL, NULL, NULL, '2022-10-03 12:46:05', '2022-10-03 12:46:05'),
(206, 227, 8, 33, 33, 85, 0.0000, 100.0000, 20.0000, 120.0000, 0.0000, 100.0000, 20.0000, 120.0000, 1, 20, 1, 2, NULL, NULL, NULL, NULL, '2022-10-03 13:23:43', '2022-10-03 13:23:43'),
(207, 229, 34, 30, 30, 74, 0.0000, 120.0000, 18.0000, 138.0000, 0.0000, 120.0000, 18.0000, 138.0000, 1, 28, 1, 2, NULL, NULL, NULL, NULL, '2022-10-03 13:28:57', '2022-10-03 13:28:57'),
(208, 231, 8, 33, 33, 85, 0.0000, 100.0000, 20.0000, 120.0000, 0.0000, 100.0000, 20.0000, 120.0000, 1, 2, 1, 2, NULL, NULL, NULL, NULL, '2022-10-03 13:54:46', '2022-10-03 13:54:46'),
(209, 233, 20, 30, 30, 74, 0.0000, 120.0000, 18.0000, 138.0000, 0.0000, 120.0000, 18.0000, 138.0000, 1, 2, 1, 2, NULL, NULL, NULL, NULL, '2022-10-03 13:58:12', '2022-10-03 13:58:12'),
(210, 235, 8, 33, 33, 85, 0.0000, 100.0000, 20.0000, 120.0000, 0.0000, 100.0000, 20.0000, 120.0000, 1, 2, 1, 2, NULL, NULL, NULL, NULL, '2022-10-03 14:15:33', '2022-10-03 14:15:33'),
(211, 237, 20, 30, 30, 74, 0.0000, 120.0000, 18.0000, 138.0000, 0.0000, 120.0000, 18.0000, 138.0000, 1, 2, 1, 2, NULL, NULL, NULL, NULL, '2022-10-03 14:21:39', '2022-10-03 14:21:39'),
(212, 239, 21, 30, 30, 74, 0.0000, 120.0000, 18.0000, 138.0000, 0.0000, 120.0000, 18.0000, 138.0000, 1, 2, 1, 2, NULL, NULL, NULL, NULL, '2022-10-03 14:24:25', '2022-10-03 14:24:25'),
(213, 241, 8, 33, 33, 85, 0.0000, 100.0000, 20.0000, 120.0000, 0.0000, 100.0000, 20.0000, 120.0000, 1, 20, 1, 2, NULL, NULL, NULL, NULL, '2022-10-03 14:24:49', '2022-10-03 14:24:49'),
(214, 243, 8, 33, 33, 85, 0.0000, 100.0000, 20.0000, 120.0000, 0.0000, 100.0000, 20.0000, 120.0000, 1, 2, 1, 2, NULL, NULL, NULL, NULL, '2022-10-03 14:54:56', '2022-10-03 14:54:56'),
(215, 245, 8, 33, 33, 85, 0.0000, 100.0000, 20.0000, 120.0000, 0.0000, 100.0000, 20.0000, 120.0000, 1, 2, 1, 2, NULL, NULL, NULL, NULL, '2022-10-03 15:14:56', '2022-10-03 15:14:56'),
(216, 247, 34, 33, 33, 85, 0.0000, 100.0000, 20.0000, 120.0000, 0.0000, 100.0000, 20.0000, 120.0000, 1, 6, 1, 2, NULL, NULL, NULL, NULL, '2022-10-03 16:13:21', '2022-10-03 16:13:21'),
(217, 249, 8, 33, 33, 85, 0.0000, 100.0000, 20.0000, 120.0000, 0.0000, 100.0000, 20.0000, 120.0000, 1, 20, 1, 2, NULL, NULL, NULL, NULL, '2022-10-03 16:23:33', '2022-10-03 16:23:33'),
(218, 251, 8, 33, 33, 85, 0.0000, 100.0000, 20.0000, 120.0000, 0.0000, 100.0000, 20.0000, 120.0000, 1, 2, 1, 2, NULL, NULL, NULL, NULL, '2022-10-03 16:55:44', '2022-10-03 16:55:44'),
(219, 253, 34, 33, 33, 85, 0.0000, 100.0000, 20.0000, 120.0000, 0.0000, 100.0000, 20.0000, 120.0000, 1, 6, 1, 2, NULL, NULL, NULL, NULL, '2022-10-03 17:13:27', '2022-10-03 17:13:27'),
(220, 255, 8, 33, 33, 85, 0.0000, 100.0000, 20.0000, 120.0000, 0.0000, 100.0000, 20.0000, 120.0000, 1, 2, 1, 2, NULL, NULL, NULL, NULL, '2022-10-03 17:16:09', '2022-10-03 17:16:09'),
(221, 257, 34, 33, 33, 85, 0.0000, 100.0000, 20.0000, 120.0000, 0.0000, 100.0000, 20.0000, 120.0000, 1, 6, 1, 2, NULL, NULL, NULL, NULL, '2022-10-03 19:12:02', '2022-10-03 19:12:02'),
(222, 259, 21, 33, 33, 85, 100.0000, 100.0000, 20.0000, 120.0000, 100.0000, 100.0000, 20.0000, 120.0000, 1, 1, 1, 1, NULL, NULL, NULL, NULL, '2022-10-04 09:19:45', '2022-10-04 09:19:45'),
(223, 260, 21, 33, 33, 85, 0.0000, 100.0000, 20.0000, 120.0000, 0.0000, 100.0000, 20.0000, 120.0000, 1, 2, 1, 2, NULL, NULL, NULL, NULL, '2022-10-04 09:44:58', '2022-10-04 09:44:58'),
(224, 261, 21, 33, 33, 85, 100.0000, 100.0000, 20.0000, 120.0000, 100.0000, 100.0000, 20.0000, 120.0000, 1, 1, 1, 1, NULL, NULL, NULL, NULL, '2022-10-04 09:50:39', '2022-10-04 09:50:39'),
(225, 262, 31, 33, 33, 85, 0.0000, 100.0000, 20.0000, 120.0000, 0.0000, 100.0000, 20.0000, 120.0000, 1, 2, 1, 2, NULL, NULL, NULL, NULL, '2022-10-04 12:36:34', '2022-10-04 12:36:34'),
(226, 264, 31, 33, 33, 85, 0.0000, 100.0000, 20.0000, 120.0000, 0.0000, 100.0000, 20.0000, 120.0000, 1, 2, 1, 2, NULL, NULL, NULL, NULL, '2022-10-04 12:36:50', '2022-10-04 12:36:50'),
(227, 266, 31, 33, 33, 85, 0.0000, 100.0000, 20.0000, 120.0000, 0.0000, 100.0000, 20.0000, 120.0000, 1, 2, 1, 2, NULL, NULL, NULL, NULL, '2022-10-04 12:40:59', '2022-10-04 12:40:59'),
(228, 268, 31, 34, 34, 72, 0.0000, 110.0000, 22.0000, 132.0000, 0.0000, 110.0000, 22.0000, 132.0000, 1, 2, 1, 2, NULL, NULL, NULL, NULL, '2022-10-04 12:47:17', '2022-10-04 12:47:17'),
(229, 270, 20, 34, 34, 72, 0.0000, 110.0000, 22.0000, 132.0000, 0.0000, 110.0000, 22.0000, 132.0000, 1, 2, 1, 2, NULL, NULL, NULL, NULL, '2022-10-04 13:06:22', '2022-10-04 13:06:22'),
(230, 271, 31, 33, 33, 85, 0.0000, 100.0000, 20.0000, 120.0000, 0.0000, 100.0000, 20.0000, 120.0000, 1, 2, 1, 2, NULL, NULL, NULL, NULL, '2022-10-04 13:35:54', '2022-10-04 13:35:54'),
(231, 273, 31, 33, 33, 85, 0.0000, 100.0000, 20.0000, 120.0000, 0.0000, 100.0000, 20.0000, 120.0000, 1, 2, 1, 2, NULL, NULL, NULL, NULL, '2022-10-04 13:41:18', '2022-10-04 13:41:18'),
(232, 275, 31, 34, 34, 72, 0.0000, 110.0000, 22.0000, 132.0000, 0.0000, 110.0000, 22.0000, 132.0000, 1, 2, 1, 2, NULL, NULL, NULL, NULL, '2022-10-04 13:46:58', '2022-10-04 13:46:58'),
(233, 277, 31, 33, 33, 85, 0.0000, 100.0000, 20.0000, 120.0000, 0.0000, 100.0000, 20.0000, 120.0000, 1, 2, 1, 2, NULL, NULL, NULL, NULL, '2022-10-04 15:40:48', '2022-10-04 15:40:48'),
(234, 279, 31, 34, 34, 72, 0.0000, 110.0000, 22.0000, 132.0000, 0.0000, 110.0000, 22.0000, 132.0000, 1, 2, 1, 2, NULL, NULL, NULL, NULL, '2022-10-04 15:48:27', '2022-10-04 15:48:27'),
(235, 281, 31, 34, 34, 72, 0.0000, 110.0000, 22.0000, 132.0000, 0.0000, 110.0000, 22.0000, 132.0000, 1, 4, 1, 2, NULL, NULL, NULL, NULL, '2022-10-05 08:10:58', '2022-10-05 08:10:58'),
(236, 283, 31, 34, 34, 72, 0.0000, 110.0000, 22.0000, 132.0000, 0.0000, 110.0000, 22.0000, 132.0000, 1, 4, 1, 2, NULL, NULL, NULL, NULL, '2022-10-05 08:11:16', '2022-10-05 08:11:16'),
(237, 285, 31, 34, 34, 72, 0.0000, 110.0000, 22.0000, 132.0000, 0.0000, 110.0000, 22.0000, 132.0000, 1, 2, 1, 2, NULL, NULL, NULL, NULL, '2022-10-05 08:13:54', '2022-10-05 08:13:54'),
(238, 287, 31, 34, 34, 72, 0.0000, 110.0000, 22.0000, 132.0000, 0.0000, 110.0000, 22.0000, 132.0000, 1, 4, 1, 2, NULL, NULL, NULL, NULL, '2022-10-05 09:12:00', '2022-10-05 09:12:00'),
(239, 289, 31, 34, 34, 72, 0.0000, 110.0000, 22.0000, 132.0000, 0.0000, 110.0000, 22.0000, 132.0000, 1, 2, 1, 2, NULL, NULL, NULL, NULL, '2022-10-05 09:14:01', '2022-10-05 09:14:01'),
(240, 291, 31, 34, 34, 72, 0.0000, 110.0000, 22.0000, 132.0000, 0.0000, 110.0000, 22.0000, 132.0000, 1, 2, 1, 2, NULL, NULL, NULL, NULL, '2022-10-05 11:12:37', '2022-10-05 11:12:37'),
(241, 293, 31, 34, 34, 72, 0.0000, 110.0000, 22.0000, 132.0000, 0.0000, 110.0000, 22.0000, 132.0000, 1, 2, 1, 2, NULL, NULL, NULL, NULL, '2022-10-05 13:21:07', '2022-10-05 13:21:07'),
(242, 294, 14, 34, 34, 72, 0.0000, 110.0000, 22.0000, 132.0000, 0.0000, 110.0000, 22.0000, 132.0000, 1, 2, 1, 2, NULL, NULL, NULL, NULL, '2022-10-05 18:46:13', '2022-10-05 18:46:13'),
(243, 295, 14, 34, 34, 72, 0.0000, 110.0000, 22.0000, 132.0000, 0.0000, 110.0000, 22.0000, 132.0000, 1, 2, 1, 2, NULL, NULL, NULL, NULL, '2022-10-05 18:47:08', '2022-10-05 18:47:08'),
(244, 296, 14, 34, 34, 72, 0.0000, 110.0000, 22.0000, 132.0000, 0.0000, 110.0000, 22.0000, 132.0000, 1, 2, 1, 2, NULL, NULL, NULL, NULL, '2022-10-05 18:49:31', '2022-10-05 18:49:31'),
(245, 297, 31, 34, 34, 72, 0.0000, 110.0000, 22.0000, 132.0000, 0.0000, 110.0000, 22.0000, 132.0000, 1, 2, 1, 2, NULL, NULL, NULL, NULL, '2022-10-06 08:08:02', '2022-10-06 08:08:02'),
(246, 298, 31, 34, 34, 72, 0.0000, 110.0000, 22.0000, 132.0000, 0.0000, 110.0000, 22.0000, 132.0000, 1, 2, 1, 2, NULL, NULL, NULL, NULL, '2022-10-06 08:28:57', '2022-10-06 08:28:57'),
(247, 300, 31, 34, 34, 72, 0.0000, 110.0000, 22.0000, 132.0000, 0.0000, 110.0000, 22.0000, 132.0000, 1, 2, 1, 2, NULL, NULL, NULL, NULL, '2022-10-06 08:29:16', '2022-10-06 08:29:16'),
(248, 302, 31, 34, 34, 72, 0.0000, 110.0000, 22.0000, 132.0000, 0.0000, 110.0000, 22.0000, 132.0000, 1, 2, 1, 2, NULL, NULL, NULL, NULL, '2022-10-06 09:28:32', '2022-10-06 09:28:32'),
(249, 304, 14, 34, 34, 72, 0.0000, 110.0000, 22.0000, 132.0000, 0.0000, 110.0000, 22.0000, 132.0000, 1, 2, 1, 2, NULL, NULL, NULL, NULL, '2022-10-06 17:58:43', '2022-10-06 17:58:43'),
(250, 305, 21, 37, 37, 78, 100.0000, 110.0000, 33.0000, 143.0000, 100.0000, 110.0000, 33.0000, 143.0000, 1, 1, 1, 1, NULL, NULL, NULL, NULL, '2022-10-07 11:49:39', '2022-10-07 11:49:39'),
(251, 306, 21, 37, 37, 78, 100.0000, 110.0000, 33.0000, 143.0000, 100.0000, 110.0000, 33.0000, 143.0000, 1, 1, 1, 1, NULL, NULL, NULL, NULL, '2022-10-07 13:04:50', '2022-10-07 13:04:50'),
(252, 307, 21, 33, 33, 85, NULL, 100.0000, 20.0000, 120.0000, NULL, 100.0000, 20.0000, 120.0000, 1, 1, 1, 4, NULL, NULL, NULL, NULL, '2022-10-07 15:31:05', '2022-10-07 15:31:05'),
(253, 308, 21, 35, 35, 72, 0.0000, 110.0000, 22.0000, 132.0000, 0.0000, 110.0000, 22.0000, 132.0000, 1, 2, 1, 2, NULL, NULL, NULL, NULL, '2022-10-10 15:05:10', '2022-10-10 15:05:10'),
(254, 310, 21, 35, 35, 72, 0.0000, 110.0000, 22.0000, 132.0000, 0.0000, 110.0000, 22.0000, 132.0000, 1, 2, 1, 2, NULL, NULL, NULL, NULL, '2022-10-10 15:05:27', '2022-10-10 15:05:27'),
(255, 312, 21, 35, 35, 72, 0.0000, 110.0000, 22.0000, 132.0000, 0.0000, 110.0000, 22.0000, 132.0000, 1, 2, 1, 2, NULL, NULL, NULL, NULL, '2022-10-10 16:04:21', '2022-10-10 16:04:21'),
(256, 314, 20, 34, 34, 72, 0.0000, 110.0000, 22.0000, 132.0000, 0.0000, 110.0000, 22.0000, 132.0000, 1, 2, 1, 2, NULL, NULL, NULL, NULL, '2022-10-11 13:39:16', '2022-10-11 13:39:16'),
(257, 314, 20, 35, 35, 72, 0.0000, 110.0000, 22.0000, 132.0000, 0.0000, 110.0000, 22.0000, 132.0000, 1, 2, 1, 2, NULL, NULL, NULL, NULL, '2022-10-11 13:39:16', '2022-10-11 13:39:16'),
(258, 315, 21, 35, 35, 72, 0.0000, 110.0000, 22.0000, 132.0000, 0.0000, 110.0000, 22.0000, 132.0000, 1, 2, 1, 2, NULL, NULL, NULL, NULL, '2022-10-12 08:34:26', '2022-10-12 08:34:26'),
(259, 316, 20, 34, 34, 72, 0.0000, 110.0000, 22.0000, 132.0000, 0.0000, 110.0000, 22.0000, 132.0000, 1, 2, 1, 2, NULL, NULL, NULL, NULL, '2022-10-12 09:28:21', '2022-10-12 09:28:21'),
(260, 317, 21, 35, 35, 72, 0.0000, 110.0000, 22.0000, 132.0000, 0.0000, 110.0000, 22.0000, 132.0000, 1, 2, 1, 2, NULL, NULL, NULL, NULL, '2022-10-12 11:12:00', '2022-10-12 11:12:00');

-- --------------------------------------------------------

--
-- Table structure for table `prizes`
--

CREATE TABLE `prizes` (
  `id` bigint UNSIGNED NOT NULL,
  `prize_slug` varchar(255) CHARACTER SET utf8mb4 COLLATE utf8mb4_unicode_ci NOT NULL,
  `prize_name` varchar(255) CHARACTER SET utf8mb4 COLLATE utf8mb4_unicode_ci NOT NULL,
  `prize_description` mediumtext CHARACTER SET utf8mb4 COLLATE utf8mb4_unicode_ci NOT NULL,
  `status` tinyint(1) NOT NULL DEFAULT '1' COMMENT '0:Blocked, 1:Active',
  `deleted_at` timestamp NULL DEFAULT NULL,
  `created_at` timestamp NULL DEFAULT NULL,
  `updated_at` timestamp NULL DEFAULT NULL
) ENGINE=InnoDB DEFAULT CHARSET=utf8mb4 COLLATE=utf8mb4_unicode_ci;

--
-- Dumping data for table `prizes`
--

INSERT INTO `prizes` (`id`, `prize_slug`, `prize_name`, `prize_description`, `status`, `deleted_at`, `created_at`, `updated_at`) VALUES
(1, 'y22-m05-prize1', 'iPhone(AED 4,500)', 'Lorem ipsum dolor sit amet, consectetur adipiscing elit, sed do eiusmod tempor incididunt ut labore et dolore magna aliqua. Ut enim ad minim veniam, quis nostrud exercitation ullamco laboris nisi ut aliquip ex ea commodo consequat. Duis aute irure dolor in reprehenderit in voluptate velit esse cillum dolore eu fugiat nulla pariatur. Excepteur sint occaecat cupidatat non proident, sunt in culpa qui officia deserunt mollit anim id est laborum.', 1, NULL, '2022-06-29 09:21:45', '2022-08-03 17:46:55'),
(2, 'y22-m05-prize2', 'iPhone, Airpods, Watch (AED 6,500)', 'Lorem ipsum dolor sit amet, consectetur adipiscing elit, sed do eiusmod tempor incididunt ut labore et dolore magna aliqua. Ut enim ad minim veniam, quis nostrud exercitation ullamco laboris nisi ut aliquip ex ea commodo consequat. Duis aute irure dolor in reprehenderit in voluptate velit esse cillum dolore eu fugiat nulla pariatur. Excepteur sint occaecat cupidatat non proident, sunt in culpa qui officia deserunt mollit anim id est laborum.', 1, NULL, '2022-06-29 09:21:45', '2022-08-25 08:05:58'),
(3, 'y22-m05-prize3', 'PS 5(AED 5,000)', 'Lorem ipsum dolor sit amet, consectetur adipiscing elit, sed do eiusmod tempor incididunt ut labore et dolore magna aliqua. Ut enim ad minim veniam, quis nostrud exercitation ullamco laboris nisi ut aliquip ex ea commodo consequat. Duis aute irure dolor in reprehenderit in voluptate velit esse cillum dolore eu fugiat nulla pariatur. Excepteur sint occaecat cupidatat non proident, sunt in culpa qui officia deserunt mollit anim id est laborum.', 1, NULL, '2022-06-29 09:21:45', '2022-08-03 17:52:22'),
(4, 'y2022-m07-prize4', 'AED 50,000', 'Lorem ipsum dolor sit amet, consectetur adipiscing elit. Cras nisi felis, iaculis in enim eget, ornare mattis metus. Nam ligula nibh, ullamcorper non odio sed, interdum ultricies augue. Phasellus interdum aliquet nibh ac gravida. Pellentesque pellentesque id lacus a suscipit. Sed vel tincidunt enim, ac blandit purus. Vivamus varius a turpis at laoreet. Nam et hendrerit ligula. Integer augue dui, luctus quis congue in, ornare placerat ligula. Vestibulum ornare nisi sed purus mattis, et faucibus purus malesuada. Duis tortor mi, commodo in pharetra eu, maximus sit amet felis. Suspendisse vestibulum scelerisque tincidunt.', 1, NULL, '2022-07-05 09:39:12', '2022-08-03 17:45:45'),
(5, 'y2022-m07-prize5', 'AED 1,000,000', 'Lorem ipsum dolor sit amet, consectetur adipiscing elit. Cras nisi felis, iaculis in enim eget, ornare mattis metus. Nam ligula nibh, ullamcorper non odio sed, interdum ultricies augue. Phasellus interdum aliquet nibh ac gravida. Pellentesque pellentesque id lacus a suscipit. Sed vel tincidunt enim, ac blandit purus. Vivamus varius a turpis at laoreet. Nam et hendrerit ligula. Integer augue dui, luctus quis congue in, ornare placerat ligula. Vestibulum ornare nisi sed purus mattis, et faucibus purus malesuada. Duis tortor mi, commodo in pharetra eu, maximus sit amet felis. Suspendisse vestibulum scelerisque tincidunt.', 1, NULL, '2022-07-05 09:39:56', '2022-08-03 17:43:57'),
(6, 'y2022-m08-prize6', 'AED 500,000', 'Lorem ipsum dolor sit amet, consectetur adipiscing elit, sed do eiusmod tempor incididunt ut labore et dolore magna aliqua. Ut enim ad minim veniam, quis nostrud exercitation ullamco laboris nisi ut aliquip ex ea commodo consequat. Duis aute irure dolor in reprehenderit in voluptate velit esse cillum dolore eu fugiat nulla pariatur. Excepteur sint occaecat cupidatat non proident, sunt in culpa qui officia deserunt mollit anim id est laborum.', 1, NULL, '2022-08-01 10:13:53', '2022-08-03 16:52:08'),
(7, 'y2022-m08-prize7', 'AED 10,000', 'Lorem ipsum dolor sit amet, consectetur adipiscing elit, sed do eiusmod tempor incididunt ut labore et dolore magna aliqua. Ut enim ad minim veniam, quis nostrud exercitation ullamco laboris nisi ut aliquip ex ea commodo consequat. Duis aute irure dolor in reprehenderit in voluptate velit esse cillum dolore eu fugiat nulla pariatur. Excepteur sint occaecat cupidatat non proident, sunt in culpa qui officia deserunt mollit anim id est laborum.', 1, NULL, '2022-08-01 11:14:31', '2022-08-03 16:51:20'),
(8, 'y2022-m08-prize8', '1,000,000 Skyward points', 'Lorem ipsum dolor sit amet, consectetur adipiscing elit, sed do eiusmod tempor incididunt ut labore et dolore magna aliqua. Ut enim ad minim veniam, quis nostrud exercitation ullamco laboris nisi ut aliquip ex ea commodo consequat. Duis aute irure dolor in reprehenderit in voluptate velit esse cillum dolore eu fugiat nulla pariatur. Excepteur sint occaecat cupidatat non proident, sunt in culpa qui officia deserunt mollit anim id est laborum.', 1, NULL, '2022-08-03 17:53:36', '2022-08-03 17:53:36'),
(9, 'y2022-m08-prize9', 'Business Class Upgrade for 1', 'Lorem ipsum dolor sit amet, consectetur adipiscing elit, sed do eiusmod tempor incididunt ut labore et dolore magna aliqua. Ut enim ad minim veniam, quis nostrud exercitation ullamco laboris nisi ut aliquip ex ea commodo consequat. Duis aute irure dolor in reprehenderit in voluptate velit esse cillum dolore eu fugiat nulla pariatur. Excepteur sint occaecat cupidatat non proident, sunt in culpa qui officia deserunt mollit anim id est laborum.', 1, NULL, '2022-08-03 17:54:09', '2022-08-03 17:54:09'),
(10, 'y2022-m08-prize10', 'Holiday Package for 2', 'Lorem ipsum dolor sit amet, consectetur adipiscing elit, sed do eiusmod tempor incididunt ut labore et dolore magna aliqua. Ut enim ad minim veniam, quis nostrud exercitation ullamco laboris nisi ut aliquip ex ea commodo consequat. Duis aute irure dolor in reprehenderit in voluptate velit esse cillum dolore eu fugiat nulla pariatur. Excepteur sint occaecat cupidatat non proident, sunt in culpa qui officia deserunt mollit anim id est laborum.', 1, NULL, '2022-08-03 17:54:40', '2022-08-03 17:54:40'),
(11, 'y2022-m08-prize11', 'Rimowabag (AED 6,000)', 'Lorem ipsum dolor sit amet, consectetur adipiscing elit, sed do eiusmod tempor incididunt ut labore et dolore magna aliqua. Ut enim ad minim veniam, quis nostrud exercitation ullamco laboris nisi ut aliquip ex ea commodo consequat. Duis aute irure dolor in reprehenderit in voluptate velit esse cillum dolore eu fugiat nulla pariatur. Excepteur sint occaecat cupidatat non proident, sunt in culpa qui officia deserunt mollit anim id est laborum.', 1, NULL, '2022-08-03 17:55:18', '2022-08-18 07:35:03'),
(12, 'y2022-m08-prize12', 'Emirates Business Class', 'Test', 1, NULL, '2022-08-19 06:09:26', '2022-08-22 04:28:13'),
(13, 'y2022-m08-prize13', 'PS5', 'Test', 1, NULL, '2022-08-31 04:43:14', '2022-08-31 04:43:14'),
(14, 'y2022-m09-prize14', 'AED 1000000', 'Test', 1, NULL, '2022-09-23 08:40:55', '2022-09-23 08:40:55');

-- --------------------------------------------------------

--
-- Table structure for table `prize_attributes`
--

CREATE TABLE `prize_attributes` (
  `id` bigint UNSIGNED NOT NULL,
  `attribute_name` varchar(255) CHARACTER SET utf8mb4 COLLATE utf8mb4_unicode_ci NOT NULL,
  `attribute_value` mediumtext CHARACTER SET utf8mb4 COLLATE utf8mb4_unicode_ci NOT NULL,
  `prize_id` bigint UNSIGNED NOT NULL,
  `created_at` timestamp NULL DEFAULT NULL,
  `updated_at` timestamp NULL DEFAULT NULL
) ENGINE=InnoDB DEFAULT CHARSET=utf8mb4 COLLATE=utf8mb4_unicode_ci;

--
-- Dumping data for table `prize_attributes`
--

INSERT INTO `prize_attributes` (`id`, `attribute_name`, `attribute_value`, `prize_id`, `created_at`, `updated_at`) VALUES
(1, 'Color', 'Red', 1, '2022-06-29 09:21:45', '2022-06-29 09:21:45'),
(2, 'Size', 'M', 1, '2022-06-29 09:21:45', '2022-06-29 09:21:45'),
(3, 'Color', 'Yellow', 2, '2022-06-29 09:21:45', '2022-06-29 09:21:45'),
(4, 'Size', 'L', 2, '2022-06-29 09:21:45', '2022-06-29 09:21:45'),
(5, 'Color', 'Green', 3, '2022-06-29 09:21:45', '2022-06-29 09:21:45'),
(6, 'Size', 'S', 3, '2022-06-29 09:21:45', '2022-08-18 07:15:03'),
(8, 'Count increase', '200', 10, '2022-10-07 09:59:48', '2022-10-07 09:59:48'),
(9, 'Count increase', '200', 13, '2022-10-07 10:01:50', '2022-10-07 10:01:50'),
(10, 'test', '10', 7, '2022-11-15 09:56:58', '2022-11-15 09:56:58');

-- --------------------------------------------------------

--
-- Table structure for table `prize_images`
--

CREATE TABLE `prize_images` (
  `id` bigint UNSIGNED NOT NULL,
  `image` mediumtext CHARACTER SET utf8mb4 COLLATE utf8mb4_unicode_ci NOT NULL,
  `prize_id` bigint UNSIGNED NOT NULL,
  `created_at` timestamp NULL DEFAULT NULL,
  `updated_at` timestamp NULL DEFAULT NULL
) ENGINE=InnoDB DEFAULT CHARSET=utf8mb4 COLLATE=utf8mb4_unicode_ci;

--
-- Dumping data for table `prize_images`
--

INSERT INTO `prize_images` (`id`, `image`, `prize_id`, `created_at`, `updated_at`) VALUES
(11, 'prizes/RZpUnvuZl126OBJzINymX2hzXvWtGBZi0ZKbJXPG.png', 7, '2022-08-03 12:14:46', '2022-08-03 12:14:46'),
(13, 'prizes/u5830wtONweUvous9Eu11bkw1twVBri8fdKVZt6W.png', 5, '2022-08-03 17:44:16', '2022-08-03 17:44:16'),
(14, 'prizes/256wQhJYozAST1gP0id9zJCXNYbZryDIBBpFcUAg.png', 6, '2022-08-03 17:44:51', '2022-08-03 17:44:51'),
(15, 'prizes/eQ9Ivjy6eq3KSpQBiT8LXOqORoxDmolXVxKRmnWj.png', 4, '2022-08-03 17:46:17', '2022-08-03 17:46:17'),
(18, 'prizes/nArwBQ4jwGJohiNxpLHM6HTJjjKLHTL2KZcHtX1v.png', 1, '2022-08-03 17:49:45', '2022-08-03 17:49:45'),
(19, 'prizes/Yj3ytlZom7PCrd4ZYaRGOThF95kO7KRYyvvQZWmO.png', 2, '2022-08-03 17:51:41', '2022-08-03 17:51:41'),
(20, 'prizes/6CUV5jgK9HyXXABaregXUbB4Sjq9wuFVrou9P2DR.png', 3, '2022-08-03 17:52:37', '2022-08-03 17:52:37'),
(21, 'prizes/92OE8I3zvEmnkJ9iF6JeU5InU9e8wF8Es9yj0Ldr.png', 8, '2022-08-03 17:53:36', '2022-08-03 17:53:36'),
(22, 'prizes/6iVlOowFB85N2usPrOE24Ri6wDbZLpYRac9zbhH6.png', 9, '2022-08-03 17:54:09', '2022-08-03 17:54:09'),
(23, 'prizes/U8Iz2kh9MCxEthw1c9ShrZKkSv2nyTckd15amaJB.png', 10, '2022-08-03 17:54:40', '2022-08-03 17:54:40'),
(24, 'prizes/RkecHuJjOiqcpRnGq19KWCnsDVAaYeYB9MayGEz3.png', 11, '2022-08-03 17:55:18', '2022-08-03 17:55:18'),
(26, 'prizes/pbEvvTJc8maLUgkTnndAaz4FoKBMDlvUrSrTbRxN.jpg', 12, '2022-08-22 04:27:52', '2022-08-22 04:27:52'),
(27, 'prizes/DETAASvNSPyJWie7o00kPiRJTlsCxa7UhhbZP5aN.png', 13, '2022-08-31 04:43:14', '2022-08-31 04:43:14'),
(28, 'prizes/jMqfFs0GLHZlUoBlijOzd09BK8cDl0qJ46OdUgLl.png', 14, '2022-09-23 08:40:55', '2022-09-23 08:40:55');

-- --------------------------------------------------------

--
-- Table structure for table `products`
--

CREATE TABLE `products` (
  `id` bigint UNSIGNED NOT NULL,
  `product_slug` varchar(255) CHARACTER SET utf8mb4 COLLATE utf8mb4_unicode_ci NOT NULL,
  `product_name` varchar(255) CHARACTER SET utf8mb4 COLLATE utf8mb4_unicode_ci NOT NULL,
  `product_description` mediumtext CHARACTER SET utf8mb4 COLLATE utf8mb4_unicode_ci,
  `product_total_price` decimal(10,2) NOT NULL,
  `product_vat_percentage` decimal(10,2) NOT NULL,
  `product_actual_price` decimal(10,2) NOT NULL,
  `product_tax_price` decimal(10,2) NOT NULL,
  `product_stock` int NOT NULL,
  `category_id` bigint UNSIGNED NOT NULL,
  `subcategory_id` bigint UNSIGNED DEFAULT NULL,
  `status` tinyint(1) NOT NULL DEFAULT '1' COMMENT '0:Blocked, 1:Active',
  `deleted_at` timestamp NULL DEFAULT NULL,
  `created_at` timestamp NULL DEFAULT NULL,
  `updated_at` timestamp NULL DEFAULT NULL
) ENGINE=InnoDB DEFAULT CHARSET=utf8mb4 COLLATE=utf8mb4_unicode_ci;

--
-- Dumping data for table `products`
--

INSERT INTO `products` (`id`, `product_slug`, `product_name`, `product_description`, `product_total_price`, `product_vat_percentage`, `product_actual_price`, `product_tax_price`, `product_stock`, `category_id`, `subcategory_id`, `status`, `deleted_at`, `created_at`, `updated_at`) VALUES
(1, 'y22-m05-product1', 'Slipper', 'Lorem ipsum dolor sit amet, consectetur adipiscing elit, sed do eiusmod tempor incididunt ut labore et dolore magna aliqua. Ut enim ad minim veniam, quis nostrud exercitation ullamco laboris nisi ut aliquip ex ea commodo consequat. Duis aute irure dolor in reprehenderit in voluptate velit esse cillum dolore eu fugiat nulla pariatur. Excepteur sint occaecat cupidatat non proident, sunt in culpa qui officia deserunt mollit anim id est laborum.', '5250.00', '5.00', '5000.00', '250.00', 50, 1, 1, 0, NULL, '2022-06-29 09:21:45', '2022-08-03 10:06:57'),
(2, 'y22-m05-product2', 'Jewellery', 'Lorem ipsum dolor sit amet, consectetur adipiscing elit, sed do eiusmod tempor incididunt ut labore et dolore magna aliqua. Ut enim ad minim veniam, quis nostrud exercitation ullamco laboris nisi ut aliquip ex ea commodo consequat. Duis aute irure dolor in reprehenderit in voluptate velit esse cillum dolore eu fugiat nulla pariatur. Excepteur sint occaecat cupidatat non proident, sunt in culpa qui officia deserunt mollit anim id est laborum.', '5250.00', '5.00', '5000.00', '250.00', 100, 1, 1, 0, NULL, '2022-06-29 09:21:45', '2022-08-01 09:56:35'),
(3, 'y22-m05-product3', 'Choclates', 'Lorem ipsum dolor sit amet, consectetur adipiscing elit, sed do eiusmod tempor incididunt ut labore et dolore magna aliqua. Ut enim ad minim veniam, quis nostrud exercitation ullamco laboris nisi ut aliquip ex ea commodo consequat. Duis aute irure dolor in reprehenderit in voluptate velit esse cillum dolore eu fugiat nulla pariatur. Excepteur sint occaecat cupidatat non proident, sunt in culpa qui officia deserunt mollit anim id est laborum.', '5250.00', '5.00', '5000.00', '250.00', 100, 1, 1, 0, NULL, '2022-06-29 09:21:45', '2022-08-01 09:58:07'),
(4, 'y2022-m06-product4', 'Mobile', 'testing', '220.00', '10.00', '200.00', '20.00', 40, 5, 24, 0, NULL, '2022-06-29 09:32:00', '2022-08-01 09:58:54'),
(5, 'y2022-m07-product5', 'Tshirt', 'Lorem ipsum dolor sit amet, consectetur adipiscing elit. Cras nisi felis, iaculis in enim eget, ornare mattis metus. Nam ligula nibh, ullamcorper non odio sed, interdum ultricies augue. Phasellus interdum aliquet nibh ac gravida. Pellentesque pellentesque id lacus a suscipit. Sed vel tincidunt enim, ac blandit purus. Vivamus varius a turpis at laoreet. Nam et hendrerit ligula. Integer augue dui, luctus quis congue in, ornare placerat ligula. Vestibulum ornare nisi sed purus mattis, et faucibus purus malesuada. Duis tortor mi, commodo in pharetra eu, maximus sit amet felis. Suspendisse vestibulum scelerisque tincidunt.', '1100.00', '10.00', '1000.00', '100.00', 100, 1, 3, 0, NULL, '2022-07-05 08:17:10', '2022-08-01 09:59:00'),
(6, 'y2022-m07-product6', 'Red Tshirt', 'Lorem ipsum dolor sit amet, consectetur adipiscing elit. Cras nisi felis, iaculis in enim eget, ornare mattis metus. Nam ligula nibh, ullamcorper non odio sed, interdum ultricies augue. Phasellus interdum aliquet nibh ac gravida. Pellentesque pellentesque id lacus a suscipit. Sed vel tincidunt enim, ac blandit purus. Vivamus varius a turpis at laoreet. Nam et hendrerit ligula. Integer augue dui, luctus quis congue in, ornare placerat ligula. Vestibulum ornare nisi sed purus mattis, et faucibus purus malesuada. Duis tortor mi, commodo in pharetra eu, maximus sit amet felis. Suspendisse vestibulum scelerisque tincidunt.', '110.00', '10.00', '100.00', '10.00', 100, 1, 3, 0, NULL, '2022-07-05 08:19:48', '2022-08-01 09:59:03'),
(7, 'y2022-m07-product7', 'Black Tshirt', 'Lorem ipsum dolor sit amet, consectetur adipiscing elit. Cras nisi felis, iaculis in enim eget, ornare mattis metus. Nam ligula nibh, ullamcorper non odio sed, interdum ultricies augue. Phasellus interdum aliquet nibh ac gravida. Pellentesque pellentesque id lacus a suscipit. Sed vel tincidunt enim, ac blandit purus. Vivamus varius a turpis at laoreet. Nam et hendrerit ligula. Integer augue dui, luctus quis congue in, ornare placerat ligula. Vestibulum ornare nisi sed purus mattis, et faucibus purus malesuada. Duis tortor mi, commodo in pharetra eu, maximus sit amet felis. Suspendisse vestibulum scelerisque tincidunt.', '110.00', '10.00', '100.00', '10.00', 100, 1, 3, 0, NULL, '2022-07-05 08:20:51', '2022-08-01 09:59:06'),
(8, 'y2022-m07-product8', 'Choclates', 'Lorem ipsum dolor sit amet, consectetur adipiscing elit. Cras nisi felis, iaculis in enim eget, ornare mattis metus. Nam ligula nibh, ullamcorper non odio sed, interdum ultricies augue. Phasellus interdum aliquet nibh ac gravida. Pellentesque pellentesque id lacus a suscipit. Sed vel tincidunt enim, ac blandit purus. Vivamus varius a turpis at laoreet. Nam et hendrerit ligula. Integer augue dui, luctus quis congue in, ornare placerat ligula. Vestibulum ornare nisi sed purus mattis, et faucibus purus malesuada. Duis tortor mi, commodo in pharetra eu, maximus sit amet felis. Suspendisse vestibulum scelerisque tincidunt.', '110.00', '10.00', '100.00', '10.00', 100, 5, 23, 0, NULL, '2022-07-05 08:22:17', '2022-08-01 09:59:10'),
(9, 'y2022-m07-product9', 'Cricket Bat', 'Lorem ipsum dolor sit amet, consectetur adipiscing elit. Cras nisi felis, iaculis in enim eget, ornare mattis metus. Nam ligula nibh, ullamcorper non odio sed, interdum ultricies augue. Phasellus interdum aliquet nibh ac gravida. Pellentesque pellentesque id lacus a suscipit. Sed vel tincidunt enim, ac blandit purus. Vivamus varius a turpis at laoreet. Nam et hendrerit ligula. Integer augue dui, luctus quis congue in, ornare placerat ligula. Vestibulum ornare nisi sed purus mattis, et faucibus purus malesuada. Duis tortor mi, commodo in pharetra eu, maximus sit amet felis. Suspendisse vestibulum scelerisque tincidunt.', '110.00', '10.00', '100.00', '10.00', 100, 2, 10, 0, NULL, '2022-07-05 08:25:13', '2022-08-01 09:59:15'),
(10, 'y2022-m07-product10', 'Flowers', 'Lorem ipsum dolor sit amet, consectetur adipiscing elit. Cras nisi felis, iaculis in enim eget, ornare mattis metus. Nam ligula nibh, ullamcorper non odio sed, interdum ultricies augue. Phasellus interdum aliquet nibh ac gravida. Pellentesque pellentesque id lacus a suscipit. Sed vel tincidunt enim, ac blandit purus. Vivamus varius a turpis at laoreet. Nam et hendrerit ligula. Integer augue dui, luctus quis congue in, ornare placerat ligula. Vestibulum ornare nisi sed purus mattis, et faucibus purus malesuada. Duis tortor mi, commodo in pharetra eu, maximus sit amet felis. Suspendisse vestibulum scelerisque tincidunt.', '110.00', '10.00', '100.00', '10.00', 100, 2, NULL, 0, NULL, '2022-07-05 08:26:18', '2022-08-01 09:59:19'),
(11, 'y2022-m07-product11', 'Ball', 'Lorem ipsum dolor sit amet, consectetur adipiscing elit. Cras nisi felis, iaculis in enim eget, ornare mattis metus. Nam ligula nibh, ullamcorper non odio sed, interdum ultricies augue. Phasellus interdum aliquet nibh ac gravida. Pellentesque pellentesque id lacus a suscipit. Sed vel tincidunt enim, ac blandit purus. Vivamus varius a turpis at laoreet. Nam et hendrerit ligula. Integer augue dui, luctus quis congue in, ornare placerat ligula. Vestibulum ornare nisi sed purus mattis, et faucibus purus malesuada. Duis tortor mi, commodo in pharetra eu, maximus sit amet felis. Suspendisse vestibulum scelerisque tincidunt.', '110.00', '10.00', '100.00', '10.00', 100, 5, NULL, 0, NULL, '2022-07-05 08:27:31', '2022-08-01 09:59:24'),
(12, 'y2022-m07-product12', 'Watch', 'Lorem ipsum dolor sit amet, consectetur adipiscing elit. Cras nisi felis, iaculis in enim eget, ornare mattis metus. Nam ligula nibh, ullamcorper non odio sed, interdum ultricies augue. Phasellus interdum aliquet nibh ac gravida. Pellentesque pellentesque id lacus a suscipit. Sed vel tincidunt enim, ac blandit purus. Vivamus varius a turpis at laoreet. Nam et hendrerit ligula. Integer augue dui, luctus quis congue in, ornare placerat ligula. Vestibulum ornare nisi sed purus mattis, et faucibus purus malesuada. Duis tortor mi, commodo in pharetra eu, maximus sit amet felis. Suspendisse vestibulum scelerisque tincidunt.', '220.00', '10.00', '200.00', '20.00', 39, 4, NULL, 0, NULL, '2022-07-05 08:29:11', '2022-10-03 13:03:38'),
(13, 'y2022-m07-product13', 'Watch', 'Lorem ipsum dolor sit amet, consectetur adipiscing elit. Cras nisi felis, iaculis in enim eget, ornare mattis metus. Nam ligula nibh, ullamcorper non odio sed, interdum ultricies augue. Phasellus interdum aliquet nibh ac gravida. Pellentesque pellentesque id lacus a suscipit. Sed vel tincidunt enim, ac blandit purus. Vivamus varius a turpis at laoreet. Nam et hendrerit ligula. Integer augue dui, luctus quis congue in, ornare placerat ligula. Vestibulum ornare nisi sed purus mattis, et faucibus purus malesuada. Duis tortor mi, commodo in pharetra eu, maximus sit amet felis. Suspendisse vestibulum scelerisque tincidunt.', '275.00', '10.00', '250.00', '25.00', 100, 4, NULL, 0, NULL, '2022-07-05 08:30:11', '2022-10-03 13:03:42'),
(14, 'y2022-m07-product14', 'Snickers', 'Lorem ipsum dolor sit amet, consectetur adipiscing elit. Cras nisi felis, iaculis in enim eget, ornare mattis metus. Nam ligula nibh, ullamcorper non odio sed, interdum ultricies augue. Phasellus interdum aliquet nibh ac gravida. Pellentesque pellentesque id lacus a suscipit. Sed vel tincidunt enim, ac blandit purus. Vivamus varius a turpis at laoreet. Nam et hendrerit ligula. Integer augue dui, luctus quis congue in, ornare placerat ligula. Vestibulum ornare nisi sed purus mattis, et faucibus purus malesuada. Duis tortor mi, commodo in pharetra eu, maximus sit amet felis. Suspendisse vestibulum scelerisque tincidunt.', '55.00', '10.00', '50.00', '5.00', 100, 5, NULL, 0, NULL, '2022-07-05 08:31:34', '2022-10-03 13:03:49'),
(15, 'y2022-m07-product15', 'Watch', 'Lorem ipsum dolor sit amet, consectetur adipiscing elit. Cras nisi felis, iaculis in enim eget, ornare mattis metus. Nam ligula nibh, ullamcorper non odio sed, interdum ultricies augue. Phasellus interdum aliquet nibh ac gravida. Pellentesque pellentesque id lacus a suscipit. Sed vel tincidunt enim, ac blandit purus. Vivamus varius a turpis at laoreet. Nam et hendrerit ligula. Integer augue dui, luctus quis congue in, ornare placerat ligula. Vestibulum ornare nisi sed purus mattis, et faucibus purus malesuada. Duis tortor mi, commodo in pharetra eu, maximus sit amet felis. Suspendisse vestibulum scelerisque tincidunt.', '165.00', '10.00', '150.00', '15.00', 80, 4, NULL, 0, NULL, '2022-07-05 08:32:18', '2022-10-03 13:03:53'),
(16, 'y2022-m07-product16', 'Watch', 'Lorem ipsum dolor sit amet, consectetur adipiscing elit. Cras nisi felis, iaculis in enim eget, ornare mattis metus. Nam ligula nibh, ullamcorper non odio sed, interdum ultricies augue. Phasellus interdum aliquet nibh ac gravida. Pellentesque pellentesque id lacus a suscipit. Sed vel tincidunt enim, ac blandit purus. Vivamus varius a turpis at laoreet. Nam et hendrerit ligula. Integer augue dui, luctus quis congue in, ornare placerat ligula. Vestibulum ornare nisi sed purus mattis, et faucibus purus malesuada. Duis tortor mi, commodo in pharetra eu, maximus sit amet felis. Suspendisse vestibulum scelerisque tincidunt.', '165.00', '10.00', '150.00', '15.00', 100, 4, NULL, 0, NULL, '2022-07-05 08:33:23', '2022-10-03 13:04:00'),
(17, 'y2022-m07-product17', 'Goggles', 'Lorem ipsum dolor sit amet, consectetur adipiscing elit. Cras nisi felis, iaculis in enim eget, ornare mattis metus. Nam ligula nibh, ullamcorper non odio sed, interdum ultricies augue. Phasellus interdum aliquet nibh ac gravida. Pellentesque pellentesque id lacus a suscipit. Sed vel tincidunt enim, ac blandit purus. Vivamus varius a turpis at laoreet. Nam et hendrerit ligula. Integer augue dui, luctus quis congue in, ornare placerat ligula. Vestibulum ornare nisi sed purus mattis, et faucibus purus malesuada. Duis tortor mi, commodo in pharetra eu, maximus sit amet felis. Suspendisse vestibulum scelerisque tincidunt.', '262.50', '5.00', '250.00', '12.50', 100, 4, NULL, 0, NULL, '2022-07-05 08:36:07', '2022-10-03 13:17:09'),
(18, 'y2022-m07-product18', 'Decor', 'Lorem ipsum dolor sit amet, consectetur adipiscing elit. Cras nisi felis, iaculis in enim eget, ornare mattis metus. Nam ligula nibh, ullamcorper non odio sed, interdum ultricies augue. Phasellus interdum aliquet nibh ac gravida. Pellentesque pellentesque id lacus a suscipit. Sed vel tincidunt enim, ac blandit purus. Vivamus varius a turpis at laoreet. Nam et hendrerit ligula. Integer augue dui, luctus quis congue in, ornare placerat ligula. Vestibulum ornare nisi sed purus mattis, et faucibus purus malesuada. Duis tortor mi, commodo in pharetra eu, maximus sit amet felis. Suspendisse vestibulum scelerisque tincidunt.', '165.00', '10.00', '150.00', '15.00', 100, 2, NULL, 0, NULL, '2022-07-05 08:37:19', '2022-10-03 13:17:11'),
(19, 'y2022-m07-product19', 'Decor', 'Lorem ipsum dolor sit amet, consectetur adipiscing elit. Cras nisi felis, iaculis in enim eget, ornare mattis metus. Nam ligula nibh, ullamcorper non odio sed, interdum ultricies augue. Phasellus interdum aliquet nibh ac gravida. Pellentesque pellentesque id lacus a suscipit. Sed vel tincidunt enim, ac blandit purus. Vivamus varius a turpis at laoreet. Nam et hendrerit ligula. Integer augue dui, luctus quis congue in, ornare placerat ligula. Vestibulum ornare nisi sed purus mattis, et faucibus purus malesuada. Duis tortor mi, commodo in pharetra eu, maximus sit amet felis. Suspendisse vestibulum scelerisque tincidunt.', '408.12', '14.00', '358.00', '50.12', 100, 2, NULL, 0, NULL, '2022-07-05 08:38:17', '2022-10-03 13:17:13'),
(20, 'y2022-m07-product20', 'Decor', 'Lorem ipsum dolor sit amet, consectetur adipiscing elit. Cras nisi felis, iaculis in enim eget, ornare mattis metus. Nam ligula nibh, ullamcorper non odio sed, interdum ultricies augue. Phasellus interdum aliquet nibh ac gravida. Pellentesque pellentesque id lacus a suscipit. Sed vel tincidunt enim, ac blandit purus. Vivamus varius a turpis at laoreet. Nam et hendrerit ligula. Integer augue dui, luctus quis congue in, ornare placerat ligula. Vestibulum ornare nisi sed purus mattis, et faucibus purus malesuada. Duis tortor mi, commodo in pharetra eu, maximus sit amet felis. Suspendisse vestibulum scelerisque tincidunt.', '192.50', '10.00', '175.00', '17.50', 112, 2, NULL, 0, NULL, '2022-07-05 08:38:58', '2022-10-03 13:17:16'),
(21, 'y2022-m07-product21', 'Crayons', 'Lorem ipsum dolor sit amet, consectetur adipiscing elit. Cras nisi felis, iaculis in enim eget, ornare mattis metus. Nam ligula nibh, ullamcorper non odio sed, interdum ultricies augue. Phasellus interdum aliquet nibh ac gravida. Pellentesque pellentesque id lacus a suscipit. Sed vel tincidunt enim, ac blandit purus. Vivamus varius a turpis at laoreet. Nam et hendrerit ligula. Integer augue dui, luctus quis congue in, ornare placerat ligula. Vestibulum ornare nisi sed purus mattis, et faucibus purus malesuada. Duis tortor mi, commodo in pharetra eu, maximus sit amet felis. Suspendisse vestibulum scelerisque tincidunt.', '110.00', '10.00', '100.00', '10.00', 100, 5, NULL, 0, NULL, '2022-07-05 08:39:45', '2022-10-03 13:17:18'),
(22, 'y2022-m07-product22', 'Decor', 'Lorem ipsum dolor sit amet, consectetur adipiscing elit. Cras nisi felis, iaculis in enim eget, ornare mattis metus. Nam ligula nibh, ullamcorper non odio sed, interdum ultricies augue. Phasellus interdum aliquet nibh ac gravida. Pellentesque pellentesque id lacus a suscipit. Sed vel tincidunt enim, ac blandit purus. Vivamus varius a turpis at laoreet. Nam et hendrerit ligula. Integer augue dui, luctus quis congue in, ornare placerat ligula. Vestibulum ornare nisi sed purus mattis, et faucibus purus malesuada. Duis tortor mi, commodo in pharetra eu, maximus sit amet felis. Suspendisse vestibulum scelerisque tincidunt.', '105.00', '5.00', '100.00', '5.00', 100, 2, NULL, 0, NULL, '2022-07-05 08:40:58', '2022-10-03 13:17:20'),
(23, 'y2022-m07-product23', 'Peacock Feather', 'Lorem ipsum dolor sit amet, consectetur adipiscing elit. Cras nisi felis, iaculis in enim eget, ornare mattis metus. Nam ligula nibh, ullamcorper non odio sed, interdum ultricies augue. Phasellus interdum aliquet nibh ac gravida. Pellentesque pellentesque id lacus a suscipit. Sed vel tincidunt enim, ac blandit purus. Vivamus varius a turpis at laoreet. Nam et hendrerit ligula. Integer augue dui, luctus quis congue in, ornare placerat ligula. Vestibulum ornare nisi sed purus mattis, et faucibus purus malesuada. Duis tortor mi, commodo in pharetra eu, maximus sit amet felis. Suspendisse vestibulum scelerisque tincidunt.', '132.00', '10.00', '120.00', '12.00', 100, 2, NULL, 0, NULL, '2022-07-05 08:42:52', '2022-10-03 13:17:23'),
(24, 'y2022-m07-product24', 'Pen', 'Lorem ipsum dolor sit amet, consectetur adipiscing elit. Cras nisi felis, iaculis in enim eget, ornare mattis metus. Nam ligula nibh, ullamcorper non odio sed, interdum ultricies augue. Phasellus interdum aliquet nibh ac gravida. Pellentesque pellentesque id lacus a suscipit. Sed vel tincidunt enim, ac blandit purus. Vivamus varius a turpis at laoreet. Nam et hendrerit ligula. Integer augue dui, luctus quis congue in, ornare placerat ligula. Vestibulum ornare nisi sed purus mattis, et faucibus purus malesuada. Duis tortor mi, commodo in pharetra eu, maximus sit amet felis. Suspendisse vestibulum scelerisque tincidunt.', '110.00', '10.00', '100.00', '10.00', 50, 5, NULL, 0, NULL, '2022-07-05 08:44:33', '2022-10-03 13:17:26'),
(25, 'y2022-m07-product25', 'Decor', 'Lorem ipsum dolor sit amet, consectetur adipiscing elit. Cras nisi felis, iaculis in enim eget, ornare mattis metus. Nam ligula nibh, ullamcorper non odio sed, interdum ultricies augue. Phasellus interdum aliquet nibh ac gravida. Pellentesque pellentesque id lacus a suscipit. Sed vel tincidunt enim, ac blandit purus. Vivamus varius a turpis at laoreet. Nam et hendrerit ligula. Integer augue dui, luctus quis congue in, ornare placerat ligula. Vestibulum ornare nisi sed purus mattis, et faucibus purus malesuada. Duis tortor mi, commodo in pharetra eu, maximus sit amet felis. Suspendisse vestibulum scelerisque tincidunt.', '253.00', '10.00', '230.00', '23.00', 100, 5, NULL, 0, NULL, '2022-07-05 08:45:52', '2022-10-03 13:17:28'),
(26, 'y2022-m07-product26', 'Bag', 'Lorem ipsum dolor sit amet, consectetur adipiscing elit. Cras nisi felis, iaculis in enim eget, ornare mattis metus. Nam ligula nibh, ullamcorper non odio sed, interdum ultricies augue. Phasellus interdum aliquet nibh ac gravida. Pellentesque pellentesque id lacus a suscipit. Sed vel tincidunt enim, ac blandit purus. Vivamus varius a turpis at laoreet. Nam et hendrerit ligula. Integer augue dui, luctus quis congue in, ornare placerat ligula. Vestibulum ornare nisi sed purus mattis, et faucibus purus malesuada. Duis tortor mi, commodo in pharetra eu, maximus sit amet felis. Suspendisse vestibulum scelerisque tincidunt.', '231.00', '10.00', '210.00', '21.00', 100, 6, NULL, 0, NULL, '2022-07-05 08:47:39', '2022-10-03 13:17:31'),
(27, 'y2022-m07-product27', 'Bouquet', 'Lorem ipsum dolor sit amet, consectetur adipiscing elit. Cras nisi felis, iaculis in enim eget, ornare mattis metus. Nam ligula nibh, ullamcorper non odio sed, interdum ultricies augue. Phasellus interdum aliquet nibh ac gravida. Pellentesque pellentesque id lacus a suscipit. Sed vel tincidunt enim, ac blandit purus. Vivamus varius a turpis at laoreet. Nam et hendrerit ligula. Integer augue dui, luctus quis congue in, ornare placerat ligula. Vestibulum ornare nisi sed purus mattis, et faucibus purus malesuada. Duis tortor mi, commodo in pharetra eu, maximus sit amet felis. Suspendisse vestibulum scelerisque tincidunt.', '132.00', '10.00', '120.00', '12.00', 100, 6, NULL, 0, NULL, '2022-07-05 08:48:31', '2022-10-03 13:16:23'),
(28, 'y2022-m07-product28', 'Pendant', 'Lorem ipsum dolor sit amet, consectetur adipiscing elit. Cras nisi felis, iaculis in enim eget, ornare mattis metus. Nam ligula nibh, ullamcorper non odio sed, interdum ultricies augue. Phasellus interdum aliquet nibh ac gravida. Pellentesque pellentesque id lacus a suscipit. Sed vel tincidunt enim, ac blandit purus. Vivamus varius a turpis at laoreet. Nam et hendrerit ligula. Integer augue dui, luctus quis congue in, ornare placerat ligula. Vestibulum ornare nisi sed purus mattis, et faucibus purus malesuada. Duis tortor mi, commodo in pharetra eu, maximus sit amet felis. Suspendisse vestibulum scelerisque tincidunt.', '110.00', '10.00', '100.00', '10.00', 50, 6, NULL, 0, NULL, '2022-07-05 08:49:14', '2022-10-03 13:16:25'),
(29, 'y2022-m07-product29', 'Clutch Bag', 'Lorem ipsum dolor sit amet, consectetur adipiscing elit. Cras nisi felis, iaculis in enim eget, ornare mattis metus. Nam ligula nibh, ullamcorper non odio sed, interdum ultricies augue. Phasellus interdum aliquet nibh ac gravida. Pellentesque pellentesque id lacus a suscipit. Sed vel tincidunt enim, ac blandit purus. Vivamus varius a turpis at laoreet. Nam et hendrerit ligula. Integer augue dui, luctus quis congue in, ornare placerat ligula. Vestibulum ornare nisi sed purus mattis, et faucibus purus malesuada. Duis tortor mi, commodo in pharetra eu, maximus sit amet felis. Suspendisse vestibulum scelerisque tincidunt.', '115.50', '10.00', '105.00', '10.50', 100, 6, NULL, 0, NULL, '2022-07-05 08:50:05', '2022-10-03 13:16:27'),
(30, 'y2022-m07-product30', 'Sofa Set', 'Lorem ipsum dolor sit amet, consectetur adipiscing elit. Cras nisi felis, iaculis in enim eget, ornare mattis metus. Nam ligula nibh, ullamcorper non odio sed, interdum ultricies augue. Phasellus interdum aliquet nibh ac gravida. Pellentesque pellentesque id lacus a suscipit. Sed vel tincidunt enim, ac blandit purus. Vivamus varius a turpis at laoreet. Nam et hendrerit ligula. Integer augue dui, luctus quis congue in, ornare placerat ligula. Vestibulum ornare nisi sed purus mattis, et faucibus purus malesuada. Duis tortor mi, commodo in pharetra eu, maximus sit amet felis. Suspendisse vestibulum scelerisque tincidunt.', '220.00', '10.00', '200.00', '20.00', 100, 2, NULL, 0, NULL, '2022-07-05 08:52:38', '2022-10-03 13:16:30'),
(31, 'y2022-m07-product31', 'Camera', 'Lorem ipsum dolor sit amet, consectetur adipiscing elit. Cras nisi felis, iaculis in enim eget, ornare mattis metus. Nam ligula nibh, ullamcorper non odio sed, interdum ultricies augue. Phasellus interdum aliquet nibh ac gravida. Pellentesque pellentesque id lacus a suscipit. Sed vel tincidunt enim, ac blandit purus. Vivamus varius a turpis at laoreet. Nam et hendrerit ligula. Integer augue dui, luctus quis congue in, ornare placerat ligula. Vestibulum ornare nisi sed purus mattis, et faucibus purus malesuada. Duis tortor mi, commodo in pharetra eu, maximus sit amet felis. Suspendisse vestibulum scelerisque tincidunt.', '440.00', '10.00', '400.00', '40.00', 100, 3, NULL, 0, NULL, '2022-07-05 08:53:28', '2022-10-03 13:16:32'),
(32, 'y2022-m07-product32', 'Camera', 'Lorem ipsum dolor sit amet, consectetur adipiscing elit. Cras nisi felis, iaculis in enim eget, ornare mattis metus. Nam ligula nibh, ullamcorper non odio sed, interdum ultricies augue. Phasellus interdum aliquet nibh ac gravida. Pellentesque pellentesque id lacus a suscipit. Sed vel tincidunt enim, ac blandit purus. Vivamus varius a turpis at laoreet. Nam et hendrerit ligula. Integer augue dui, luctus quis congue in, ornare placerat ligula. Vestibulum ornare nisi sed purus mattis, et faucibus purus malesuada. Duis tortor mi, commodo in pharetra eu, maximus sit amet felis. Suspendisse vestibulum scelerisque tincidunt.', '550.00', '10.00', '500.00', '50.00', 100, 3, NULL, 0, NULL, '2022-07-05 08:54:00', '2022-10-03 13:16:35'),
(33, 'y2022-m07-product33', 'Speakers', 'Lorem ipsum dolor sit amet, consectetur adipiscing elit. Cras nisi felis, iaculis in enim eget, ornare mattis metus. Nam ligula nibh, ullamcorper non odio sed, interdum ultricies augue. Phasellus interdum aliquet nibh ac gravida. Pellentesque pellentesque id lacus a suscipit. Sed vel tincidunt enim, ac blandit purus. Vivamus varius a turpis at laoreet. Nam et hendrerit ligula. Integer augue dui, luctus quis congue in, ornare placerat ligula. Vestibulum ornare nisi sed purus mattis, et faucibus purus malesuada. Duis tortor mi, commodo in pharetra eu, maximus sit amet felis. Suspendisse vestibulum scelerisque tincidunt.', '550.00', '10.00', '500.00', '50.00', 100, 3, NULL, 0, NULL, '2022-07-05 08:54:35', '2022-10-03 13:16:39'),
(34, 'y2022-m07-product34', 'Headphones', 'Lorem ipsum dolor sit amet, consectetur adipiscing elit. Cras nisi felis, iaculis in enim eget, ornare mattis metus. Nam ligula nibh, ullamcorper non odio sed, interdum ultricies augue. Phasellus interdum aliquet nibh ac gravida. Pellentesque pellentesque id lacus a suscipit. Sed vel tincidunt enim, ac blandit purus. Vivamus varius a turpis at laoreet. Nam et hendrerit ligula. Integer augue dui, luctus quis congue in, ornare placerat ligula. Vestibulum ornare nisi sed purus mattis, et faucibus purus malesuada. Duis tortor mi, commodo in pharetra eu, maximus sit amet felis. Suspendisse vestibulum scelerisque tincidunt.', '330.00', '10.00', '300.00', '30.00', 100, 3, NULL, 0, NULL, '2022-07-05 08:55:22', '2022-10-03 13:16:41'),
(35, 'y2022-m07-product35', 'Phone Holder', 'Lorem ipsum dolor sit amet, consectetur adipiscing elit. Cras nisi felis, iaculis in enim eget, ornare mattis metus. Nam ligula nibh, ullamcorper non odio sed, interdum ultricies augue. Phasellus interdum aliquet nibh ac gravida. Pellentesque pellentesque id lacus a suscipit. Sed vel tincidunt enim, ac blandit purus. Vivamus varius a turpis at laoreet. Nam et hendrerit ligula. Integer augue dui, luctus quis congue in, ornare placerat ligula. Vestibulum ornare nisi sed purus mattis, et faucibus purus malesuada. Duis tortor mi, commodo in pharetra eu, maximus sit amet felis. Suspendisse vestibulum scelerisque tincidunt.', '110.00', '10.00', '100.00', '10.00', 100, 3, NULL, 0, NULL, '2022-07-05 08:57:24', '2022-10-03 13:16:44'),
(36, 'y2022-m07-product36', 'Ball', 'Lorem ipsum dolor sit amet, consectetur adipiscing elit. Cras nisi felis, iaculis in enim eget, ornare mattis metus. Nam ligula nibh, ullamcorper non odio sed, interdum ultricies augue. Phasellus interdum aliquet nibh ac gravida. Pellentesque pellentesque id lacus a suscipit. Sed vel tincidunt enim, ac blandit purus. Vivamus varius a turpis at laoreet. Nam et hendrerit ligula. Integer augue dui, luctus quis congue in, ornare placerat ligula. Vestibulum ornare nisi sed purus mattis, et faucibus purus malesuada. Duis tortor mi, commodo in pharetra eu, maximus sit amet felis. Suspendisse vestibulum scelerisque tincidunt.', '110.00', '10.00', '100.00', '10.00', 100, 3, NULL, 0, NULL, '2022-07-05 08:59:12', '2022-10-03 13:16:46'),
(37, 'y2022-m08-product37', 'Chocolate', 'Lorem ipsum dolor sit amet, consectetur adipiscing elit. Cras nisi felis, iaculis in enim eget, ornare mattis metus. Nam ligula nibh, ullamcorper non odio sed, interdum ultricies augue. Phasellus interdum aliquet nibh ac gravida. Pellentesque pellentesque id lacus a suscipit. Sed vel tincidunt enim, ac blandit purus. Vivamus varius a turpis at laoreet. Nam et hendrerit ligula. Integer augue dui, luctus quis congue in, ornare placerat ligula. Vestibulum ornare nisi sed purus mattis, et faucibus purus malesuada. Duis tortor mi, commodo in pharetra eu, maximus sit amet felis. Suspendisse vestibulum scelerisque tincidunt.', '138.00', '15.00', '120.00', '18.00', 50, 5, 23, 0, NULL, '2022-08-01 06:06:16', '2022-10-03 13:16:49'),
(38, 'y2022-m08-product38', 'Chocolate', 'Lorem ipsum dolor sit amet, consectetur adipiscing elit. Cras nisi felis, iaculis in enim eget, ornare mattis metus. Nam ligula nibh, ullamcorper non odio sed, interdum ultricies augue. Phasellus interdum aliquet nibh ac gravida. Pellentesque pellentesque id lacus a suscipit. Sed vel tincidunt enim, ac blandit purus. Vivamus varius a turpis at laoreet. Nam et hendrerit ligula. Integer augue dui, luctus quis congue in, ornare placerat ligula. Vestibulum ornare nisi sed purus mattis, et faucibus purus malesuada. Duis tortor mi, commodo in pharetra eu, maximus sit amet felis. Suspendisse vestibulum scelerisque tincidunt.', '120.00', '20.00', '100.00', '20.00', 70, 5, 23, 0, NULL, '2022-08-01 06:07:04', '2022-10-03 13:16:51'),
(39, 'y2022-m08-product39', 'Chocolate', 'Lorem ipsum dolor sit amet, consectetur adipiscing elit. Cras nisi felis, iaculis in enim eget, ornare mattis metus. Nam ligula nibh, ullamcorper non odio sed, interdum ultricies augue. Phasellus interdum aliquet nibh ac gravida. Pellentesque pellentesque id lacus a suscipit. Sed vel tincidunt enim, ac blandit purus. Vivamus varius a turpis at laoreet. Nam et hendrerit ligula. Integer augue dui, luctus quis congue in, ornare placerat ligula. Vestibulum ornare nisi sed purus mattis, et faucibus purus malesuada. Duis tortor mi, commodo in pharetra eu, maximus sit amet felis. Suspendisse vestibulum scelerisque tincidunt.', '120.00', '20.00', '100.00', '20.00', 150, 5, 23, 0, NULL, '2022-08-01 06:07:43', '2022-10-03 13:16:54'),
(40, 'y2022-m08-product40', 'Slipper', 'Lorem ipsum dolor sit amet, consectetur adipiscing elit. Cras nisi felis, iaculis in enim eget, ornare mattis metus. Nam ligula nibh, ullamcorper non odio sed, interdum ultricies augue. Phasellus interdum aliquet nibh ac gravida. Pellentesque pellentesque id lacus a suscipit. Sed vel tincidunt enim, ac blandit purus. Vivamus varius a turpis at laoreet. Nam et hendrerit ligula. Integer augue dui, luctus quis congue in, ornare placerat ligula. Vestibulum ornare nisi sed purus mattis, et faucibus purus malesuada. Duis tortor mi, commodo in pharetra eu, maximus sit amet felis. Suspendisse vestibulum scelerisque tincidunt.', '112.50', '25.00', '90.00', '22.50', 110, 1, 1, 0, NULL, '2022-08-01 06:14:34', '2022-10-03 13:16:56'),
(41, 'y2022-m08-product41', 'Shorts', 'Lorem ipsum dolor sit amet, consectetur adipiscing elit. Cras nisi felis, iaculis in enim eget, ornare mattis metus. Nam ligula nibh, ullamcorper non odio sed, interdum ultricies augue. Phasellus interdum aliquet nibh ac gravida. Pellentesque pellentesque id lacus a suscipit. Sed vel tincidunt enim, ac blandit purus. Vivamus varius a turpis at laoreet. Nam et hendrerit ligula. Integer augue dui, luctus quis congue in, ornare placerat ligula. Vestibulum ornare nisi sed purus mattis, et faucibus purus malesuada. Duis tortor mi, commodo in pharetra eu, maximus sit amet felis. Suspendisse vestibulum scelerisque tincidunt.', '220.00', '10.00', '200.00', '20.00', 100, 1, 2, 0, NULL, '2022-08-01 06:15:37', '2022-10-03 13:16:58'),
(42, 'y2022-m08-product42', 'T shirts', 'Lorem ipsum dolor sit amet, consectetur adipiscing elit. Cras nisi felis, iaculis in enim eget, ornare mattis metus. Nam ligula nibh, ullamcorper non odio sed, interdum ultricies augue. Phasellus interdum aliquet nibh ac gravida. Pellentesque pellentesque id lacus a suscipit. Sed vel tincidunt enim, ac blandit purus. Vivamus varius a turpis at laoreet. Nam et hendrerit ligula. Integer augue dui, luctus quis congue in, ornare placerat ligula. Vestibulum ornare nisi sed purus mattis, et faucibus purus malesuada. Duis tortor mi, commodo in pharetra eu, maximus sit amet felis. Suspendisse vestibulum scelerisque tincidunt.', '156.00', '20.00', '130.00', '26.00', 100, 1, 3, 0, NULL, '2022-08-01 06:23:45', '2022-10-03 13:15:53'),
(43, 'y2022-m08-product43', 'Cap', 'Lorem ipsum dolor sit amet, consectetur adipiscing elit. Cras nisi felis, iaculis in enim eget, ornare mattis metus. Nam ligula nibh, ullamcorper non odio sed, interdum ultricies augue. Phasellus interdum aliquet nibh ac gravida. Pellentesque pellentesque id lacus a suscipit. Sed vel tincidunt enim, ac blandit purus. Vivamus varius a turpis at laoreet. Nam et hendrerit ligula. Integer augue dui, luctus quis congue in, ornare placerat ligula. Vestibulum ornare nisi sed purus mattis, et faucibus purus malesuada. Duis tortor mi, commodo in pharetra eu, maximus sit amet felis. Suspendisse vestibulum scelerisque tincidunt.', '150.00', '25.00', '120.00', '30.00', 50, 1, 5, 0, NULL, '2022-08-01 06:25:51', '2022-10-03 13:15:50'),
(44, 'y2022-m08-product44', 'Tie', 'Lorem ipsum dolor sit amet, consectetur adipiscing elit. Cras nisi felis, iaculis in enim eget, ornare mattis metus. Nam ligula nibh, ullamcorper non odio sed, interdum ultricies augue. Phasellus interdum aliquet nibh ac gravida. Pellentesque pellentesque id lacus a suscipit. Sed vel tincidunt enim, ac blandit purus. Vivamus varius a turpis at laoreet. Nam et hendrerit ligula. Integer augue dui, luctus quis congue in, ornare placerat ligula. Vestibulum ornare nisi sed purus mattis, et faucibus purus malesuada. Duis tortor mi, commodo in pharetra eu, maximus sit amet felis. Suspendisse vestibulum scelerisque tincidunt.', '130.00', '30.00', '100.00', '30.00', 70, 1, 4, 0, NULL, '2022-08-01 06:28:50', '2022-10-03 13:15:48'),
(45, 'y2022-m08-product45', 'Photo Frame', 'Lorem ipsum dolor sit amet, consectetur adipiscing elit. Cras nisi felis, iaculis in enim eget, ornare mattis metus. Nam ligula nibh, ullamcorper non odio sed, interdum ultricies augue. Phasellus interdum aliquet nibh ac gravida. Pellentesque pellentesque id lacus a suscipit. Sed vel tincidunt enim, ac blandit purus. Vivamus varius a turpis at laoreet. Nam et hendrerit ligula. Integer augue dui, luctus quis congue in, ornare placerat ligula. Vestibulum ornare nisi sed purus mattis, et faucibus purus malesuada. Duis tortor mi, commodo in pharetra eu, maximus sit amet felis. Suspendisse vestibulum scelerisque tincidunt.', '132.00', '10.00', '120.00', '12.00', 80, 2, 7, 0, NULL, '2022-08-01 06:36:23', '2022-10-03 13:15:45'),
(46, 'y2022-m08-product46', 'Photo Frames', 'Lorem ipsum dolor sit amet, consectetur adipiscing elit. Cras nisi felis, iaculis in enim eget, ornare mattis metus. Nam ligula nibh, ullamcorper non odio sed, interdum ultricies augue. Phasellus interdum aliquet nibh ac gravida. Pellentesque pellentesque id lacus a suscipit. Sed vel tincidunt enim, ac blandit purus. Vivamus varius a turpis at laoreet. Nam et hendrerit ligula. Integer augue dui, luctus quis congue in, ornare placerat ligula. Vestibulum ornare nisi sed purus mattis, et faucibus purus malesuada. Duis tortor mi, commodo in pharetra eu, maximus sit amet felis. Suspendisse vestibulum scelerisque tincidunt.', '144.00', '20.00', '120.00', '24.00', 100, 2, 7, 0, NULL, '2022-08-01 06:38:31', '2022-10-03 13:15:43'),
(47, 'y2022-m08-product47', 'Photo Frame', 'Lorem ipsum dolor sit amet, consectetur adipiscing elit. Cras nisi felis, iaculis in enim eget, ornare mattis metus. Nam ligula nibh, ullamcorper non odio sed, interdum ultricies augue. Phasellus interdum aliquet nibh ac gravida. Pellentesque pellentesque id lacus a suscipit. Sed vel tincidunt enim, ac blandit purus. Vivamus varius a turpis at laoreet. Nam et hendrerit ligula. Integer augue dui, luctus quis congue in, ornare placerat ligula. Vestibulum ornare nisi sed purus mattis, et faucibus purus malesuada. Duis tortor mi, commodo in pharetra eu, maximus sit amet felis. Suspendisse vestibulum scelerisque tincidunt.', '138.00', '15.00', '120.00', '18.00', 80, 2, 7, 0, NULL, '2022-08-01 06:39:58', '2022-10-03 13:14:53'),
(48, 'y2022-m08-product48', 'Sand clock', 'Lorem ipsum dolor sit amet, consectetur adipiscing elit. Cras nisi felis, iaculis in enim eget, ornare mattis metus. Nam ligula nibh, ullamcorper non odio sed, interdum ultricies augue. Phasellus interdum aliquet nibh ac gravida. Pellentesque pellentesque id lacus a suscipit. Sed vel tincidunt enim, ac blandit purus. Vivamus varius a turpis at laoreet. Nam et hendrerit ligula. Integer augue dui, luctus quis congue in, ornare placerat ligula. Vestibulum ornare nisi sed purus mattis, et faucibus purus malesuada. Duis tortor mi, commodo in pharetra eu, maximus sit amet felis. Suspendisse vestibulum scelerisque tincidunt.', '81.00', '35.00', '60.00', '21.00', 100, 2, 8, 0, NULL, '2022-08-01 06:47:04', '2022-10-03 13:14:56'),
(49, 'y2022-m08-product49', 'Sand clock', 'Lorem ipsum dolor sit amet, consectetur adipiscing elit. Cras nisi felis, iaculis in enim eget, ornare mattis metus. Nam ligula nibh, ullamcorper non odio sed, interdum ultricies augue. Phasellus interdum aliquet nibh ac gravida. Pellentesque pellentesque id lacus a suscipit. Sed vel tincidunt enim, ac blandit purus. Vivamus varius a turpis at laoreet. Nam et hendrerit ligula. Integer augue dui, luctus quis congue in, ornare placerat ligula. Vestibulum ornare nisi sed purus mattis, et faucibus purus malesuada. Duis tortor mi, commodo in pharetra eu, maximus sit amet felis. Suspendisse vestibulum scelerisque tincidunt.', '112.50', '25.00', '90.00', '22.50', 100, 2, 8, 0, NULL, '2022-08-01 06:47:41', '2022-10-03 13:14:58'),
(50, 'y2022-m08-product50', 'Sand clock', 'Lorem ipsum dolor sit amet, consectetur adipiscing elit. Cras nisi felis, iaculis in enim eget, ornare mattis metus. Nam ligula nibh, ullamcorper non odio sed, interdum ultricies augue. Phasellus interdum aliquet nibh ac gravida. Pellentesque pellentesque id lacus a suscipit. Sed vel tincidunt enim, ac blandit purus. Vivamus varius a turpis at laoreet. Nam et hendrerit ligula. Integer augue dui, luctus quis congue in, ornare placerat ligula. Vestibulum ornare nisi sed purus mattis, et faucibus purus malesuada. Duis tortor mi, commodo in pharetra eu, maximus sit amet felis. Suspendisse vestibulum scelerisque tincidunt.', '132.00', '10.00', '120.00', '12.00', 100, 2, 8, 0, NULL, '2022-08-01 06:50:14', '2022-10-03 13:15:01'),
(51, 'y2022-m08-product51', 'Berd Vaye', 'Lorem ipsum dolor sit amet, consectetur adipiscing elit. Cras nisi felis, iaculis in enim eget, ornare mattis metus. Nam ligula nibh, ullamcorper non odio sed, interdum ultricies augue. Phasellus interdum aliquet nibh ac gravida. Pellentesque pellentesque id lacus a suscipit. Sed vel tincidunt enim, ac blandit purus. Vivamus varius a turpis at laoreet. Nam et hendrerit ligula. Integer augue dui, luctus quis congue in, ornare placerat ligula. Vestibulum ornare nisi sed purus mattis, et faucibus purus malesuada. Duis tortor mi, commodo in pharetra eu, maximus sit amet felis. Suspendisse vestibulum scelerisque tincidunt.', '180.00', '20.00', '150.00', '30.00', 50, 2, 9, 0, NULL, '2022-08-01 06:59:39', '2022-10-03 13:15:04'),
(52, 'y2022-m08-product52', 'Berd Vaye', 'Lorem ipsum dolor sit amet, consectetur adipiscing elit. Cras nisi felis, iaculis in enim eget, ornare mattis metus. Nam ligula nibh, ullamcorper non odio sed, interdum ultricies augue. Phasellus interdum aliquet nibh ac gravida. Pellentesque pellentesque id lacus a suscipit. Sed vel tincidunt enim, ac blandit purus. Vivamus varius a turpis at laoreet. Nam et hendrerit ligula. Integer augue dui, luctus quis congue in, ornare placerat ligula. Vestibulum ornare nisi sed purus mattis, et faucibus purus malesuada. Duis tortor mi, commodo in pharetra eu, maximus sit amet felis. Suspendisse vestibulum scelerisque tincidunt.', '125.00', '25.00', '100.00', '25.00', 150, 2, 9, 0, NULL, '2022-08-01 07:00:20', '2022-10-03 13:15:10'),
(53, 'y2022-m08-product53', 'Berd Vaye', 'Lorem ipsum dolor sit amet, consectetur adipiscing elit. Cras nisi felis, iaculis in enim eget, ornare mattis metus. Nam ligula nibh, ullamcorper non odio sed, interdum ultricies augue. Phasellus interdum aliquet nibh ac gravida. Pellentesque pellentesque id lacus a suscipit. Sed vel tincidunt enim, ac blandit purus. Vivamus varius a turpis at laoreet. Nam et hendrerit ligula. Integer augue dui, luctus quis congue in, ornare placerat ligula. Vestibulum ornare nisi sed purus mattis, et faucibus purus malesuada. Duis tortor mi, commodo in pharetra eu, maximus sit amet felis. Suspendisse vestibulum scelerisque tincidunt.', '126.50', '15.00', '110.00', '16.50', 90, 2, 9, 0, NULL, '2022-08-01 07:01:00', '2022-10-03 13:15:12'),
(54, 'y2022-m08-product54', 'Berd Vaye', 'Lorem ipsum dolor sit amet, consectetur adipiscing elit. Cras nisi felis, iaculis in enim eget, ornare mattis metus. Nam ligula nibh, ullamcorper non odio sed, interdum ultricies augue. Phasellus interdum aliquet nibh ac gravida. Pellentesque pellentesque id lacus a suscipit. Sed vel tincidunt enim, ac blandit purus. Vivamus varius a turpis at laoreet. Nam et hendrerit ligula. Integer augue dui, luctus quis congue in, ornare placerat ligula. Vestibulum ornare nisi sed purus mattis, et faucibus purus malesuada. Duis tortor mi, commodo in pharetra eu, maximus sit amet felis. Suspendisse vestibulum scelerisque tincidunt.', '184.00', '15.00', '160.00', '24.00', 110, 2, 9, 0, NULL, '2022-08-01 07:01:54', '2022-10-03 13:15:15'),
(55, 'y2022-m08-product55', 'Berd Vaye', 'Lorem ipsum dolor sit amet, consectetur adipiscing elit. Cras nisi felis, iaculis in enim eget, ornare mattis metus. Nam ligula nibh, ullamcorper non odio sed, interdum ultricies augue. Phasellus interdum aliquet nibh ac gravida. Pellentesque pellentesque id lacus a suscipit. Sed vel tincidunt enim, ac blandit purus. Vivamus varius a turpis at laoreet. Nam et hendrerit ligula. Integer augue dui, luctus quis congue in, ornare placerat ligula. Vestibulum ornare nisi sed purus mattis, et faucibus purus malesuada. Duis tortor mi, commodo in pharetra eu, maximus sit amet felis. Suspendisse vestibulum scelerisque tincidunt.', '220.00', '10.00', '200.00', '20.00', 130, 2, 9, 0, NULL, '2022-08-01 07:02:40', '2022-10-03 13:15:17'),
(56, 'y2022-m08-product56', 'Berd Vaye', 'Lorem ipsum dolor sit amet, consectetur adipiscing elit. Cras nisi felis, iaculis in enim eget, ornare mattis metus. Nam ligula nibh, ullamcorper non odio sed, interdum ultricies augue. Phasellus interdum aliquet nibh ac gravida. Pellentesque pellentesque id lacus a suscipit. Sed vel tincidunt enim, ac blandit purus. Vivamus varius a turpis at laoreet. Nam et hendrerit ligula. Integer augue dui, luctus quis congue in, ornare placerat ligula. Vestibulum ornare nisi sed purus mattis, et faucibus purus malesuada. Duis tortor mi, commodo in pharetra eu, maximus sit amet felis. Suspendisse vestibulum scelerisque tincidunt.', '175.00', '25.00', '140.00', '35.00', 90, 2, 9, 0, NULL, '2022-08-01 07:03:11', '2022-10-03 13:15:19'),
(57, 'y2022-m08-product57', 'Table Flag', 'Lorem ipsum dolor sit amet, consectetur adipiscing elit. Cras nisi felis, iaculis in enim eget, ornare mattis metus. Nam ligula nibh, ullamcorper non odio sed, interdum ultricies augue. Phasellus interdum aliquet nibh ac gravida. Pellentesque pellentesque id lacus a suscipit. Sed vel tincidunt enim, ac blandit purus. Vivamus varius a turpis at laoreet. Nam et hendrerit ligula. Integer augue dui, luctus quis congue in, ornare placerat ligula. Vestibulum ornare nisi sed purus mattis, et faucibus purus malesuada. Duis tortor mi, commodo in pharetra eu, maximus sit amet felis. Suspendisse vestibulum scelerisque tincidunt.', '132.00', '20.00', '110.00', '22.00', 100, 2, 10, 0, NULL, '2022-08-01 07:07:29', '2022-10-03 13:14:48'),
(58, 'y2022-m08-product58', 'Table Flag', 'Lorem ipsum dolor sit amet, consectetur adipiscing elit. Cras nisi felis, iaculis in enim eget, ornare mattis metus. Nam ligula nibh, ullamcorper non odio sed, interdum ultricies augue. Phasellus interdum aliquet nibh ac gravida. Pellentesque pellentesque id lacus a suscipit. Sed vel tincidunt enim, ac blandit purus. Vivamus varius a turpis at laoreet. Nam et hendrerit ligula. Integer augue dui, luctus quis congue in, ornare placerat ligula. Vestibulum ornare nisi sed purus mattis, et faucibus purus malesuada. Duis tortor mi, commodo in pharetra eu, maximus sit amet felis. Suspendisse vestibulum scelerisque tincidunt.', '150.00', '25.00', '120.00', '30.00', 85, 2, 10, 0, NULL, '2022-08-01 07:08:29', '2022-10-03 13:14:31'),
(59, 'y2022-m08-product59', 'Sofa Cushion', 'Lorem ipsum dolor sit amet, consectetur adipiscing elit. Cras nisi felis, iaculis in enim eget, ornare mattis metus. Nam ligula nibh, ullamcorper non odio sed, interdum ultricies augue. Phasellus interdum aliquet nibh ac gravida. Pellentesque pellentesque id lacus a suscipit. Sed vel tincidunt enim, ac blandit purus. Vivamus varius a turpis at laoreet. Nam et hendrerit ligula. Integer augue dui, luctus quis congue in, ornare placerat ligula. Vestibulum ornare nisi sed purus mattis, et faucibus purus malesuada. Duis tortor mi, commodo in pharetra eu, maximus sit amet felis. Suspendisse vestibulum scelerisque tincidunt.', '143.00', '10.00', '130.00', '13.00', 100, 2, 11, 0, NULL, '2022-08-01 07:11:14', '2022-10-03 13:14:35'),
(60, 'y2022-m08-product60', 'Sofa Cushion', 'Lorem ipsum dolor sit amet, consectetur adipiscing elit. Cras nisi felis, iaculis in enim eget, ornare mattis metus. Nam ligula nibh, ullamcorper non odio sed, interdum ultricies augue. Phasellus interdum aliquet nibh ac gravida. Pellentesque pellentesque id lacus a suscipit. Sed vel tincidunt enim, ac blandit purus. Vivamus varius a turpis at laoreet. Nam et hendrerit ligula. Integer augue dui, luctus quis congue in, ornare placerat ligula. Vestibulum ornare nisi sed purus mattis, et faucibus purus malesuada. Duis tortor mi, commodo in pharetra eu, maximus sit amet felis. Suspendisse vestibulum scelerisque tincidunt.', '150.00', '25.00', '120.00', '30.00', 150, 2, 11, 0, NULL, '2022-08-01 07:11:56', '2022-10-03 13:14:38'),
(61, 'y2022-m08-product61', 'Sofa Cushion', 'Lorem ipsum dolor sit amet, consectetur adipiscing elit. Cras nisi felis, iaculis in enim eget, ornare mattis metus. Nam ligula nibh, ullamcorper non odio sed, interdum ultricies augue. Phasellus interdum aliquet nibh ac gravida. Pellentesque pellentesque id lacus a suscipit. Sed vel tincidunt enim, ac blandit purus. Vivamus varius a turpis at laoreet. Nam et hendrerit ligula. Integer augue dui, luctus quis congue in, ornare placerat ligula. Vestibulum ornare nisi sed purus mattis, et faucibus purus malesuada. Duis tortor mi, commodo in pharetra eu, maximus sit amet felis. Suspendisse vestibulum scelerisque tincidunt.', '135.00', '35.00', '100.00', '35.00', 120, 2, 11, 0, NULL, '2022-08-01 07:12:51', '2022-10-03 13:14:42'),
(62, 'y2022-m08-product62', 'Bracelet', 'Lorem ipsum dolor sit amet, consectetur adipiscing elit. Cras nisi felis, iaculis in enim eget, ornare mattis metus. Nam ligula nibh, ullamcorper non odio sed, interdum ultricies augue. Phasellus interdum aliquet nibh ac gravida. Pellentesque pellentesque id lacus a suscipit. Sed vel tincidunt enim, ac blandit purus. Vivamus varius a turpis at laoreet. Nam et hendrerit ligula. Integer augue dui, luctus quis congue in, ornare placerat ligula. Vestibulum ornare nisi sed purus mattis, et faucibus purus malesuada. Duis tortor mi, commodo in pharetra eu, maximus sit amet felis. Suspendisse vestibulum scelerisque tincidunt.', '121.00', '10.00', '110.00', '11.00', 150, 6, 28, 0, NULL, '2022-08-01 07:15:43', '2022-10-03 13:06:36'),
(63, 'y2022-m08-product63', 'Bracelet', 'Lorem ipsum dolor sit amet, consectetur adipiscing elit. Cras nisi felis, iaculis in enim eget, ornare mattis metus. Nam ligula nibh, ullamcorper non odio sed, interdum ultricies augue. Phasellus interdum aliquet nibh ac gravida. Pellentesque pellentesque id lacus a suscipit. Sed vel tincidunt enim, ac blandit purus. Vivamus varius a turpis at laoreet. Nam et hendrerit ligula. Integer augue dui, luctus quis congue in, ornare placerat ligula. Vestibulum ornare nisi sed purus mattis, et faucibus purus malesuada. Duis tortor mi, commodo in pharetra eu, maximus sit amet felis. Suspendisse vestibulum scelerisque tincidunt.', '138.00', '15.00', '120.00', '18.00', 90, 6, 28, 0, NULL, '2022-08-01 07:16:14', '2022-10-03 13:06:30'),
(64, 'y2022-m08-product64', 'Bracelet', 'Lorem ipsum dolor sit amet, consectetur adipiscing elit. Cras nisi felis, iaculis in enim eget, ornare mattis metus. Nam ligula nibh, ullamcorper non odio sed, interdum ultricies augue. Phasellus interdum aliquet nibh ac gravida. Pellentesque pellentesque id lacus a suscipit. Sed vel tincidunt enim, ac blandit purus. Vivamus varius a turpis at laoreet. Nam et hendrerit ligula. Integer augue dui, luctus quis congue in, ornare placerat ligula. Vestibulum ornare nisi sed purus mattis, et faucibus purus malesuada. Duis tortor mi, commodo in pharetra eu, maximus sit amet felis. Suspendisse vestibulum scelerisque tincidunt.', '143.75', '15.00', '125.00', '18.75', 95, 6, 28, 0, NULL, '2022-08-01 07:17:39', '2022-10-03 13:06:22'),
(65, 'y2022-m08-product65', 'Tasbih', 'Lorem ipsum dolor sit amet, consectetur adipiscing elit. Cras nisi felis, iaculis in enim eget, ornare mattis metus. Nam ligula nibh, ullamcorper non odio sed, interdum ultricies augue. Phasellus interdum aliquet nibh ac gravida. Pellentesque pellentesque id lacus a suscipit. Sed vel tincidunt enim, ac blandit purus. Vivamus varius a turpis at laoreet. Nam et hendrerit ligula. Integer augue dui, luctus quis congue in, ornare placerat ligula. Vestibulum ornare nisi sed purus mattis, et faucibus purus malesuada. Duis tortor mi, commodo in pharetra eu, maximus sit amet felis. Suspendisse vestibulum scelerisque tincidunt.', '132.00', '10.00', '120.00', '12.00', 100, 6, 29, 0, NULL, '2022-08-01 07:20:05', '2022-10-03 13:06:11');
INSERT INTO `products` (`id`, `product_slug`, `product_name`, `product_description`, `product_total_price`, `product_vat_percentage`, `product_actual_price`, `product_tax_price`, `product_stock`, `category_id`, `subcategory_id`, `status`, `deleted_at`, `created_at`, `updated_at`) VALUES
(66, 'y2022-m08-product66', 'Tasbih', 'Lorem ipsum dolor sit amet, consectetur adipiscing elit. Cras nisi felis, iaculis in enim eget, ornare mattis metus. Nam ligula nibh, ullamcorper non odio sed, interdum ultricies augue. Phasellus interdum aliquet nibh ac gravida. Pellentesque pellentesque id lacus a suscipit. Sed vel tincidunt enim, ac blandit purus. Vivamus varius a turpis at laoreet. Nam et hendrerit ligula. Integer augue dui, luctus quis congue in, ornare placerat ligula. Vestibulum ornare nisi sed purus mattis, et faucibus purus malesuada. Duis tortor mi, commodo in pharetra eu, maximus sit amet felis. Suspendisse vestibulum scelerisque tincidunt.', '108.00', '20.00', '90.00', '18.00', 130, 6, 29, 0, NULL, '2022-08-01 07:20:47', '2022-10-03 13:06:07'),
(67, 'y2022-m08-product67', 'Mug', 'Lorem ipsum dolor sit amet, consectetur adipiscing elit. Cras nisi felis, iaculis in enim eget, ornare mattis metus. Nam ligula nibh, ullamcorper non odio sed, interdum ultricies augue. Phasellus interdum aliquet nibh ac gravida. Pellentesque pellentesque id lacus a suscipit. Sed vel tincidunt enim, ac blandit purus. Vivamus varius a turpis at laoreet. Nam et hendrerit ligula. Integer augue dui, luctus quis congue in, ornare placerat ligula. Vestibulum ornare nisi sed purus mattis, et faucibus purus malesuada. Duis tortor mi, commodo in pharetra eu, maximus sit amet felis. Suspendisse vestibulum scelerisque tincidunt.', '120.00', '20.00', '100.00', '20.00', 90, 5, 23, 0, NULL, '2022-08-01 07:23:39', '2022-10-03 13:04:39'),
(68, 'y2022-m08-product68', 'Mug', 'Lorem ipsum dolor sit amet, consectetur adipiscing elit. Cras nisi felis, iaculis in enim eget, ornare mattis metus. Nam ligula nibh, ullamcorper non odio sed, interdum ultricies augue. Phasellus interdum aliquet nibh ac gravida. Pellentesque pellentesque id lacus a suscipit. Sed vel tincidunt enim, ac blandit purus. Vivamus varius a turpis at laoreet. Nam et hendrerit ligula. Integer augue dui, luctus quis congue in, ornare placerat ligula. Vestibulum ornare nisi sed purus mattis, et faucibus purus malesuada. Duis tortor mi, commodo in pharetra eu, maximus sit amet felis. Suspendisse vestibulum scelerisque tincidunt.', '150.00', '25.00', '120.00', '30.00', 90, 5, 23, 0, NULL, '2022-08-01 07:24:29', '2022-10-03 13:04:35'),
(69, 'y2022-m08-product69', 'Mug', 'Lorem ipsum dolor sit amet, consectetur adipiscing elit. Cras nisi felis, iaculis in enim eget, ornare mattis metus. Nam ligula nibh, ullamcorper non odio sed, interdum ultricies augue. Phasellus interdum aliquet nibh ac gravida. Pellentesque pellentesque id lacus a suscipit. Sed vel tincidunt enim, ac blandit purus. Vivamus varius a turpis at laoreet. Nam et hendrerit ligula. Integer augue dui, luctus quis congue in, ornare placerat ligula. Vestibulum ornare nisi sed purus mattis, et faucibus purus malesuada. Duis tortor mi, commodo in pharetra eu, maximus sit amet felis. Suspendisse vestibulum scelerisque tincidunt.', '156.00', '20.00', '130.00', '26.00', 180, 5, 23, 0, NULL, '2022-08-01 07:25:28', '2022-10-03 13:04:30'),
(70, 'y2022-m08-product70', 'Notebook', 'Lorem ipsum dolor sit amet, consectetur adipiscing elit. Cras nisi felis, iaculis in enim eget, ornare mattis metus. Nam ligula nibh, ullamcorper non odio sed, interdum ultricies augue. Phasellus interdum aliquet nibh ac gravida. Pellentesque pellentesque id lacus a suscipit. Sed vel tincidunt enim, ac blandit purus. Vivamus varius a turpis at laoreet. Nam et hendrerit ligula. Integer augue dui, luctus quis congue in, ornare placerat ligula. Vestibulum ornare nisi sed purus mattis, et faucibus purus malesuada. Duis tortor mi, commodo in pharetra eu, maximus sit amet felis. Suspendisse vestibulum scelerisque tincidunt.', '156.00', '20.00', '130.00', '26.00', 150, 5, 24, 0, NULL, '2022-08-01 07:27:15', '2022-10-03 13:04:27'),
(71, 'y2022-m08-product71', 'Orange juicee & Castania', 'Lorem ipsum dolor sit amet, consectetur adipiscing elit. Cras nisi felis, iaculis in enim eget, ornare mattis metus. Nam ligula nibh, ullamcorper non odio sed, interdum ultricies augue. Phasellus interdum aliquet nibh ac gravida. Pellentesque pellentesque id lacus a suscipit. Sed vel tincidunt enim, ac blandit purus. Vivamus varius a turpis at laoreet. Nam et hendrerit ligula. Integer augue dui, luctus quis congue in, ornare placerat ligula. Vestibulum ornare nisi sed purus mattis, et faucibus purus malesuada. Duis tortor mi, commodo in pharetra eu, maximus sit amet felis. Suspendisse vestibulum scelerisque tincidunt.', '165.00', '10.00', '150.00', '15.00', 100, 8, NULL, 1, NULL, '2022-08-01 07:27:50', '2022-09-19 09:25:41'),
(72, 'y2022-m08-product72', 'Evian', 'Lorem ipsum dolor sit amet, consectetur adipiscing elit. Cras nisi felis, iaculis in enim eget, ornare mattis metus. Nam ligula nibh, ullamcorper non odio sed, interdum ultricies augue. Phasellus interdum aliquet nibh ac gravida. Pellentesque pellentesque id lacus a suscipit. Sed vel tincidunt enim, ac blandit purus. Vivamus varius a turpis at laoreet. Nam et hendrerit ligula. Integer augue dui, luctus quis congue in, ornare placerat ligula. Vestibulum ornare nisi sed purus mattis, et faucibus purus malesuada. Duis tortor mi, commodo in pharetra eu, maximus sit amet felis. Suspendisse vestibulum scelerisque tincidunt.', '132.00', '20.00', '110.00', '22.00', 20, 8, NULL, 1, NULL, '2022-08-01 07:30:31', '2022-10-07 10:07:35'),
(73, 'y2022-m08-product73', 'Coffee & Evian', 'Lorem ipsum dolor sit amet, consectetur adipiscing elit. Cras nisi felis, iaculis in enim eget, ornare mattis metus. Nam ligula nibh, ullamcorper non odio sed, interdum ultricies augue. Phasellus interdum aliquet nibh ac gravida. Pellentesque pellentesque id lacus a suscipit. Sed vel tincidunt enim, ac blandit purus. Vivamus varius a turpis at laoreet. Nam et hendrerit ligula. Integer augue dui, luctus quis congue in, ornare placerat ligula. Vestibulum ornare nisi sed purus mattis, et faucibus purus malesuada. Duis tortor mi, commodo in pharetra eu, maximus sit amet felis. Suspendisse vestibulum scelerisque tincidunt.', '120.00', '20.00', '100.00', '20.00', 110, 8, NULL, 1, NULL, '2022-08-01 07:31:20', '2022-08-26 04:23:02'),
(74, 'y2022-m08-product74', 'Chari Green Tea', 'Lorem ipsum dolor sit amet, consectetur adipiscing elit. Cras nisi felis, iaculis in enim eget, ornare mattis metus. Nam ligula nibh, ullamcorper non odio sed, interdum ultricies augue. Phasellus interdum aliquet nibh ac gravida. Pellentesque pellentesque id lacus a suscipit. Sed vel tincidunt enim, ac blandit purus. Vivamus varius a turpis at laoreet. Nam et hendrerit ligula. Integer augue dui, luctus quis congue in, ornare placerat ligula. Vestibulum ornare nisi sed purus mattis, et faucibus purus malesuada. Duis tortor mi, commodo in pharetra eu, maximus sit amet felis. Suspendisse vestibulum scelerisque tincidunt.', '138.00', '15.00', '120.00', '18.00', 100, 8, NULL, 1, NULL, '2022-08-01 07:32:37', '2022-08-08 09:28:45'),
(75, 'y2022-m08-product75', 'Acti PH', 'Lorem ipsum dolor sit amet, consectetur adipiscing elit. Cras nisi felis, iaculis in enim eget, ornare mattis metus. Nam ligula nibh, ullamcorper non odio sed, interdum ultricies augue. Phasellus interdum aliquet nibh ac gravida. Pellentesque pellentesque id lacus a suscipit. Sed vel tincidunt enim, ac blandit purus. Vivamus varius a turpis at laoreet. Nam et hendrerit ligula. Integer augue dui, luctus quis congue in, ornare placerat ligula. Vestibulum ornare nisi sed purus mattis, et faucibus purus malesuada. Duis tortor mi, commodo in pharetra eu, maximus sit amet felis. Suspendisse vestibulum scelerisque tincidunt.', '125.00', '25.00', '100.00', '25.00', 20, 8, NULL, 1, NULL, '2022-08-01 07:34:09', '2022-08-04 08:47:49'),
(76, 'y2022-m08-product76', 'Apple combo', 'Lorem ipsum dolor sit amet, consectetur adipiscing elit. Cras nisi felis, iaculis in enim eget, ornare mattis metus. Nam ligula nibh, ullamcorper non odio sed, interdum ultricies augue. Phasellus interdum aliquet nibh ac gravida. Pellentesque pellentesque id lacus a suscipit. Sed vel tincidunt enim, ac blandit purus. Vivamus varius a turpis at laoreet. Nam et hendrerit ligula. Integer augue dui, luctus quis congue in, ornare placerat ligula. Vestibulum ornare nisi sed purus mattis, et faucibus purus malesuada. Duis tortor mi, commodo in pharetra eu, maximus sit amet felis. Suspendisse vestibulum scelerisque tincidunt.', '150.00', '25.00', '120.00', '30.00', 100, 8, NULL, 1, NULL, '2022-08-01 07:34:49', '2022-08-04 08:13:09'),
(77, 'y2022-m08-product77', 'Adam\'s apple', 'Lorem ipsum dolor sit amet, consectetur adipiscing elit. Cras nisi felis, iaculis in enim eget, ornare mattis metus. Nam ligula nibh, ullamcorper non odio sed, interdum ultricies augue. Phasellus interdum aliquet nibh ac gravida. Pellentesque pellentesque id lacus a suscipit. Sed vel tincidunt enim, ac blandit purus. Vivamus varius a turpis at laoreet. Nam et hendrerit ligula. Integer augue dui, luctus quis congue in, ornare placerat ligula. Vestibulum ornare nisi sed purus mattis, et faucibus purus malesuada. Duis tortor mi, commodo in pharetra eu, maximus sit amet felis. Suspendisse vestibulum scelerisque tincidunt.', '126.50', '15.00', '110.00', '16.50', 120, 8, NULL, 1, NULL, '2022-08-01 07:40:38', '2022-08-04 08:06:13'),
(78, 'y2022-m08-product78', 'Al Ain Water Bottle', 'Lorem ipsum dolor sit amet, consectetur adipiscing elit. Cras nisi felis, iaculis in enim eget, ornare mattis metus. Nam ligula nibh, ullamcorper non odio sed, interdum ultricies augue. Phasellus interdum aliquet nibh ac gravida. Pellentesque pellentesque id lacus a suscipit. Sed vel tincidunt enim, ac blandit purus. Vivamus varius a turpis at laoreet. Nam et hendrerit ligula. Integer augue dui, luctus quis congue in, ornare placerat ligula. Vestibulum ornare nisi sed purus mattis, et faucibus purus malesuada. Duis tortor mi, commodo in pharetra eu, maximus sit amet felis. Suspendisse vestibulum scelerisque tincidunt.', '143.00', '30.00', '110.00', '33.00', 70, 8, NULL, 1, NULL, '2022-08-01 07:42:05', '2022-10-07 10:41:20'),
(79, 'y2022-m08-product79', 'Model plane', 'Lorem ipsum dolor sit amet, consectetur adipiscing elit. Cras nisi felis, iaculis in enim eget, ornare mattis metus. Nam ligula nibh, ullamcorper non odio sed, interdum ultricies augue. Phasellus interdum aliquet nibh ac gravida. Pellentesque pellentesque id lacus a suscipit. Sed vel tincidunt enim, ac blandit purus. Vivamus varius a turpis at laoreet. Nam et hendrerit ligula. Integer augue dui, luctus quis congue in, ornare placerat ligula. Vestibulum ornare nisi sed purus mattis, et faucibus purus malesuada. Duis tortor mi, commodo in pharetra eu, maximus sit amet felis. Suspendisse vestibulum scelerisque tincidunt.', '1100.00', '10.00', '1000.00', '100.00', 150, 8, NULL, 1, NULL, '2022-08-01 07:43:33', '2022-08-05 06:52:52'),
(80, 'y2022-m08-product80', 'Flight Fueler', 'Lorem ipsum dolor sit amet, consectetur adipiscing elit. Cras nisi felis, iaculis in enim eget, ornare mattis metus. Nam ligula nibh, ullamcorper non odio sed, interdum ultricies augue. Phasellus interdum aliquet nibh ac gravida. Pellentesque pellentesque id lacus a suscipit. Sed vel tincidunt enim, ac blandit purus. Vivamus varius a turpis at laoreet. Nam et hendrerit ligula. Integer augue dui, luctus quis congue in, ornare placerat ligula. Vestibulum ornare nisi sed purus mattis, et faucibus purus malesuada. Duis tortor mi, commodo in pharetra eu, maximus sit amet felis. Suspendisse vestibulum scelerisque tincidunt.', '600.00', '20.00', '500.00', '100.00', 100, 8, NULL, 1, NULL, '2022-08-01 07:44:38', '2022-08-04 09:11:57'),
(81, 'y2022-m08-product81', 'Cold Coffee', 'Lorem ipsum dolor sit amet, consectetur adipiscing elit. Cras nisi felis, iaculis in enim eget, ornare mattis metus. Nam ligula nibh, ullamcorper non odio sed, interdum ultricies augue. Phasellus interdum aliquet nibh ac gravida. Pellentesque pellentesque id lacus a suscipit. Sed vel tincidunt enim, ac blandit purus. Vivamus varius a turpis at laoreet. Nam et hendrerit ligula. Integer augue dui, luctus quis congue in, ornare placerat ligula. Vestibulum ornare nisi sed purus mattis, et faucibus purus malesuada. Duis tortor mi, commodo in pharetra eu, maximus sit amet felis. Suspendisse vestibulum scelerisque tincidunt.', '55.50', '11.00', '50.00', '5.50', 400, 8, NULL, 1, NULL, '2022-08-01 07:47:00', '2022-08-17 08:22:13'),
(82, 'y2022-m08-product82', 'test', 'test', '49.50', '10.00', '45.00', '4.50', 45, 8, NULL, 0, NULL, '2022-08-18 10:10:38', '2022-08-18 10:10:42'),
(83, 'y2022-m08-product83', 'Cofee+Evian', 'Test', '14400.00', '20.00', '12000.00', '2400.00', 68, 8, 30, 1, NULL, '2022-08-19 05:25:59', '2022-08-24 06:52:22'),
(84, 'y2022-m08-product84', 'UAE Flag', 'test', '25.50', '2.00', '25.00', '0.50', 50, 8, NULL, 0, NULL, '2022-08-30 06:56:00', '2022-08-30 06:59:26'),
(85, 'y2022-m08-product85', 'ActiPH', 'Test', '120.00', '20.00', '100.00', '20.00', 40, 8, 30, 1, NULL, '2022-08-31 04:42:36', '2022-10-07 10:15:52'),
(86, 'y2022-m09-product86', 'Water', 'Lorem ipsum dolor sit amet, consectetur adipiscing elit. Cras nisi felis, iaculis in enim eget, ornare mattis metus. Nam ligula nibh, ullamcorper non odio sed, interdum ultricies augue. Phasellus interdum aliquet nibh ac gravida. Pellentesque pellentesque id lacus a suscipit. Sed vel tincidunt enim, ac blandit purus. Vivamus varius a turpis at laoreet. Nam et hendrerit ligula. Integer augue dui, luctus quis congue in, ornare placerat ligula. Vestibulum ornare nisi sed purus mattis, et faucibus purus malesuada. Duis tortor mi, commodo in pharetra eu, maximus sit amet felis. Suspendisse vestibulum scelerisque tincidunt.', '172.50', '15.00', '150.00', '22.50', 75, 8, 30, 1, NULL, '2022-09-23 08:13:34', '2022-10-03 10:12:16');

-- --------------------------------------------------------

--
